{"id":834,"date":"2023-05-03T22:00:00","date_gmt":"2021-01-25T16:44:50","guid":{"rendered":"http:\/\/www.unilim.fr\/labex_sigmalim\/?page_id=834"},"modified":"2023-06-15T14:00:04","modified_gmt":"2023-06-15T14:00:04","slug":"documentation","status":"publish","type":"page","link":"https:\/\/www.unilim.fr\/labex_sigmalim\/documentation\/?lang=en","title":{"rendered":"Documentation"},"content":{"rendered":"        <div class=\"container-fluid  \" style=\"\">\n                      <div class=\"container\">\n                <div class=\"row \" style=\"margin-top: 30px;margin-bottom: 30px\">        <div class=\"col-sm-8 clearfix \">\n            <div style=\"padding:10px 30px;\" class=\"bg-white\">\n        \n        <div class=\"ul-element-header text-left  \">\n\n            <h2 class=\"ul-bold  \" style=\"\">\n                                    <i class=\"fa fa-fw fa-angle-right\"><\/i>\n                                Publications                            <\/h2>\n        <\/div>\n                <div class=\"clearfix ul-element-text \">\n            \n<p><\/p>\n        <\/div>\n                <div class=\"\">\n                        <div class=\"panel panel-default\">\n                              <div class=\"panel-heading\">\n                    <h3 class=\"panel-title\"><i class=\"fa fa-fw fa-arrow-right\"><\/i>Selection 2022<\/h3>\n                <\/div>\n                              <div class=\"panel-body\">\n                  \n<p><a href=\"https:\/\/doi.org\/10.4028\/p-zn71xt\">Danty et al., &ldquo;Processing by Laser Stereolithography and In Vitro Biological Evaluation of Hydroxyapatite Scaffolds Mimicking Human Trabecular Bone Architecture,&rdquo; Advanced Technologies in Solid-State Materials Research, Solid State Phenomena, 2022, Vol. 339, pp 103-108<\/a> <a href=\"https:\/\/doi.org\/10.3389\/fbiom.2022.942104\">Magnaudeix, &ldquo;Review article: Calcium phosphate bioceramics: From cell behavior to chemical-physical properties,&rdquo; Frontiers in Biomaterials Science, 2022<\/a> <a href=\"https:\/\/doi.org\/10.1117\/12.2626342\">Murakami et al., &ldquo;Toward whole brain label-free molecular imaging with single-cell resolution using ultra-broadband multiplex CARS microspectroscopy,&rdquo; Proc. SPIE PC11973, Advanced Chemical Microscopy for Life Science and Translational Medicine, 2022<\/a> <a href=\"https:\/\/www.mdpi.com\/1996-1944\/15\/19\/6533\/htm\">C. Yildirim, F. Devoize, P.-M. Geffroy, F. Dumas-Bouchiat, J. Boucl&eacute;, S. Vedraine*, &ldquo;Electrical and optical properties of CaTi1-yFeyO3-&delta; perovskite films as interlayers for optoelectronic applications&rdquo;, Materials 15 (2022) 6533<\/a> <a href=\"https:\/\/www.mdpi.com\/1996-1944\/15\/22\/7992\">F. Bouihi, B. Schmaltz, F. Mathevet, D. Kreher, J. Faure-vincent, C. Yildirim, A. Elhakmoui, J. Boucl&eacute;, M. Akssira, M. Abarbri, F. Tran-Van, &ldquo;D-&pi;-A-type pyrazolo[1,5-a]pyrimidine-based hole-transporting materials for perovskite solar cells: effect of the functionalization position&rdquo;, Materials 15 (2022) 7992<\/a> <a href=\"https:\/\/chemistry-europe.onlinelibrary.wiley.com\/doi\/abs\/10.1002\/ejic.202200490\">E. Breniaux, P. Dufour, S. Karthick, C. Yildirim, J. Boucl&eacute;, S. Vedraine, N. Ratel-Ramond, C. Tenailleau, &ldquo;Perovskite CsPbI2Br thin films prepared under nitrogen flow and black phase stabilization in the presence of a two-dimensional inorganic halide material and indium&rdquo;, European Journal of Inorganic Chemistry (2022) e202200490<\/a> <a href=\"https:\/\/doi.org\/10.1016\/j.ceramint.2022.01.354\">Feasibility of manufacturing of Al2O3&ndash;Mo HTCC by hybrid additive process, M&eacute;gane Bernard, Vincent Pateloup, Damien Passerieux, Dominique Cros, Val&eacute;rie Madrangeas, Thierry Chartier Ceramics international, 48, 2022, pages 14993-15005 <\/a> <a href=\"https:\/\/doi.org\/10.1016\/j.tsf.2022.139461\">Structural and electrical properties of high-performance vanadium dioxide thin layers obtained by reactive magnetron sputtering. Eduard-Nicolae Sirjita, Alexandre Boulle, Jean-Christophe Orlianges, Richard Mayet, Aurelian Crunteanu. Thin Solid Films, Elsevier, 2022, 759,pp.139461.\u27e810.1016\/j.tsf.2022.139461\u27e9.\u27e8hal-03767719\u27e9 <\/a> <a href=\"https:\/\/doi.org\/10.1016\/j.apsusc.2022.152592\"> Adaptive metal-semiconductor periodic arrays for infrared optical modulation A.I. BERCEA, C. CHAMPEAUX, A. BOULLE, C. CONSTANTINESCU, J. CORNETTE, M. COLAS, S. VEDRAINE, F. DUMAS-BOUCHIAT, Applied Surface Science 585 7315 (2022) pp152595 <\/a> <a href=\"https:\/\/doi.org\/10.1016\/j.jnoncrysol.2022.121953\">Marine Cholin, C&eacute;cile Genevois, Pierre Carles, Julie Cornette, S&eacute;bastien Chenu, Mathieu Allix, Ga&euml;lle Delaizir, Philippe Thomas, Vincent Couderc, Jean-Ren&eacute; Ducl&egrave;re, Highly transparent bismuth borotellurite glass-ceramics: Comprehension of crystallization mechanisms, J. Non-Cryst. Solids, 598 (2022) 121953 <\/a> <a href=\"https:\/\/doi.org\/10.1016\/j.jeurceramsoc.2022.10.027\">C. Perri&egrave;re, R. Boulesteix, A. Ma&icirc;tre, A. Jalocha, Study of sintering mechanisms of Ca-doped yttrium aluminum garnet ceramics: From nanostructure to macroscopic behaviour, Journal of the European Ceramic Society, 43 [2], 565&ndash;575 (2022) https:\/\/doi.org\/10.1016\/j.jeurceramsoc.2022.10.027<\/a> Mario Ferraro, Maria C Crocco, Fabio Mangini, Maxime Jonard, Francesco Sangiovanni, Mario Zitelli, Raffaele Filosa, Joseph J Beltrano, Antonio De Luca, Riccardo C Barberi, Raffaele G Agostino, Vincent Couderc, Stefan Wabnitz, Vincenzo Formoso, &laquo;X-ray computed &micro;-tomography for the characterization of optical fibers&raquo;, Optical Materials Express 12 (11), 4210-4222 (2022).<\/p>\n                <\/div>\n                          <\/div>\n                    <\/div>\n                <div class=\"\">\n                        <div class=\"panel panel-default\">\n                              <div class=\"panel-heading\">\n                    <h3 class=\"panel-title\"><i class=\"fa fa-fw fa-arrow-right\"><\/i>Selection 2021<\/h3>\n                <\/div>\n                              <div class=\"panel-body\">\n                  \n<ul>\n<li><a href=\"https:\/\/doi.org\/10.1016\/j.ceramint.2021.01.225\">Bazin et al., &ldquo;Sintering and biocompatibility of copper-doped hydroxyapatite bioceramics,&rdquo; Ceramics International, 2021.<\/a><\/li>\n<li style=\"text-align: justify\"><a href=\"https:\/\/doi.org\/10.1016\/j.msec.2020.111320\">De Araujo Bastos Santana et al., &ldquo;Bioactivity in SBF versus trace element effects: The isolated role of Mg2+ and Zn2+ in osteoblast behavior,&rdquo; Materials Science and Engineering C 118, 111320, 2021. <\/a><\/li>\n<li><a href=\"https:\/\/doi.org\/10.1016\/j.powtec.2021.02.004\">Schappo et al., &ldquo;Screening method for producing suitable spray-dried HA powder for SLS application,&rdquo; Powder Technology 384, 62, 2021. <\/a><\/li>\n<li><a href=\"https:\/\/www.centre-limousin-poitou-charentes.cnrs.fr\/sites\/delegation_dr8\/files\/page\/2021-02\/Microscoop_WEB_Janvier%202021.pdf\">Magnaudeix, Champion, Leproux, Carr&eacute;, \u00ab\u00a0La transdisciplinarit&eacute; au service de la conception d&rsquo;implants innovants &laquo; &eacute;ph&eacute;m&egrave;res &raquo;\u00a0\u00bb Microscoop janvier, 2021.<\/a><\/li>\n<\/ul>\n                <\/div>\n                          <\/div>\n                    <\/div>\n                <div class=\"\">\n                        <div class=\"panel panel-default\">\n                              <div class=\"panel-heading\">\n                    <h3 class=\"panel-title\"><i class=\"fa fa-fw fa-arrow-right\"><\/i>Selection 2020<\/h3>\n                <\/div>\n                              <div class=\"panel-body\">\n                  \n<ul>\n<li>\n<p style=\"text-align: justify\"><a href=\"https:\/\/doi.org\/10.1016\/j.neurad.2020.03.005\">Bardet, S. M., Cortese, J., Blanc, R., Mounayer, C., &amp; Rouchaud, A. (2020). Multiphoton microscopy for pre-clinical evaluation of flow-diverter stents for treating aneurysms. Journal of Neuroradiology. <\/a><\/p>\n<\/li>\n<li style=\"text-align: justify\"><a href=\"https:\/\/doi.org\/10.1364\/OE.393251\">Beffara, F., Humbert, G., Auguste, J. L., Perumal, J., Dinish, U. S., &amp; Olivo, M. (2020). Optimization and performance analysis of SERS-active suspended core photonic crystal fibers. Optics Express, 28(16), 23609-23619.<\/a><\/li>\n<li style=\"text-align: justify\">\n<p style=\"text-align: justify\"><a href=\"http:\/\/dx.doi.org\/10.1039\/D0MA00204F\">Belchi, Rapha&euml;lle, et al. \u00ab\u00a0Electrodeposited ZnO nanoparticles on vertically aligned carbon nanotubes (VACNTs) as promising charge extracting electrodes for halide perovskite devices.\u00a0\u00bb Materials Advances 1.5 (2020): 1232-1240. <\/a><\/p>\n<\/li>\n<li style=\"text-align: justify\">\n<p style=\"text-align: justify\"><a href=\"https:\/\/doi.org\/10.1103\/PhysRevResearch.2.023025\">Beno&icirc;t, A., Husakou, A., Beaudou, B., Debord, B., G&eacute;r&ocirc;me, F., &amp; Benabid, F. (2020). Raman-Kerr comb generation based on parametric wave mixing in strongly driven Raman molecular gas medium. Physical Review Research, 2(2), 023025. <\/a><\/p>\n<\/li>\n<li style=\"text-align: justify\"><a href=\"https:\/\/doi.org\/10.1109\/ACCESS.2020.3000801\">Berland, Fabien, et al. \u00ab\u00a0Microwave Photonic MIMO Radar for Short-Range 3D Imaging.\u00a0\u00bb IEEE Access 8 (2020): 107326-107334. <\/a><\/li>\n<li style=\"text-align: justify\"><a href=\"https:\/\/doi.org\/10.3390\/molecules25010198\">Chevrier, Mich&egrave;le, et al. \u00ab\u00a0In Depth Analysis of Photovoltaic Performance of Chlorophyll Derivative-Based &ldquo;All Solid-State&rdquo; Dye-Sensitized Solar Cells.\u00a0\u00bb Molecules 25.1 (2020): 198. <\/a><\/li>\n<li style=\"text-align: justify\">\n<p style=\"text-align: justify\"><a href=\"https:\/\/doi.org\/10.1038\/s41598-020-58229-7\">Cordier, Martin, et al. \u00ab\u00a0Raman-free fibered photon-pair source.\u00a0\u00bb Scientific reports 10.1 (2020). 1-8. <\/a><\/p>\n<\/li>\n<li style=\"text-align: justify\">\n<p style=\"text-align: justify\"><a href=\"https:\/\/doi.org\/10.4236\/jcc.2020.82003\">Crespin, B., Tran, C. T., Cerbelaud, M., Videcoq, A., &amp; Darles, E. (2020). Two-Dimensional Stochastic Rotation Dynamics for Fluid Simulation. Journal of Computer and Communications, 8(02), 27. <\/a><\/p>\n<\/li>\n<li style=\"text-align: justify\"><a href=\"https:\/\/doi.org\/10.1016\/j.jeurceramsoc.2020.04.005\">Dolhen, Morgane, et al. \u00ab\u00a0New KNbTeO6 transparent tellurate ceramics.\u00a0\u00bb Journal of the European Ceramic Society 40.12 (2020): 4164-4170. <\/a><\/li>\n<li style=\"text-align: justify\">\n<p style=\"text-align: justify\"><a href=\"https:\/\/doi.org\/10.1007\/s42452-020-2120-x\">Gudeika, D. Gudeika, A. Bundulis, S. Benhattab, M. Ben Manaa, N. Berton, J. Boucl&eacute;, F. Tran Van, B. Schmaltz, D. Volyniuk,M. Rutkis, J. V. Gra\u017eulevi\u010dius, \u00ab\u00a0Multifunctional derivatives of dimethoxy-substituted triphenylamine containing different acceptor moieties\u00a0\u00bb, SN Applied Sciences 2(2020)327 <\/a><\/p>\n<\/li>\n<li style=\"text-align: justify\"><a href=\"https:\/\/doi.org\/10.1038\/s41598-020-77505-0\">Fabert, M., S\u0103p&acirc;n\u021ban, M., Krupa, K., Tonello, A., Leventoux, Y., F&eacute;vrier, S., &#8230; &amp; Couderc, V. (2020). Coherent combining of self-cleaned multimode beams. Scientific reports, 10(1), 1-6. <\/a><\/li>\n<li style=\"text-align: justify\"><a href=\"https:\/\/doi.org\/10.1016\/j.solener.2020.05.041\">Karthick, S., S. Velumani, and Johann Boucl&eacute;. \u00ab\u00a0Experimental and SCAPS simulated formamidinium perovskite solar cells: A comparison of device performance.\u00a0\u00bb Solar Energy 205 (2020): 349-357. <\/a><\/li>\n<li style=\"text-align: justify\"><a href=\"https:\/\/doi.org\/10.1038\/s41598-020-64080-7\">Krupa, K., Fona, R., Tonello, A., Labruy&egrave;re, A., Shalaby, B. M., Wabnitz, S., &#8230; &amp; Couderc, V. (2020). Spatial Beam Self-Cleaning in Second-Harmonic Generation. Scientific reports, 10(1), 1-9. <\/a><\/li>\n<li>\n<p style=\"text-align: justify\"><a href=\"https:\/\/doi.org\/10.1364\/OE.392081\">Leventoux, Y., et al. \u00ab\u00a0Highly efficient few-mode spatial beam self-cleaning at 1.5 &micro;m.\u00a0\u00bb Optics express 28.10 (2020): 14333-14344.<\/a><\/p>\n<\/li>\n<\/ul>\n                <\/div>\n                          <\/div>\n                    <\/div>\n        <\/div>        <\/div>\n                <div class=\"col-sm-4 clearfix \">\n            <div style=\"padding:10px 30px;\" class=\"bg-primary\">\n        \n        <div class=\"ul-element-header text-left  \">\n\n            <h2 class=\"ul-bold  \" style=\"\">\n                                    <i class=\"fa fa-fw fa-angle-right\"><\/i>\n                                Communication materials                            <\/h2>\n        <\/div>\n                <div class=\"clearfix ul-element-text \">\n            \n<p style=\"text-align: center\"><a class=\"\" href=\"https:\/\/www.unilim.fr\/labex_sigmalim\/wp-content\/uploads\/sites\/8\/2021\/04\/Capture2.png\"><img loading=\"lazy\" decoding=\"async\" class=\"aligncenter wp-image-1259\" src=\"https:\/\/www.unilim.fr\/labex_sigmalim\/wp-content\/uploads\/sites\/8\/2021\/04\/Capture2.png\" alt=\"\" width=\"122\" height=\"172\" srcset=\"https:\/\/www.unilim.fr\/labex_sigmalim\/wp-content\/uploads\/sites\/8\/2021\/04\/Capture2.png 451w, https:\/\/www.unilim.fr\/labex_sigmalim\/wp-content\/uploads\/sites\/8\/2021\/04\/Capture2-212x300.png 212w\" sizes=\"auto, (max-width: 122px) 100vw, 122px\" \/><\/a><\/p>\n<p style=\"text-align: center\"><span style=\"text-decoration: underline\"><a href=\"https:\/\/www.unilim.fr\/labex_sigmalim\/wp-content\/uploads\/sites\/8\/2021\/04\/Plaquette_Labex_EN.pdf\">Upload the brochure<\/a><\/span><\/p>\n<p style=\"text-align: center\">Overview document (coming soon)<\/p>\n<p>&nbsp;<\/p>\n        <\/div>\n        <\/div>        <\/div>\n        <\/div>\n            <\/div>\n                  <\/div>\n        \n","protected":false},"excerpt":{"rendered":"","protected":false},"author":194,"featured_media":0,"parent":0,"menu_order":0,"comment_status":"closed","ping_status":"closed","template":"page-le.php","meta":{"footnotes":""},"class_list":["post-834","page","type-page","status-publish","hentry"],"yoast_head":"<!-- This site is optimized with the Yoast SEO plugin v26.5 - https:\/\/yoast.com\/wordpress\/plugins\/seo\/ -->\n<title>Documentation - Laboratoire d&#039;Excellence \u2211-LIM<\/title>\n<meta name=\"robots\" content=\"index, follow, max-snippet:-1, max-image-preview:large, max-video-preview:-1\" \/>\n<link rel=\"canonical\" href=\"https:\/\/www.unilim.fr\/labex_sigmalim\/documentation\/?lang=en\" \/>\n<meta property=\"og:locale\" content=\"fr_FR\" \/>\n<meta property=\"og:type\" content=\"article\" \/>\n<meta property=\"og:title\" content=\"Documentation - Laboratoire d&#039;Excellence \u2211-LIM\" \/>\n<meta property=\"og:url\" content=\"https:\/\/www.unilim.fr\/labex_sigmalim\/documentation\/?lang=en\" \/>\n<meta property=\"og:site_name\" content=\"Laboratoire d&#039;Excellence \u2211-LIM\" \/>\n<meta property=\"article:modified_time\" content=\"2023-06-15T14:00:04+00:00\" \/>\n<meta property=\"og:image\" content=\"https:\/\/www.unilim.fr\/labex_sigmalim\/wp-content\/uploads\/sites\/8\/2021\/04\/Capture2.png\" \/>\n\t<meta property=\"og:image:width\" content=\"451\" \/>\n\t<meta property=\"og:image:height\" content=\"638\" \/>\n\t<meta property=\"og:image:type\" content=\"image\/png\" \/>\n<meta name=\"twitter:card\" content=\"summary_large_image\" \/>\n<meta name=\"twitter:label1\" content=\"Dur\u00e9e de lecture estim\u00e9e\" \/>\n\t<meta name=\"twitter:data1\" content=\"5 minutes\" \/>\n<script type=\"application\/ld+json\" class=\"yoast-schema-graph\">{\"@context\":\"https:\/\/schema.org\",\"@graph\":[{\"@type\":\"WebPage\",\"@id\":\"https:\/\/www.unilim.fr\/labex_sigmalim\/documentation\/?lang=en\",\"url\":\"https:\/\/www.unilim.fr\/labex_sigmalim\/documentation\/?lang=en\",\"name\":\"Documentation - Laboratoire d&#039;Excellence \u2211-LIM\",\"isPartOf\":{\"@id\":\"https:\/\/www.unilim.fr\/labex_sigmalim\/#website\"},\"primaryImageOfPage\":{\"@id\":\"https:\/\/www.unilim.fr\/labex_sigmalim\/documentation\/?lang=en#primaryimage\"},\"image\":{\"@id\":\"https:\/\/www.unilim.fr\/labex_sigmalim\/documentation\/?lang=en#primaryimage\"},\"thumbnailUrl\":\"https:\/\/www.unilim.fr\/labex_sigmalim\/wp-content\/uploads\/sites\/8\/2021\/04\/Capture2.png\",\"datePublished\":\"2021-01-25T16:44:50+00:00\",\"dateModified\":\"2023-06-15T14:00:04+00:00\",\"breadcrumb\":{\"@id\":\"https:\/\/www.unilim.fr\/labex_sigmalim\/documentation\/?lang=en#breadcrumb\"},\"inLanguage\":\"fr-FR\",\"potentialAction\":[{\"@type\":\"ReadAction\",\"target\":[\"https:\/\/www.unilim.fr\/labex_sigmalim\/documentation\/?lang=en\"]}]},{\"@type\":\"ImageObject\",\"inLanguage\":\"fr-FR\",\"@id\":\"https:\/\/www.unilim.fr\/labex_sigmalim\/documentation\/?lang=en#primaryimage\",\"url\":\"https:\/\/www.unilim.fr\/labex_sigmalim\/wp-content\/uploads\/sites\/8\/2021\/04\/Capture2.png\",\"contentUrl\":\"https:\/\/www.unilim.fr\/labex_sigmalim\/wp-content\/uploads\/sites\/8\/2021\/04\/Capture2.png\"},{\"@type\":\"BreadcrumbList\",\"@id\":\"https:\/\/www.unilim.fr\/labex_sigmalim\/documentation\/?lang=en#breadcrumb\",\"itemListElement\":[{\"@type\":\"ListItem\",\"position\":1,\"name\":\"Accueil\",\"item\":\"https:\/\/www.unilim.fr\/labex_sigmalim\/\"},{\"@type\":\"ListItem\",\"position\":2,\"name\":\"Documentation\"}]},{\"@type\":\"WebSite\",\"@id\":\"https:\/\/www.unilim.fr\/labex_sigmalim\/#website\",\"url\":\"https:\/\/www.unilim.fr\/labex_sigmalim\/\",\"name\":\"Laboratoire d&#039;Excellence \u2211-LIM\",\"description\":\"Des mat\u00e9riaux et composants c\u00e9ramiques sp\u00e9cifiques aux syst\u00e8mes communicants int\u00e9gr\u00e9s, s\u00e9curis\u00e9s, et intelligents \",\"potentialAction\":[{\"@type\":\"SearchAction\",\"target\":{\"@type\":\"EntryPoint\",\"urlTemplate\":\"https:\/\/www.unilim.fr\/labex_sigmalim\/?s={search_term_string}\"},\"query-input\":{\"@type\":\"PropertyValueSpecification\",\"valueRequired\":true,\"valueName\":\"search_term_string\"}}],\"inLanguage\":\"fr-FR\"}]}<\/script>\n<!-- \/ Yoast SEO plugin. -->","yoast_head_json":{"title":"Documentation - Laboratoire d&#039;Excellence \u2211-LIM","robots":{"index":"index","follow":"follow","max-snippet":"max-snippet:-1","max-image-preview":"max-image-preview:large","max-video-preview":"max-video-preview:-1"},"canonical":"https:\/\/www.unilim.fr\/labex_sigmalim\/documentation\/?lang=en","og_locale":"fr_FR","og_type":"article","og_title":"Documentation - Laboratoire d&#039;Excellence \u2211-LIM","og_url":"https:\/\/www.unilim.fr\/labex_sigmalim\/documentation\/?lang=en","og_site_name":"Laboratoire d&#039;Excellence \u2211-LIM","article_modified_time":"2023-06-15T14:00:04+00:00","og_image":[{"width":451,"height":638,"url":"https:\/\/www.unilim.fr\/labex_sigmalim\/wp-content\/uploads\/sites\/8\/2021\/04\/Capture2.png","type":"image\/png"}],"twitter_card":"summary_large_image","twitter_misc":{"Dur\u00e9e de lecture estim\u00e9e":"5 minutes"},"schema":{"@context":"https:\/\/schema.org","@graph":[{"@type":"WebPage","@id":"https:\/\/www.unilim.fr\/labex_sigmalim\/documentation\/?lang=en","url":"https:\/\/www.unilim.fr\/labex_sigmalim\/documentation\/?lang=en","name":"Documentation - Laboratoire d&#039;Excellence \u2211-LIM","isPartOf":{"@id":"https:\/\/www.unilim.fr\/labex_sigmalim\/#website"},"primaryImageOfPage":{"@id":"https:\/\/www.unilim.fr\/labex_sigmalim\/documentation\/?lang=en#primaryimage"},"image":{"@id":"https:\/\/www.unilim.fr\/labex_sigmalim\/documentation\/?lang=en#primaryimage"},"thumbnailUrl":"https:\/\/www.unilim.fr\/labex_sigmalim\/wp-content\/uploads\/sites\/8\/2021\/04\/Capture2.png","datePublished":"2021-01-25T16:44:50+00:00","dateModified":"2023-06-15T14:00:04+00:00","breadcrumb":{"@id":"https:\/\/www.unilim.fr\/labex_sigmalim\/documentation\/?lang=en#breadcrumb"},"inLanguage":"fr-FR","potentialAction":[{"@type":"ReadAction","target":["https:\/\/www.unilim.fr\/labex_sigmalim\/documentation\/?lang=en"]}]},{"@type":"ImageObject","inLanguage":"fr-FR","@id":"https:\/\/www.unilim.fr\/labex_sigmalim\/documentation\/?lang=en#primaryimage","url":"https:\/\/www.unilim.fr\/labex_sigmalim\/wp-content\/uploads\/sites\/8\/2021\/04\/Capture2.png","contentUrl":"https:\/\/www.unilim.fr\/labex_sigmalim\/wp-content\/uploads\/sites\/8\/2021\/04\/Capture2.png"},{"@type":"BreadcrumbList","@id":"https:\/\/www.unilim.fr\/labex_sigmalim\/documentation\/?lang=en#breadcrumb","itemListElement":[{"@type":"ListItem","position":1,"name":"Accueil","item":"https:\/\/www.unilim.fr\/labex_sigmalim\/"},{"@type":"ListItem","position":2,"name":"Documentation"}]},{"@type":"WebSite","@id":"https:\/\/www.unilim.fr\/labex_sigmalim\/#website","url":"https:\/\/www.unilim.fr\/labex_sigmalim\/","name":"Laboratoire d&#039;Excellence \u2211-LIM","description":"Des mat\u00e9riaux et composants c\u00e9ramiques sp\u00e9cifiques aux syst\u00e8mes communicants int\u00e9gr\u00e9s, s\u00e9curis\u00e9s, et intelligents ","potentialAction":[{"@type":"SearchAction","target":{"@type":"EntryPoint","urlTemplate":"https:\/\/www.unilim.fr\/labex_sigmalim\/?s={search_term_string}"},"query-input":{"@type":"PropertyValueSpecification","valueRequired":true,"valueName":"search_term_string"}}],"inLanguage":"fr-FR"}]}},"_links":{"self":[{"href":"https:\/\/www.unilim.fr\/labex_sigmalim\/wp-json\/wp\/v2\/pages\/834","targetHints":{"allow":["GET"]}}],"collection":[{"href":"https:\/\/www.unilim.fr\/labex_sigmalim\/wp-json\/wp\/v2\/pages"}],"about":[{"href":"https:\/\/www.unilim.fr\/labex_sigmalim\/wp-json\/wp\/v2\/types\/page"}],"author":[{"embeddable":true,"href":"https:\/\/www.unilim.fr\/labex_sigmalim\/wp-json\/wp\/v2\/users\/194"}],"replies":[{"embeddable":true,"href":"https:\/\/www.unilim.fr\/labex_sigmalim\/wp-json\/wp\/v2\/comments?post=834"}],"version-history":[{"count":0,"href":"https:\/\/www.unilim.fr\/labex_sigmalim\/wp-json\/wp\/v2\/pages\/834\/revisions"}],"wp:attachment":[{"href":"https:\/\/www.unilim.fr\/labex_sigmalim\/wp-json\/wp\/v2\/media?parent=834"}],"curies":[{"name":"wp","href":"https:\/\/api.w.org\/{rel}","templated":true}]}}