{"id":724,"date":"2021-04-08T22:00:00","date_gmt":"2021-02-16T16:02:35","guid":{"rendered":"http:\/\/www.unilim.fr\/labex_sigmalim\/?page_id=724"},"modified":"2021-04-09T09:50:16","modified_gmt":"2021-04-09T09:50:16","slug":"faire-plus-avec-moins-denergie","status":"publish","type":"page","link":"https:\/\/www.unilim.fr\/labex_sigmalim\/recherche-2\/faire-plus-avec-moins-denergie\/","title":{"rendered":"Faire plus avec moins d&rsquo;\u00e9nergie"},"content":{"rendered":"                                <div class=\"ul-banner-parallax \" style=\"height:350px;\" >\n\n                                    <div class=\"ul-post-thumbnail\" style=\"height:350px; background-size: cover; background-image: url('https:\/\/www.unilim.fr\/labex_sigmalim\/wp-content\/uploads\/sites\/8\/2021\/03\/Photo-Module-Salim.jpg')\"><!-- Image BG --><\/div>\n\n                                    <div class=\"ul-post-thumbnail-back\" style=\"margin-top:-350px; height:350px; opacity:.5;\"><!-- Texture --><\/div>\n\n                                    <div class=\"ul-layers\">\n                                        \n                                        <div class=\"ul-layer ul-slogan\" style=\"bottom:210px;right:20%;\">\n                                            <h4 class=\"text-light\"><em><br\/>\n                                            &nbsp;&nbsp;&nbsp;&nbsp;&nbsp;&nbsp;&nbsp;<\/em><\/h4>\n                                                                                    <\/div>\n\n                                    <\/div>\n\n                                <\/div>\n                                <script type=\"text\/javascript\">\n                                    \/\/\/\/\/\/\/\/\/\/\/\/\/\/\/\/\/\/\/\/\/\/\/\/\/\/\/\/\/\/\/\/\/\/\/\/\/\/\/\/\/\/\/\/\/\/\/\/\/\/\/\/\/\/\/\/\/\/\/\/\/\/\/\/\/\/\/\/\/\/\/\/\/\/\/\/\/\/\/\/\/\/\/\/\/\/\/\/\/\/\/\/\/\/\/\/\/\/\/\/\n                                    \/\/  PARALAX\n                                    \/\/\/\/\/\/\/\/\/\/\/\/\/\/\/\/\/\/\/\/\/\/\/\/\/\/\/\/\/\/\/\/\/\/\/\/\/\/\/\/\/\/\/\/\/\/\/\/\/\/\/\/\/\/\/\/\/\/\/\/\/\/\/\/\/\/\/\/\/\/\/\/\/\/\/\/\/\/\/\/\/\/\/\/\/\/\/\/\/\/\/\/\/\/\/\/\/\/\/\/\n                                    $( document ).ready(function() {\n                                        var bandeau = $('.ul-banner-parallax');\n                                        if (bandeau.length){\n                                            var imgpos = 50 - $( window ).scrollTop()\/20;\n                                            $('.ul-banner-parallax > .ul-post-thumbnail').css('background-position','50% '+imgpos+'%');\n                                            $( window ).scroll(function(){\n                                                imgpos = 50 - $( window ).scrollTop()\/10;\n                                                txtpos = 210 + $( window ).scrollTop()\/5;\n                                                frisepos = 175 + $( window ).scrollTop()\/10;\n                                                $('.ul-banner-parallax > .ul-post-thumbnail').css('background-position','50% '+imgpos+'%');\n                                                $('.ul-slogan').css('bottom',txtpos+'px');\n                                                $('.ul-frise-1').css('bottom',frisepos+'px');\n                                                \/\/$('.ul-texture').css('background-position',''+-frisepos+'%');\n                                            });\n                                        }\n                                    });\n                                <\/script>\n\n                                    <div class=\"container-fluid bg-primary \" style=\"\">\n                      <div class=\"container\">\n                <div class=\"row \" style=\"margin-top: 30px;margin-bottom: 30px\">        <div class=\"col-sm-12 clearfix \">\n                    <div class=\"clearfix ul-element-text \">\n            \n<h2 class=\"ul-bold\"><strong>Faire plus avec moins d\u2019\u00e9nergie<\/strong><\/h2>\n<h4 class=\"ul-bold\" style=\"text-align: justify\">Concevoir des mat\u00e9riaux performants en termes d&rsquo;isolation, d&rsquo;\u00e9co-compatibilit\u00e9 et d&#8217;empreinte \u00e9nerg\u00e9tique, int\u00e9grer des dispositifs \u00e0 fonctionnalit\u00e9s d\u00e9di\u00e9es dans des n\u0153uds de r\u00e9seau monolithiques de WSN dans des b\u00e2timents ou des v\u00e9hicules durables et \u00e9cologiques.<\/h4>\n<p style=\"text-align: justify\"><\/p>\n<p style=\"text-align: justify\"><img loading=\"lazy\" decoding=\"async\" alt=\"\" src=\"https:\/\/www.unilim.fr\/labex_sigmalim\/wp-content\/uploads\/sites\/8\/2021\/04\/fleche_site_labex.png\" class=\"aligncenter wp-image-1354\" width=\"75\" height=\"44\"><\/p>\n        <\/div>\n                <\/div>\n        <\/div>\n            <\/div>\n                  <\/div>\n                <div class=\"container-fluid  \" style=\"\">\n                      <div class=\"container\">\n                <div class=\"row \" style=\"margin-top: 30px;margin-bottom: 30px\">        <div class=\"col-sm-8 clearfix \">\n                    <div class=\"clearfix ul-element-text \">\n            \n<p style=\"text-align: justify\">Les questions \u00e9nerg\u00e9tiques ont \u00e9t\u00e9 abord\u00e9es \u00e0 travers le th\u00e8me principal des r\u00e9seaux de capteurs sans fil (WSN) et selon deux axes principaux :<\/p>\n<ul style=\"text-align: justify\">\n<li>L&rsquo;axe \u00ab\u00a0dispositifs\u00a0\u00bb vise \u00e0 int\u00e9grer de nouveaux mat\u00e9riaux et proc\u00e9d\u00e9s dans les dispositifs ou sous-syst\u00e8mes suivants : micro-sources environnementales de collecte et de stockage d&rsquo;\u00e9nergie pour les WSN autonomes, antennes et antennes reconfigurables, y compris les mat\u00e9riaux intelligents pour la commutation (mat\u00e9riaux \u00e0 transition de phase).<\/li>\n<li>L\u2019axe logiciel dont le but principal est de minimiser le bilan \u00e9nerg\u00e9tique des r\u00e9seaux de capteurs d\u00e9ploy\u00e9s sur site et\/ou disponibles dans le commerce. Les strat\u00e9gies utilis\u00e9es sont la d\u00e9tection par compression et\/ou le passage de la RF \u00e0 l&rsquo;optique en fonction de la configuration des capteurs.<\/li>\n<\/ul>\n<p style=\"text-align: justify\">Sur la base des r\u00e9sultats obtenus depuis 2011, des recherches sont men\u00e9es afin d&rsquo;int\u00e9grer les fonctionnalit\u00e9s de ces dispositifs dans des n\u0153uds de r\u00e9seau monolithiques et d&rsquo;int\u00e9grer le WSN dans des b\u00e2timents ou des v\u00e9hicules durables et \u00e9cologiques. Ceux-ci sont con\u00e7us avec des mat\u00e9riaux performants en termes d&rsquo;isolation, d&rsquo;\u00e9co-compatibilit\u00e9 et d&#8217;empreinte \u00e9nerg\u00e9tique. Deux d\u00e9fis sont ainsi identifi\u00e9s : aller vers un d\u00e9veloppement durable des mat\u00e9riaux et des proc\u00e9d\u00e9s et poursuivre les actions sur l&rsquo;int\u00e9gration du WSN et le la maitrise de l\u2019\u00e9nergie dans ces r\u00e9seaux.<\/p>\n<p style=\"text-align: justify\">&nbsp;&nbsp; <\/p>\n<p><\/p>\n        <\/div>\n                <div class=\"panel-group \" id=\"object466\">\n                    <div class=\"panel panel-default\">\n            <div class=\"panel-heading\">\n                <h3 class=\"panel-title\">\n                    <a data-toggle=\"collapse\" data-parent=\"#object466\" href=\"#object483\">D\u00e9fi 1 : \u00c9nergie et d\u00e9veloppement durable<\/a>\n                <\/h3>\n            <\/div>\n            <div id=\"object483\" class=\"panel-collapse collapse \">\n                <div class=\"panel-body\">\n                  \n<p style=\"text-align: justify\">En tirant parti de l&rsquo;expertise de l&rsquo;IRCER sur les mat&eacute;riaux et d&rsquo;XLIM sur leur compatibilit&eacute; &eacute;lectrique\/optique, les &eacute;quipes travaillent sur les syst&egrave;mes et les proc&eacute;d&eacute;s afin de proposer des solutions d&rsquo;&eacute;co-construction ainsi que des v&eacute;hicules &agrave; consommation d&rsquo;&eacute;nergie maitris&eacute;e et compatibles avec l&rsquo;int&eacute;gration de WSN.<\/p>\n<p style=\"text-align: justify\">&nbsp;<\/p>\n<ul style=\"text-align: justify\">\n<li>\n<p><strong>Mat&eacute;riaux et syst&egrave;mes pour les &eacute;conomies d&rsquo;&eacute;nergie&nbsp; &nbsp;&nbsp;<\/strong>&nbsp;&nbsp;&nbsp;&nbsp;&nbsp;&nbsp;&nbsp;<\/p>\n<\/li>\n<\/ul>\n<p style=\"text-align: justify\">&Eacute;co-construction : En coh&eacute;rence avec la directive europ&eacute;enne sur l&rsquo;efficacit&eacute; &eacute;nerg&eacute;tique (EED) et la directive europ&eacute;enne sur la performance des b&acirc;timents (EPBD), le d&eacute;veloppement de mat&eacute;riaux &agrave; faible empreinte carbone et durables qui n&eacute;cessitent moins d&rsquo;&eacute;nergie pour leur traitement, ainsi que des solutions innovantes pour recycler et valoriser les d&eacute;chets de construction et de d&eacute;molition sont recherch&eacute;s.<\/p>\n<p style=\"text-align: justify\">V&eacute;hicules : D&eacute;veloppement de nouveaux mat&eacute;riaux et de couches de barri&egrave;re environnementale, en particulier &agrave; l&rsquo;&eacute;chelle nanom&eacute;trique, par projection plasma en suspension ou en solution pour cr&eacute;er des surfaces ou des couches qui ont des propri&eacute;t&eacute;s de faible coefficient de frottement, de grande r&eacute;sistance &agrave; l&rsquo;usure, de faible conductivit&eacute; thermique. Toutes ces propri&eacute;t&eacute;s sont la cl&eacute; d&rsquo;&eacute;conomies d&rsquo;&eacute;nergie, principalement par la r&eacute;duction de la consommation, comme par exemple dans les turbines &agrave; gaz, en augmentant la temp&eacute;rature dans la chambre de combustion et par voie indirecte, avec la r&eacute;duction de la friction dans les syst&egrave;mes m&eacute;caniques.<\/p>\n<p style=\"text-align: justify\">&nbsp;<\/p>\n<ul style=\"text-align: justify\">\n<li>\n<p><strong>Les mat&eacute;riaux et les syst&egrave;mes en tant que nouveaux vecteurs d&rsquo;&eacute;nergie<\/strong><\/p>\n<\/li>\n<\/ul>\n<p style=\"text-align: justify\">En raison du r&eacute;chauffement climatique et de la p&eacute;nurie future de combustibles fossiles, l&rsquo;hydrog&egrave;ne devrait devenir un vecteur d&rsquo;&eacute;nergie propre essentiel dans un avenir proche. Dans ce contexte, les recherches suivent 2 axes li&eacute;s &agrave; la production (Steam Methane, Reforming, Water Splitting&#8230;) et &agrave; l&rsquo;exploitation de l&rsquo;hydrog&egrave;ne et de ses d&eacute;riv&eacute;s comme source d&rsquo;&eacute;nergie (PEM, SOFC&#8230;)<\/p>\n<p style=\"text-align: justify\">&nbsp;<\/p>\n<ul style=\"text-align: justify\">\n<li>\n<p><strong>Faible empreinte carbone et durabilit&eacute; des mat&eacute;riaux, des proc&eacute;d&eacute;s et des dispositifs<\/strong><\/p>\n<\/li>\n<\/ul>\n<p style=\"text-align: justify\">Ce th&egrave;me concerne les &eacute;conomies d&rsquo;&eacute;nergie du point de vue de l&#8217;empreinte carbone, l&rsquo;utilisation de mat&eacute;riaux verts ou de d&eacute;chets recycl&eacute;s dans la construction, la minimisation des mat&eacute;riaux rares ou dangereux dans les dispositifs (suppression du plomb dans les mat&eacute;riaux pi&eacute;zo&eacute;lectriques, solvants verts pour l&rsquo;&eacute;lectronique organique&#8230;). Deux approches sont propos&eacute;es concernant l&rsquo;architecture des dispositifs, comme les \u00ab\u00a0dispositifs &agrave; faible facteur de forme bas&eacute;s sur des mat&eacute;riaux verts\u00a0\u00bb ou l&rsquo;utilisation de technologies additives telles que l&rsquo;impression 2D\/3D pour l&rsquo;&eacute;conomie de mat&eacute;riaux.<\/p>\n                <\/div>\n            <\/div>\n        <\/div>\n                <\/div>\n                <div class=\"panel-group \" id=\"object504\">\n                    <div class=\"panel panel-default\">\n            <div class=\"panel-heading\">\n                <h3 class=\"panel-title\">\n                    <a data-toggle=\"collapse\" data-parent=\"#object504\" href=\"#object521\">D\u00e9fi 2 : Maitrise et gestion avanc\u00e9e de l'\u00e9nergie<\/a>\n                <\/h3>\n            <\/div>\n            <div id=\"object521\" class=\"panel-collapse collapse \">\n                <div class=\"panel-body\">\n                  \n<p>Ce d&eacute;fi vise &agrave; poursuivre les efforts sur les dispositifs et les logiciels de maitrise de l&rsquo;&eacute;nergie.<\/p>\n<\/p>\n<ul>\n<li>\n<p style=\"text-align: justify\"><strong>Des mat&eacute;riaux innovants pour les capteurs<\/strong><\/p>\n<\/li>\n<\/ul>\n<p style=\"text-align: justify\">Il existe une demande croissante de mat&eacute;riaux intelligents int&eacute;gr&eacute;s dans de nouvelles g&eacute;n&eacute;rations de dispositifs, tels que des syst&egrave;mes de d&eacute;tection par capteurs et sans fil (antennes), des micro-sources pour alimenter les n&oelig;uds WSN, des &eacute;metteurs et r&eacute;cepteurs de lumi&egrave;re&#8230; Ces mat&eacute;riaux peuvent op&eacute;rer un changement de phase en cas de perturbations lumineuses, thermiques ou &eacute;lectriques. Ils peuvent &ecirc;tre utilis&eacute;s comme partie active de dispositifs (interrupteurs) ou en tant qu&rsquo;interface avec des propri&eacute;t&eacute;s optiques et &eacute;lectriques contr&ocirc;l&eacute;es et reconfigurables. La recherche est principalement ax&eacute;e sur les verres de chalcog&eacute;nure, les oxydes m&eacute;talliques, les oxydes de p&eacute;rovskite, la nano-texturation des mat&eacute;riaux et la compatibilit&eacute; avec les processus &eacute;lectroniques.<\/p>\n<p style=\"text-align: justify\">&nbsp;<\/p>\n<ul style=\"text-align: justify\">\n<li>\n<p><strong>R&eacute;cup&eacute;ration et stockage de l&rsquo;&eacute;nergie par hybridation<\/strong><\/p>\n<\/li>\n<\/ul>\n<p style=\"text-align: justify\">Les cellules solaires, qui r&eacute;pondent aux besoins &eacute;nerg&eacute;tiques des n&oelig;uds de capteurs, ont &eacute;t&eacute; fabriqu&eacute;es par des technologies d&rsquo;impression. Des micro-piles sont en cours de d&eacute;veloppement et des proc&eacute;d&eacute;s doivent &ecirc;tre mis au point afin d&rsquo;int&eacute;grer &agrave; la fois la collecte et le stockage de l&rsquo;&eacute;nergie lumineuse (solaire ou &eacute;clairage d&rsquo;int&eacute;rieur) dans un dispositif monolithique pouvant &ecirc;tre connect&eacute; &agrave; n&rsquo;importe quel n&oelig;ud de capteur. En outre, la gestion &eacute;lectronique de ce dispositif doit &ecirc;tre &eacute;tudi&eacute;e. Des &eacute;tudes pr&eacute;liminaires sur les sources de collectage d&rsquo;&eacute;nergie (RF, thermo&eacute;lectricit&eacute; et pi&eacute;zo&eacute;lectricit&eacute;) sont explor&eacute;es. Dans ce contexte, des g&eacute;n&eacute;rateurs thermo&eacute;lectriques efficaces (TEG) bas&eacute;s sur des mat&eacute;riaux actifs hybrides organiques\/inorganiques imprim&eacute;s sur papier par jet d&rsquo;encre sont &eacute;labor&eacute;s et caract&eacute;ris&eacute;s.<\/p>\n<p style=\"text-align: justify\">\n<ul style=\"text-align: justify\">\n<li>\n<p><strong>Traitement et transmission des donn&eacute;es (mat&eacute;riel\/logiciel) s&ucirc;rs et efficaces sur le plan &eacute;nerg&eacute;tique<\/strong><\/p>\n<\/li>\n<\/ul>\n<p style=\"text-align: justify\">Selon Gartner, le nombre d&rsquo;objets connect&eacute;s d&eacute;passe aujourd&rsquo;hui celui de la population humaine dans une proportion de trois. Ces grandes quantit&eacute;s de donn&eacute;es constituent un d&eacute;fi non seulement pour leur traitement, leur s&eacute;curit&eacute;, leur analyse et leur visualisation, mais aussi pour les co&ucirc;ts &eacute;nerg&eacute;tiques. Une &eacute;conomie d&rsquo;&eacute;nergie substantielle peut &ecirc;tre r&eacute;alis&eacute;e gr&acirc;ce &agrave; la technique de la d&eacute;tection par compression et au traitement intelligent des donn&eacute;es. Les challenges consistent &agrave; d&eacute;terminer une matrice de mesure d&eacute;terministe optimale, d&eacute;terminer comment crypter les mesures sans co&ucirc;t &eacute;nerg&eacute;tique suppl&eacute;mentaire et &eacute;tudier, au-del&agrave; du formalisme lin&eacute;aire de la d&eacute;tection par compression, comment la mod&eacute;lisation param&eacute;trique du processus mesur&eacute; peut &ecirc;tre exploit&eacute;e pour reconstruire le signal au moins aussi efficacement que la compression lin&eacute;aire.<\/p>\n                <\/div>\n            <\/div>\n        <\/div>\n                <\/div>\n                <\/div>\n                <div class=\"col-sm-1 clearfix \">\n                    <\/div>\n                <div class=\"col-sm-3 clearfix \">\n            \n        \n        <div class=\"ul-element-header text-left  \">\n\n            <h4 class=\"ul-bold  bg-gray-dark\" style=\"padding:10px;\">\n                                    <i class=\"fa fa-fw fa-arrow-right\"><\/i>\n                                Nos membres                            <\/h4>\n        <\/div>\n                <div class=\"clearfix ul-element-text \">\n            \n<p><strong>Environ 50 membres permanents<\/strong> de l&rsquo;IRCER et d&rsquo;XLIM sont partiellement ou totalement impliqu\u00e9s dans ce flagship<\/p>\n<p><\/p>\n        <\/div>\n        \n        \n        <div class=\"ul-element-header text-left  \">\n\n            <h4 class=\"ul-bold  bg-gray-dark\" style=\"padding:10px;\">\n                                    <i class=\"fa fa-fw fa-arrow-right\"><\/i>\n                                Nos activit\u00e9s cl\u00e9s                            <\/h4>\n        <\/div>\n                <div class=\"clearfix ul-element-text \">\n            \n<ul>\n<li>\u00c9co-construction et mobilit\u00e9<\/li>\n<li>\u00c9nergie et d\u00e9veloppement durable<\/li>\n<li>Gestion avanc\u00e9e de l&rsquo;\u00e9nergie<\/li>\n<\/ul>\n<p><\/p>\n        <\/div>\n                <\/div>\n        <\/div>\n            <\/div>\n                  <\/div>\n        \n","protected":false},"excerpt":{"rendered":"","protected":false},"author":194,"featured_media":0,"parent":608,"menu_order":0,"comment_status":"closed","ping_status":"closed","template":"page-le.php","meta":{"footnotes":""},"class_list":["post-724","page","type-page","status-publish","hentry"],"yoast_head":"<!-- This site is optimized with the Yoast SEO plugin v26.5 - https:\/\/yoast.com\/wordpress\/plugins\/seo\/ -->\n<title>Faire plus avec moins d&#039;\u00e9nergie - Laboratoire d&#039;Excellence \u2211-LIM<\/title>\n<meta name=\"robots\" content=\"index, follow, max-snippet:-1, max-image-preview:large, max-video-preview:-1\" \/>\n<link rel=\"canonical\" href=\"https:\/\/www.unilim.fr\/labex_sigmalim\/recherche-2\/faire-plus-avec-moins-denergie\/\" \/>\n<meta property=\"og:locale\" content=\"fr_FR\" \/>\n<meta property=\"og:type\" content=\"article\" \/>\n<meta property=\"og:title\" content=\"Faire plus avec moins d&#039;\u00e9nergie - Laboratoire d&#039;Excellence \u2211-LIM\" \/>\n<meta property=\"og:url\" content=\"https:\/\/www.unilim.fr\/labex_sigmalim\/recherche-2\/faire-plus-avec-moins-denergie\/\" \/>\n<meta property=\"og:site_name\" content=\"Laboratoire d&#039;Excellence \u2211-LIM\" \/>\n<meta property=\"article:modified_time\" content=\"2021-04-09T09:50:16+00:00\" \/>\n<meta property=\"og:image\" content=\"https:\/\/www.unilim.fr\/labex_sigmalim\/wp-content\/uploads\/sites\/8\/2021\/04\/fleche_site_labex.png\" \/>\n\t<meta property=\"og:image:width\" content=\"147\" \/>\n\t<meta property=\"og:image:height\" content=\"86\" \/>\n\t<meta property=\"og:image:type\" content=\"image\/png\" \/>\n<meta name=\"twitter:card\" content=\"summary_large_image\" \/>\n<meta name=\"twitter:label1\" content=\"Dur\u00e9e de lecture estim\u00e9e\" \/>\n\t<meta name=\"twitter:data1\" content=\"9 minutes\" \/>\n<script type=\"application\/ld+json\" class=\"yoast-schema-graph\">{\"@context\":\"https:\/\/schema.org\",\"@graph\":[{\"@type\":\"WebPage\",\"@id\":\"https:\/\/www.unilim.fr\/labex_sigmalim\/recherche-2\/faire-plus-avec-moins-denergie\/\",\"url\":\"https:\/\/www.unilim.fr\/labex_sigmalim\/recherche-2\/faire-plus-avec-moins-denergie\/\",\"name\":\"Faire plus avec moins d'\u00e9nergie - Laboratoire d&#039;Excellence \u2211-LIM\",\"isPartOf\":{\"@id\":\"https:\/\/www.unilim.fr\/labex_sigmalim\/#website\"},\"primaryImageOfPage\":{\"@id\":\"https:\/\/www.unilim.fr\/labex_sigmalim\/recherche-2\/faire-plus-avec-moins-denergie\/#primaryimage\"},\"image\":{\"@id\":\"https:\/\/www.unilim.fr\/labex_sigmalim\/recherche-2\/faire-plus-avec-moins-denergie\/#primaryimage\"},\"thumbnailUrl\":\"https:\/\/www.unilim.fr\/labex_sigmalim\/wp-content\/uploads\/sites\/8\/2021\/04\/fleche_site_labex.png\",\"datePublished\":\"2021-02-16T16:02:35+00:00\",\"dateModified\":\"2021-04-09T09:50:16+00:00\",\"breadcrumb\":{\"@id\":\"https:\/\/www.unilim.fr\/labex_sigmalim\/recherche-2\/faire-plus-avec-moins-denergie\/#breadcrumb\"},\"inLanguage\":\"fr-FR\",\"potentialAction\":[{\"@type\":\"ReadAction\",\"target\":[\"https:\/\/www.unilim.fr\/labex_sigmalim\/recherche-2\/faire-plus-avec-moins-denergie\/\"]}]},{\"@type\":\"ImageObject\",\"inLanguage\":\"fr-FR\",\"@id\":\"https:\/\/www.unilim.fr\/labex_sigmalim\/recherche-2\/faire-plus-avec-moins-denergie\/#primaryimage\",\"url\":\"https:\/\/www.unilim.fr\/labex_sigmalim\/wp-content\/uploads\/sites\/8\/2021\/04\/fleche_site_labex.png\",\"contentUrl\":\"https:\/\/www.unilim.fr\/labex_sigmalim\/wp-content\/uploads\/sites\/8\/2021\/04\/fleche_site_labex.png\"},{\"@type\":\"BreadcrumbList\",\"@id\":\"https:\/\/www.unilim.fr\/labex_sigmalim\/recherche-2\/faire-plus-avec-moins-denergie\/#breadcrumb\",\"itemListElement\":[{\"@type\":\"ListItem\",\"position\":1,\"name\":\"Accueil\",\"item\":\"https:\/\/www.unilim.fr\/labex_sigmalim\/\"},{\"@type\":\"ListItem\",\"position\":2,\"name\":\"Recherche\",\"item\":\"https:\/\/www.unilim.fr\/labex_sigmalim\/recherche-2\/\"},{\"@type\":\"ListItem\",\"position\":3,\"name\":\"Faire plus avec moins d&rsquo;\u00e9nergie\"}]},{\"@type\":\"WebSite\",\"@id\":\"https:\/\/www.unilim.fr\/labex_sigmalim\/#website\",\"url\":\"https:\/\/www.unilim.fr\/labex_sigmalim\/\",\"name\":\"Laboratoire d&#039;Excellence \u2211-LIM\",\"description\":\"Des mat\u00e9riaux et composants c\u00e9ramiques sp\u00e9cifiques aux syst\u00e8mes communicants int\u00e9gr\u00e9s, s\u00e9curis\u00e9s, et intelligents \",\"potentialAction\":[{\"@type\":\"SearchAction\",\"target\":{\"@type\":\"EntryPoint\",\"urlTemplate\":\"https:\/\/www.unilim.fr\/labex_sigmalim\/?s={search_term_string}\"},\"query-input\":{\"@type\":\"PropertyValueSpecification\",\"valueRequired\":true,\"valueName\":\"search_term_string\"}}],\"inLanguage\":\"fr-FR\"}]}<\/script>\n<!-- \/ Yoast SEO plugin. -->","yoast_head_json":{"title":"Faire plus avec moins d'\u00e9nergie - Laboratoire d&#039;Excellence \u2211-LIM","robots":{"index":"index","follow":"follow","max-snippet":"max-snippet:-1","max-image-preview":"max-image-preview:large","max-video-preview":"max-video-preview:-1"},"canonical":"https:\/\/www.unilim.fr\/labex_sigmalim\/recherche-2\/faire-plus-avec-moins-denergie\/","og_locale":"fr_FR","og_type":"article","og_title":"Faire plus avec moins d'\u00e9nergie - Laboratoire d&#039;Excellence \u2211-LIM","og_url":"https:\/\/www.unilim.fr\/labex_sigmalim\/recherche-2\/faire-plus-avec-moins-denergie\/","og_site_name":"Laboratoire d&#039;Excellence \u2211-LIM","article_modified_time":"2021-04-09T09:50:16+00:00","og_image":[{"width":147,"height":86,"url":"https:\/\/www.unilim.fr\/labex_sigmalim\/wp-content\/uploads\/sites\/8\/2021\/04\/fleche_site_labex.png","type":"image\/png"}],"twitter_card":"summary_large_image","twitter_misc":{"Dur\u00e9e de lecture estim\u00e9e":"9 minutes"},"schema":{"@context":"https:\/\/schema.org","@graph":[{"@type":"WebPage","@id":"https:\/\/www.unilim.fr\/labex_sigmalim\/recherche-2\/faire-plus-avec-moins-denergie\/","url":"https:\/\/www.unilim.fr\/labex_sigmalim\/recherche-2\/faire-plus-avec-moins-denergie\/","name":"Faire plus avec moins d'\u00e9nergie - Laboratoire d&#039;Excellence \u2211-LIM","isPartOf":{"@id":"https:\/\/www.unilim.fr\/labex_sigmalim\/#website"},"primaryImageOfPage":{"@id":"https:\/\/www.unilim.fr\/labex_sigmalim\/recherche-2\/faire-plus-avec-moins-denergie\/#primaryimage"},"image":{"@id":"https:\/\/www.unilim.fr\/labex_sigmalim\/recherche-2\/faire-plus-avec-moins-denergie\/#primaryimage"},"thumbnailUrl":"https:\/\/www.unilim.fr\/labex_sigmalim\/wp-content\/uploads\/sites\/8\/2021\/04\/fleche_site_labex.png","datePublished":"2021-02-16T16:02:35+00:00","dateModified":"2021-04-09T09:50:16+00:00","breadcrumb":{"@id":"https:\/\/www.unilim.fr\/labex_sigmalim\/recherche-2\/faire-plus-avec-moins-denergie\/#breadcrumb"},"inLanguage":"fr-FR","potentialAction":[{"@type":"ReadAction","target":["https:\/\/www.unilim.fr\/labex_sigmalim\/recherche-2\/faire-plus-avec-moins-denergie\/"]}]},{"@type":"ImageObject","inLanguage":"fr-FR","@id":"https:\/\/www.unilim.fr\/labex_sigmalim\/recherche-2\/faire-plus-avec-moins-denergie\/#primaryimage","url":"https:\/\/www.unilim.fr\/labex_sigmalim\/wp-content\/uploads\/sites\/8\/2021\/04\/fleche_site_labex.png","contentUrl":"https:\/\/www.unilim.fr\/labex_sigmalim\/wp-content\/uploads\/sites\/8\/2021\/04\/fleche_site_labex.png"},{"@type":"BreadcrumbList","@id":"https:\/\/www.unilim.fr\/labex_sigmalim\/recherche-2\/faire-plus-avec-moins-denergie\/#breadcrumb","itemListElement":[{"@type":"ListItem","position":1,"name":"Accueil","item":"https:\/\/www.unilim.fr\/labex_sigmalim\/"},{"@type":"ListItem","position":2,"name":"Recherche","item":"https:\/\/www.unilim.fr\/labex_sigmalim\/recherche-2\/"},{"@type":"ListItem","position":3,"name":"Faire plus avec moins d&rsquo;\u00e9nergie"}]},{"@type":"WebSite","@id":"https:\/\/www.unilim.fr\/labex_sigmalim\/#website","url":"https:\/\/www.unilim.fr\/labex_sigmalim\/","name":"Laboratoire d&#039;Excellence \u2211-LIM","description":"Des mat\u00e9riaux et composants c\u00e9ramiques sp\u00e9cifiques aux syst\u00e8mes communicants int\u00e9gr\u00e9s, s\u00e9curis\u00e9s, et intelligents ","potentialAction":[{"@type":"SearchAction","target":{"@type":"EntryPoint","urlTemplate":"https:\/\/www.unilim.fr\/labex_sigmalim\/?s={search_term_string}"},"query-input":{"@type":"PropertyValueSpecification","valueRequired":true,"valueName":"search_term_string"}}],"inLanguage":"fr-FR"}]}},"_links":{"self":[{"href":"https:\/\/www.unilim.fr\/labex_sigmalim\/wp-json\/wp\/v2\/pages\/724","targetHints":{"allow":["GET"]}}],"collection":[{"href":"https:\/\/www.unilim.fr\/labex_sigmalim\/wp-json\/wp\/v2\/pages"}],"about":[{"href":"https:\/\/www.unilim.fr\/labex_sigmalim\/wp-json\/wp\/v2\/types\/page"}],"author":[{"embeddable":true,"href":"https:\/\/www.unilim.fr\/labex_sigmalim\/wp-json\/wp\/v2\/users\/194"}],"replies":[{"embeddable":true,"href":"https:\/\/www.unilim.fr\/labex_sigmalim\/wp-json\/wp\/v2\/comments?post=724"}],"version-history":[{"count":0,"href":"https:\/\/www.unilim.fr\/labex_sigmalim\/wp-json\/wp\/v2\/pages\/724\/revisions"}],"up":[{"embeddable":true,"href":"https:\/\/www.unilim.fr\/labex_sigmalim\/wp-json\/wp\/v2\/pages\/608"}],"wp:attachment":[{"href":"https:\/\/www.unilim.fr\/labex_sigmalim\/wp-json\/wp\/v2\/media?parent=724"}],"curies":[{"name":"wp","href":"https:\/\/api.w.org\/{rel}","templated":true}]}}