{"id":722,"date":"2021-04-08T22:00:00","date_gmt":"2021-02-16T16:02:05","guid":{"rendered":"http:\/\/www.unilim.fr\/labex_sigmalim\/?page_id=722"},"modified":"2021-04-09T09:48:00","modified_gmt":"2021-04-09T09:48:00","slug":"aller-au-dela-de-la-5g","status":"publish","type":"page","link":"https:\/\/www.unilim.fr\/labex_sigmalim\/recherche-2\/aller-au-dela-de-la-5g\/","title":{"rendered":"Aller au-del\u00e0 de la 5G"},"content":{"rendered":"                                <div class=\"ul-banner-parallax \" style=\"height:350px;\" >\n\n                                    <div class=\"ul-post-thumbnail\" style=\"height:350px; background-size: cover; background-image: url('https:\/\/www.unilim.fr\/labex_sigmalim\/wp-content\/uploads\/sites\/8\/2021\/03\/srf.png')\"><!-- Image BG --><\/div>\n\n                                    <div class=\"ul-post-thumbnail-back\" style=\"margin-top:-350px; height:350px; opacity:.5;\"><!-- Texture --><\/div>\n\n                                    <div class=\"ul-layers\">\n                                        \n                                        <div class=\"ul-layer ul-slogan\" style=\"bottom:210px;right:20%;\">\n                                            <h4 class=\"text-light\"><em><br\/>\n                                            &nbsp;&nbsp;&nbsp;&nbsp;&nbsp;&nbsp;&nbsp;<\/em><\/h4>\n                                                                                    <\/div>\n\n                                    <\/div>\n\n                                <\/div>\n                                <script type=\"text\/javascript\">\n                                    \/\/\/\/\/\/\/\/\/\/\/\/\/\/\/\/\/\/\/\/\/\/\/\/\/\/\/\/\/\/\/\/\/\/\/\/\/\/\/\/\/\/\/\/\/\/\/\/\/\/\/\/\/\/\/\/\/\/\/\/\/\/\/\/\/\/\/\/\/\/\/\/\/\/\/\/\/\/\/\/\/\/\/\/\/\/\/\/\/\/\/\/\/\/\/\/\/\/\/\/\n                                    \/\/  PARALAX\n                                    \/\/\/\/\/\/\/\/\/\/\/\/\/\/\/\/\/\/\/\/\/\/\/\/\/\/\/\/\/\/\/\/\/\/\/\/\/\/\/\/\/\/\/\/\/\/\/\/\/\/\/\/\/\/\/\/\/\/\/\/\/\/\/\/\/\/\/\/\/\/\/\/\/\/\/\/\/\/\/\/\/\/\/\/\/\/\/\/\/\/\/\/\/\/\/\/\/\/\/\/\n                                    $( document ).ready(function() {\n                                        var bandeau = $('.ul-banner-parallax');\n                                        if (bandeau.length){\n                                            var imgpos = 50 - $( window ).scrollTop()\/20;\n                                            $('.ul-banner-parallax > .ul-post-thumbnail').css('background-position','50% '+imgpos+'%');\n                                            $( window ).scroll(function(){\n                                                imgpos = 50 - $( window ).scrollTop()\/10;\n                                                txtpos = 210 + $( window ).scrollTop()\/5;\n                                                frisepos = 175 + $( window ).scrollTop()\/10;\n                                                $('.ul-banner-parallax > .ul-post-thumbnail').css('background-position','50% '+imgpos+'%');\n                                                $('.ul-slogan').css('bottom',txtpos+'px');\n                                                $('.ul-frise-1').css('bottom',frisepos+'px');\n                                                \/\/$('.ul-texture').css('background-position',''+-frisepos+'%');\n                                            });\n                                        }\n                                    });\n                                <\/script>\n\n                                    <div class=\"container-fluid bg-primary \" style=\"\">\n                      <div class=\"container\">\n                <div class=\"row \" style=\"margin-top: 30px;margin-bottom: 30px\">        <div class=\"col-sm-12 clearfix \">\n                    <div class=\"clearfix ul-element-text \">\n            \n<h2 class=\"ul-bold\"><strong>Aller au-del\u00e0 de la 5G<\/strong><\/h2>\n<h4 class=\"ul-bold\" style=\"text-align: justify\">D\u00e9tecter et relever les obstacles li\u00e9s aux futurs syst\u00e8mes de communication \u00e0 haut d\u00e9bit au-del\u00e0 de la 5G en d\u00e9veloppant des m\u00e9thodes de conception avanc\u00e9es \u00ab front-end \u00bb RF int\u00e9gr\u00e9es en 3D, de nouvelles technologies pour les sous-syst\u00e8mes THz et \u00e0 travers la s\u00e9curit\u00e9 et l\u2019interop\u00e9rabilit\u00e9 de ces syst\u00e8mes.<\/h4>\n<p style=\"text-align: center\"><\/p>\n<p><img loading=\"lazy\" decoding=\"async\" alt=\"\" src=\"https:\/\/www.unilim.fr\/labex_sigmalim\/wp-content\/uploads\/sites\/8\/2021\/04\/fleche_site_labex.png\" class=\"aligncenter wp-image-1354\" width=\"75\" height=\"44\"><\/p>\n        <\/div>\n                <\/div>\n        <\/div>\n            <\/div>\n                  <\/div>\n                <div class=\"container-fluid  \" style=\"\">\n                      <div class=\"container\">\n                <div class=\"row \" style=\"margin-top: 30px;margin-bottom: 30px\">        <div class=\"col-sm-8 clearfix \">\n                    <div class=\"clearfix ul-element-text \">\n            \n<p style=\"text-align: justify\"><\/p>\n<p style=\"text-align: justify\">Ce flagship aborde 3 d\u00e9fis d\u00e9di\u00e9s aux futures g\u00e9n\u00e9rations de syst\u00e8mes de communication sans fil, l&rsquo;un portant sur les m\u00e9thodes de conception avanc\u00e9es, l&rsquo;autre sur les nouvelles technologies d\u00e9di\u00e9es et le troisi\u00e8me sur la s\u00e9curit\u00e9 de ces syst\u00e8mes, qui mettent en \u00e9vidence les compl\u00e9mentarit\u00e9s des chercheurs de l&rsquo;IRCER et d&rsquo;XLIM pour d\u00e9tecter et relever les obstacles li\u00e9s aux futurs syst\u00e8mes de communication \u00e0 haut d\u00e9bit au-del\u00e0 de la 5G.<\/p>\n<p style=\"text-align: justify\">&nbsp; <\/p>\n<p><\/p>\n        <\/div>\n                <div class=\"panel-group \" id=\"object509\">\n                    <div class=\"panel panel-default\">\n            <div class=\"panel-heading\">\n                <h3 class=\"panel-title\">\n                    <a data-toggle=\"collapse\" data-parent=\"#object509\" href=\"#object526\">D\u00e9fi 1 : M\u00e9thodes de conception avanc\u00e9es \u00ab front-end \u00bb RF int\u00e9gr\u00e9es en 3D<\/a>\n                <\/h3>\n            <\/div>\n            <div id=\"object526\" class=\"panel-collapse collapse \">\n                <div class=\"panel-body\">\n                  \n<p style=\"text-align: justify\">L&rsquo;objectif est de d&eacute;velopper un syst&egrave;me d&rsquo;&eacute;metteur-r&eacute;cepteur, pour en d&eacute;montrer la reconfigurabilit&eacute; totale ou partielle (fr&eacute;quence, couverture, puissance) et son int&eacute;gration 3D. Le d&eacute;monstrateur sera int&eacute;gr&eacute; en trois dimensions par le biais d&rsquo;une approche de conception globale et exploitera des technologies de fabrication additive ainsi que des mat&eacute;riaux de haute performance. Ces travaux, ax&eacute;s sur l&rsquo;optimisation des performances des syst&egrave;mes, seront r&eacute;alis&eacute;s en tenant compte des technologies disponibles jusqu&rsquo;&agrave; 100 GHz.<\/p>\n<p style=\"text-align: justify\">Les enjeux sont la co-conception et la co-int&eacute;gration technologique de circuits et d&rsquo;antennes, pour optimiser les performances RF et &eacute;nerg&eacute;tiques du syst&egrave;me reconfigurable et sa conformation sur un objet h&ocirc;te (drone, satellite, v&eacute;hicule, mobilier urbain, etc.).<\/p>\n<p style=\"text-align: justify\">Des solutions originales sont d&eacute;velopp&eacute;es, bas&eacute;es sur les technologies de fabrication additive multi-mat&eacute;riaux (c&eacute;ramique\/m&eacute;tal) en 3D d&eacute;velopp&eacute;es par l&rsquo;IRCER et prenant en compte l&rsquo;ensemble de la cha&icirc;ne num&eacute;rique (mod&eacute;lisation et analyse g&eacute;om&eacute;trique, simulation avant fabrication finale). Cela permet d&rsquo;int&eacute;grer des fonctions passives &agrave; faibles pertes et, pour certaines, accordables (mat&eacute;riaux fonctionnels ou composants agiles), de garantir un rayonnement de l&rsquo;&eacute;nergie avec un gain et une efficacit&eacute; maximum, de transf&eacute;rer, d&rsquo;interconnecter et d&rsquo;encapsuler des circuits RF int&eacute;gr&eacute;s, en minimisant les pertes et, pour les circuits actifs, de permettre l&rsquo;&eacute;vacuation de la chaleur dissip&eacute;e.<\/p>\n                <\/div>\n            <\/div>\n        <\/div>\n                <\/div>\n                <div class=\"panel-group \" id=\"object547\">\n                    <div class=\"panel panel-default\">\n            <div class=\"panel-heading\">\n                <h3 class=\"panel-title\">\n                    <a data-toggle=\"collapse\" data-parent=\"#object547\" href=\"#object564\">D\u00e9fi 2 : Mat\u00e9riaux et dispositifs pour les sous-syst\u00e8mes THz<\/a>\n                <\/h3>\n            <\/div>\n            <div id=\"object564\" class=\"panel-collapse collapse \">\n                <div class=\"panel-body\">\n                  \n<p style=\"text-align: justify\">L&rsquo;objectif est de relever des obstacles technologiques identifi&eacute;s pour la r&eacute;alisation de syst&egrave;mes de communication au-del&agrave; de 100 GHz qui tirent parti des comp&eacute;tences de l&rsquo;IRCER dans le d&eacute;veloppement de proc&eacute;d&eacute;s de d&eacute;p&ocirc;t de mat&eacute;riaux et de couches minces et dans le domaine des caract&eacute;risations multi-&eacute;chelles des mat&eacute;riaux, et d&rsquo;XLIM pour la conception et l&rsquo;optimisation de d&eacute;monstrateurs fonctionnels.<\/p>\n<p style=\"text-align: justify\">Les &eacute;quipes travaillent sur la conception de nouveaux interrupteurs utilisant des mat&eacute;riaux &agrave; propri&eacute;t&eacute;s accordables, en particulier de nouveaux mat&eacute;riaux &agrave; changement de phase ou &agrave; transition de phase, &eacute;tudi&eacute; depuis plusieurs ann&eacute;es dans le cadre du LABEX &Sigma;-LIM.<\/p>\n<p style=\"text-align: justify\">&Agrave; titre d&rsquo;exemple, il est possible de r&eacute;aliser des composants bistables &agrave; fort contraste &eacute;lectrique, avec des applications &agrave; des longueurs d&rsquo;onde millim&eacute;triques et donc &agrave; des fr&eacute;quences plus &eacute;lev&eacute;es.<\/p>\n<p style=\"text-align: justify\">Les circuits passifs utiliseront des technologies de micro-fabrication en 3D en couche mince avec une pr&eacute;cision qui permet de fabriquer des composants tels que des filtres ou des r&eacute;seaux d&rsquo;antennes sans r&eacute;glage en post-production, et d&rsquo;int&eacute;grer des puces actives dans la structure finale.<\/p>\n<p style=\"text-align: justify\">Enfin, les &eacute;quipes travaillent &eacute;galement sur le d&eacute;veloppement des circuits accordables au-del&agrave; de 100 GHz en utilisant des micro\/nanotechnologies et circuits &agrave; base de silicium, en s&rsquo;appuyant sur les comp&eacute;tences disponibles dans la conception de dispositifs innovants et le d&eacute;veloppement de proc&eacute;d&eacute;s pour la fabrication de mat&eacute;riaux nanostructur&eacute;s et leur caract&eacute;risation.<\/p>\n                <\/div>\n            <\/div>\n        <\/div>\n                <\/div>\n                <div class=\"panel-group \" id=\"object585\">\n                    <div class=\"panel panel-default\">\n            <div class=\"panel-heading\">\n                <h3 class=\"panel-title\">\n                    <a data-toggle=\"collapse\" data-parent=\"#object585\" href=\"#object602\">D\u00e9fi 3 : S\u00e9curit\u00e9 et interop\u00e9rabilit\u00e9 des syst\u00e8mes au-del\u00e0 de 5G<\/a>\n                <\/h3>\n            <\/div>\n            <div id=\"object602\" class=\"panel-collapse collapse \">\n                <div class=\"panel-body\">\n                  \n<p style=\"text-align: justify\">Dans le contexte des milliards de n&oelig;uds IdO statiques et mobiles qui d&eacute;tectent des donn&eacute;es et ex&eacute;cutent des actions, l&rsquo;objectif est de mettre en place un banc d&rsquo;essai transversal pour assurer&nbsp;:<\/p>\n<ul style=\"text-align: justify\">\n<li>\n<p class=\"ul-bold\"><strong>La gestion intelligente des r&eacute;seaux<\/strong><\/p>\n<\/li>\n<\/ul>\n<p style=\"text-align: justify\">La gestion du r&eacute;seau intelligent utilisera les syst&egrave;mes et ensembles &laquo;&nbsp;front-end&nbsp;&raquo; d&eacute;velopp&eacute;s dans les d&eacute;fis 1 et 2 en combinaison avec des techniques d&eacute;velopp&eacute;es &agrave; XLIM comme l&rsquo;acc&egrave;s multiple massif, le codage de r&eacute;seau mobile, etc.<\/p>\n<ul style=\"text-align: justify\">\n<li>\n<p><strong>La protection et la tra&ccedil;abilit&eacute; des informations &eacute;chang&eacute;es<\/strong><\/p>\n<\/li>\n<\/ul>\n<p style=\"text-align: justify\">La protection et la tra&ccedil;abilit&eacute; des informations &eacute;chang&eacute;es s&rsquo;appuieront sur la proposition de cryptographie post-quantique d&eacute;velopp&eacute;e &agrave; XLIM.<\/p>\n<ul style=\"text-align: justify\">\n<li>\n<p><strong>La protection physique du n&oelig;ud<\/strong><\/p>\n<\/li>\n<\/ul>\n<p style=\"text-align: justify\">La protection physique des n&oelig;uds sera d&eacute;velopp&eacute;e &agrave; la fois &agrave; l&rsquo;IRCER et &agrave; XLIM puisque l&rsquo;objectif est de s&eacute;curiser les n&oelig;uds depuis le niveau du silicium jusqu&rsquo;&agrave; leur conditionnement.<\/p>\n<ul style=\"text-align: justify\">\n<li>\n<p class=\"ul-bold\"><strong>L&rsquo;interop&eacute;rabilit&eacute; avec les solutions existantes et futures<\/strong><\/p>\n<\/li>\n<\/ul>\n<p style=\"text-align: justify\">L&rsquo;interop&eacute;rabilit&eacute; sera principalement assur&eacute;e &agrave; XLIM puisque l&rsquo;objectif est de proposer des passerelles transparentes entre les diff&eacute;rents protocoles de communication ainsi que pour leur s&eacute;curit&eacute;.<\/p>\n<p style=\"text-align: justify\">\n<p style=\"text-align: justify\">Ce d&eacute;fi est en interface avec second d&eacute;fi &laquo;&nbsp;&Eacute;nergie et surveillance avanc&eacute;e&nbsp;&raquo; du flagship &laquo;&nbsp;Faire plus avec moins d&rsquo;&eacute;nergie &raquo; puisque les solutions propos&eacute;es permettront &eacute;galement une gestion plus intelligente de l&rsquo;&eacute;nergie pour la communication et la s&eacute;curisation des donn&eacute;es.<\/p>\n                <\/div>\n            <\/div>\n        <\/div>\n                <\/div>\n                <\/div>\n                <div class=\"col-sm-1 clearfix \">\n                    <\/div>\n                <div class=\"col-sm-3 clearfix \">\n            \n        \n        <div class=\"ul-element-header text-left  \">\n\n            <h4 class=\"ul-bold text-light bg-gray-dark\" style=\"padding:10px;\">\n                                    <i class=\"fa fa-fw fa-arrow-right\"><\/i>\n                                Nos membres                            <\/h4>\n        <\/div>\n                <div class=\"clearfix ul-element-text \">\n            \n<p class=\"ul-bold\"><strong>Environ 30 membres permanents<\/strong> de l&rsquo;IRCER et d&rsquo;XLIM sont partiellement ou totalement impliqu\u00e9s.<\/p>\n<p><\/p>\n        <\/div>\n        \n        \n        <div class=\"ul-element-header text-left  \">\n\n            <h4 class=\"ul-bold  bg-gray-dark\" style=\"padding:10px;\">\n                                    <i class=\"fa fa-fw fa-arrow-right\"><\/i>\n                                Nos activit\u00e9s cl\u00e9s                            <\/h4>\n        <\/div>\n                <div class=\"clearfix ul-element-text \">\n            \n<ul>\n<li style=\"text-align: left\">C\u00e9ramique RF haute performance reconfigurable en 3D,<\/li>\n<li style=\"text-align: left\">Mat\u00e9riaux \/ Composants pour applications THz et optiques, gestion \/ s\u00e9curit\u00e9 des donn\u00e9es<\/li>\n<\/ul>\n        <\/div>\n                <\/div>\n        <\/div>\n            <\/div>\n                  <\/div>\n        \n","protected":false},"excerpt":{"rendered":"","protected":false},"author":194,"featured_media":0,"parent":608,"menu_order":0,"comment_status":"closed","ping_status":"closed","template":"page-le.php","meta":{"footnotes":""},"class_list":["post-722","page","type-page","status-publish","hentry"],"yoast_head":"<!-- This site is optimized with the Yoast SEO plugin v26.5 - https:\/\/yoast.com\/wordpress\/plugins\/seo\/ -->\n<title>Aller au-del\u00e0 de la 5G - Laboratoire d&#039;Excellence \u2211-LIM<\/title>\n<meta name=\"robots\" content=\"index, follow, max-snippet:-1, max-image-preview:large, max-video-preview:-1\" \/>\n<link rel=\"canonical\" href=\"https:\/\/www.unilim.fr\/labex_sigmalim\/recherche-2\/aller-au-dela-de-la-5g\/\" \/>\n<meta property=\"og:locale\" content=\"fr_FR\" \/>\n<meta property=\"og:type\" content=\"article\" \/>\n<meta property=\"og:title\" content=\"Aller au-del\u00e0 de la 5G - Laboratoire d&#039;Excellence \u2211-LIM\" \/>\n<meta property=\"og:url\" content=\"https:\/\/www.unilim.fr\/labex_sigmalim\/recherche-2\/aller-au-dela-de-la-5g\/\" \/>\n<meta property=\"og:site_name\" content=\"Laboratoire d&#039;Excellence \u2211-LIM\" \/>\n<meta property=\"article:modified_time\" content=\"2021-04-09T09:48:00+00:00\" \/>\n<meta property=\"og:image\" content=\"https:\/\/www.unilim.fr\/labex_sigmalim\/wp-content\/uploads\/sites\/8\/2021\/04\/fleche_site_labex.png\" \/>\n\t<meta property=\"og:image:width\" content=\"147\" \/>\n\t<meta property=\"og:image:height\" content=\"86\" \/>\n\t<meta property=\"og:image:type\" content=\"image\/png\" \/>\n<meta name=\"twitter:card\" content=\"summary_large_image\" \/>\n<meta name=\"twitter:label1\" content=\"Dur\u00e9e de lecture estim\u00e9e\" \/>\n\t<meta name=\"twitter:data1\" content=\"7 minutes\" \/>\n<script type=\"application\/ld+json\" class=\"yoast-schema-graph\">{\"@context\":\"https:\/\/schema.org\",\"@graph\":[{\"@type\":\"WebPage\",\"@id\":\"https:\/\/www.unilim.fr\/labex_sigmalim\/recherche-2\/aller-au-dela-de-la-5g\/\",\"url\":\"https:\/\/www.unilim.fr\/labex_sigmalim\/recherche-2\/aller-au-dela-de-la-5g\/\",\"name\":\"Aller au-del\u00e0 de la 5G - Laboratoire d&#039;Excellence \u2211-LIM\",\"isPartOf\":{\"@id\":\"https:\/\/www.unilim.fr\/labex_sigmalim\/#website\"},\"primaryImageOfPage\":{\"@id\":\"https:\/\/www.unilim.fr\/labex_sigmalim\/recherche-2\/aller-au-dela-de-la-5g\/#primaryimage\"},\"image\":{\"@id\":\"https:\/\/www.unilim.fr\/labex_sigmalim\/recherche-2\/aller-au-dela-de-la-5g\/#primaryimage\"},\"thumbnailUrl\":\"https:\/\/www.unilim.fr\/labex_sigmalim\/wp-content\/uploads\/sites\/8\/2021\/04\/fleche_site_labex.png\",\"datePublished\":\"2021-02-16T16:02:05+00:00\",\"dateModified\":\"2021-04-09T09:48:00+00:00\",\"breadcrumb\":{\"@id\":\"https:\/\/www.unilim.fr\/labex_sigmalim\/recherche-2\/aller-au-dela-de-la-5g\/#breadcrumb\"},\"inLanguage\":\"fr-FR\",\"potentialAction\":[{\"@type\":\"ReadAction\",\"target\":[\"https:\/\/www.unilim.fr\/labex_sigmalim\/recherche-2\/aller-au-dela-de-la-5g\/\"]}]},{\"@type\":\"ImageObject\",\"inLanguage\":\"fr-FR\",\"@id\":\"https:\/\/www.unilim.fr\/labex_sigmalim\/recherche-2\/aller-au-dela-de-la-5g\/#primaryimage\",\"url\":\"https:\/\/www.unilim.fr\/labex_sigmalim\/wp-content\/uploads\/sites\/8\/2021\/04\/fleche_site_labex.png\",\"contentUrl\":\"https:\/\/www.unilim.fr\/labex_sigmalim\/wp-content\/uploads\/sites\/8\/2021\/04\/fleche_site_labex.png\"},{\"@type\":\"BreadcrumbList\",\"@id\":\"https:\/\/www.unilim.fr\/labex_sigmalim\/recherche-2\/aller-au-dela-de-la-5g\/#breadcrumb\",\"itemListElement\":[{\"@type\":\"ListItem\",\"position\":1,\"name\":\"Accueil\",\"item\":\"https:\/\/www.unilim.fr\/labex_sigmalim\/\"},{\"@type\":\"ListItem\",\"position\":2,\"name\":\"Recherche\",\"item\":\"https:\/\/www.unilim.fr\/labex_sigmalim\/recherche-2\/\"},{\"@type\":\"ListItem\",\"position\":3,\"name\":\"Aller au-del\u00e0 de la 5G\"}]},{\"@type\":\"WebSite\",\"@id\":\"https:\/\/www.unilim.fr\/labex_sigmalim\/#website\",\"url\":\"https:\/\/www.unilim.fr\/labex_sigmalim\/\",\"name\":\"Laboratoire d&#039;Excellence \u2211-LIM\",\"description\":\"Des mat\u00e9riaux et composants c\u00e9ramiques sp\u00e9cifiques aux syst\u00e8mes communicants int\u00e9gr\u00e9s, s\u00e9curis\u00e9s, et intelligents \",\"potentialAction\":[{\"@type\":\"SearchAction\",\"target\":{\"@type\":\"EntryPoint\",\"urlTemplate\":\"https:\/\/www.unilim.fr\/labex_sigmalim\/?s={search_term_string}\"},\"query-input\":{\"@type\":\"PropertyValueSpecification\",\"valueRequired\":true,\"valueName\":\"search_term_string\"}}],\"inLanguage\":\"fr-FR\"}]}<\/script>\n<!-- \/ Yoast SEO plugin. -->","yoast_head_json":{"title":"Aller au-del\u00e0 de la 5G - Laboratoire d&#039;Excellence \u2211-LIM","robots":{"index":"index","follow":"follow","max-snippet":"max-snippet:-1","max-image-preview":"max-image-preview:large","max-video-preview":"max-video-preview:-1"},"canonical":"https:\/\/www.unilim.fr\/labex_sigmalim\/recherche-2\/aller-au-dela-de-la-5g\/","og_locale":"fr_FR","og_type":"article","og_title":"Aller au-del\u00e0 de la 5G - Laboratoire d&#039;Excellence \u2211-LIM","og_url":"https:\/\/www.unilim.fr\/labex_sigmalim\/recherche-2\/aller-au-dela-de-la-5g\/","og_site_name":"Laboratoire d&#039;Excellence \u2211-LIM","article_modified_time":"2021-04-09T09:48:00+00:00","og_image":[{"width":147,"height":86,"url":"https:\/\/www.unilim.fr\/labex_sigmalim\/wp-content\/uploads\/sites\/8\/2021\/04\/fleche_site_labex.png","type":"image\/png"}],"twitter_card":"summary_large_image","twitter_misc":{"Dur\u00e9e de lecture estim\u00e9e":"7 minutes"},"schema":{"@context":"https:\/\/schema.org","@graph":[{"@type":"WebPage","@id":"https:\/\/www.unilim.fr\/labex_sigmalim\/recherche-2\/aller-au-dela-de-la-5g\/","url":"https:\/\/www.unilim.fr\/labex_sigmalim\/recherche-2\/aller-au-dela-de-la-5g\/","name":"Aller au-del\u00e0 de la 5G - Laboratoire d&#039;Excellence \u2211-LIM","isPartOf":{"@id":"https:\/\/www.unilim.fr\/labex_sigmalim\/#website"},"primaryImageOfPage":{"@id":"https:\/\/www.unilim.fr\/labex_sigmalim\/recherche-2\/aller-au-dela-de-la-5g\/#primaryimage"},"image":{"@id":"https:\/\/www.unilim.fr\/labex_sigmalim\/recherche-2\/aller-au-dela-de-la-5g\/#primaryimage"},"thumbnailUrl":"https:\/\/www.unilim.fr\/labex_sigmalim\/wp-content\/uploads\/sites\/8\/2021\/04\/fleche_site_labex.png","datePublished":"2021-02-16T16:02:05+00:00","dateModified":"2021-04-09T09:48:00+00:00","breadcrumb":{"@id":"https:\/\/www.unilim.fr\/labex_sigmalim\/recherche-2\/aller-au-dela-de-la-5g\/#breadcrumb"},"inLanguage":"fr-FR","potentialAction":[{"@type":"ReadAction","target":["https:\/\/www.unilim.fr\/labex_sigmalim\/recherche-2\/aller-au-dela-de-la-5g\/"]}]},{"@type":"ImageObject","inLanguage":"fr-FR","@id":"https:\/\/www.unilim.fr\/labex_sigmalim\/recherche-2\/aller-au-dela-de-la-5g\/#primaryimage","url":"https:\/\/www.unilim.fr\/labex_sigmalim\/wp-content\/uploads\/sites\/8\/2021\/04\/fleche_site_labex.png","contentUrl":"https:\/\/www.unilim.fr\/labex_sigmalim\/wp-content\/uploads\/sites\/8\/2021\/04\/fleche_site_labex.png"},{"@type":"BreadcrumbList","@id":"https:\/\/www.unilim.fr\/labex_sigmalim\/recherche-2\/aller-au-dela-de-la-5g\/#breadcrumb","itemListElement":[{"@type":"ListItem","position":1,"name":"Accueil","item":"https:\/\/www.unilim.fr\/labex_sigmalim\/"},{"@type":"ListItem","position":2,"name":"Recherche","item":"https:\/\/www.unilim.fr\/labex_sigmalim\/recherche-2\/"},{"@type":"ListItem","position":3,"name":"Aller au-del\u00e0 de la 5G"}]},{"@type":"WebSite","@id":"https:\/\/www.unilim.fr\/labex_sigmalim\/#website","url":"https:\/\/www.unilim.fr\/labex_sigmalim\/","name":"Laboratoire d&#039;Excellence \u2211-LIM","description":"Des mat\u00e9riaux et composants c\u00e9ramiques sp\u00e9cifiques aux syst\u00e8mes communicants int\u00e9gr\u00e9s, s\u00e9curis\u00e9s, et intelligents ","potentialAction":[{"@type":"SearchAction","target":{"@type":"EntryPoint","urlTemplate":"https:\/\/www.unilim.fr\/labex_sigmalim\/?s={search_term_string}"},"query-input":{"@type":"PropertyValueSpecification","valueRequired":true,"valueName":"search_term_string"}}],"inLanguage":"fr-FR"}]}},"_links":{"self":[{"href":"https:\/\/www.unilim.fr\/labex_sigmalim\/wp-json\/wp\/v2\/pages\/722","targetHints":{"allow":["GET"]}}],"collection":[{"href":"https:\/\/www.unilim.fr\/labex_sigmalim\/wp-json\/wp\/v2\/pages"}],"about":[{"href":"https:\/\/www.unilim.fr\/labex_sigmalim\/wp-json\/wp\/v2\/types\/page"}],"author":[{"embeddable":true,"href":"https:\/\/www.unilim.fr\/labex_sigmalim\/wp-json\/wp\/v2\/users\/194"}],"replies":[{"embeddable":true,"href":"https:\/\/www.unilim.fr\/labex_sigmalim\/wp-json\/wp\/v2\/comments?post=722"}],"version-history":[{"count":0,"href":"https:\/\/www.unilim.fr\/labex_sigmalim\/wp-json\/wp\/v2\/pages\/722\/revisions"}],"up":[{"embeddable":true,"href":"https:\/\/www.unilim.fr\/labex_sigmalim\/wp-json\/wp\/v2\/pages\/608"}],"wp:attachment":[{"href":"https:\/\/www.unilim.fr\/labex_sigmalim\/wp-json\/wp\/v2\/media?parent=722"}],"curies":[{"name":"wp","href":"https:\/\/api.w.org\/{rel}","templated":true}]}}