{"id":6,"date":"2014-12-18T23:00:00","date_gmt":"1970-01-01T00:00:00","guid":{"rendered":"http:\/\/dev-divers.unilim.fr\/labex_sigmalim\/politique-daccessibilite\/"},"modified":"2014-12-19T07:10:40","modified_gmt":"2014-12-19T07:10:40","slug":"politique-daccessibilite","status":"publish","type":"page","link":"https:\/\/www.unilim.fr\/labex_sigmalim\/politique-daccessibilite\/","title":{"rendered":"Politique d&rsquo;accessibilit\u00e9"},"content":{"rendered":"        <div class=\"container-fluid  \" style=\"\">\n                      <div class=\"container\">\n                <div class=\"row \" style=\"margin-top: 0px;margin-bottom: 0px\">        <div class=\"col-md-12 clearfix \">\n            \n        \n        <div class=\"ul-element-header text-left  \">\n\n            <h2 class=\"ul-bold  transparent\" style=\"padding:10px;\">\n                                D\u00e9finition                            <\/h2>\n        <\/div>\n                <div class=\"clearfix ul-element-text \">\n            \n<p>La d&eacute;finition de l&rsquo;accessibilit&eacute; du Web de Tim Berners-Lee, directeur du W3C et inventeur du World Wide Web est la suivante :<\/p>\n<p>&laquo; Mettre le Web et ses services &agrave; la disposition de tous les individus, quel que soit leur mat&eacute;riel ou logiciel, leur infrastructure r&eacute;seau, leur langue maternelle, leur culture, leur localisation g&eacute;ographique, ou leurs aptitudes physiques ou mentales. &raquo;<\/p>\n<\/p>\n        <\/div>\n        \n        \n        <div class=\"ul-element-header text-left  \">\n\n            <h2 class=\"ul-bold  transparent\" style=\"padding:10px;\">\n                                L\u00e9gislation                            <\/h2>\n        <\/div>\n                <div class=\"clearfix ul-element-text \">\n            \n<p>L&rsquo;accessibilit&eacute; des services publics aux personnes handicap&eacute;es est une n&eacute;cessit&eacute; aux termes de la loi 2005-102 de f&eacute;vrier 2005 pour l&rsquo;&eacute;galit&eacute; des droits et des chances, la participation et la citoyennet&eacute; des personnes handicap&eacute;es. L&rsquo;article 47 de la loi pr&eacute;cise que les services de communication publique en ligne des services de l&rsquo;Etat, des collectivit&eacute;s territoriales et des &eacute;tablissements publics qui en d&eacute;pendent doivent &ecirc;tre accessibles aux personnes handicap&eacute;es.<\/p>\n<p><a target=\"_blank\" href=\"http:\/\/www.legifrance.gouv.fr\/affichTexte.do?cidTexte=JORFTEXT000000809647&amp;dateTexte=\" title=\"http:\/\/www.legifrance.gouv.fr\/\">http:\/\/www.legifrance.gouv.fr\/<\/a><\/p>\n<p>Le d&eacute;cret d&rsquo;application de cette loi est paru au Journal Officiel du 16 mai 2009<\/p>\n<p><a target=\"_blank\" href=\"http:\/\/www.legifrance.gouv.fr\/affichTexte.do;jsessionid=?cidTexte=JORFTEXT000020616980&amp;dateTexte=&amp;oldAction=rechJO&amp;categorieLien=id\" title=\"http:\/\/www.legifrance.gouv.fr\/\">http:\/\/www.legifrance.gouv.fr\/<\/a><\/p>\n        <\/div>\n        \n        \n        <div class=\"ul-element-header text-left  \">\n\n            <h2 class=\"ul-bold  transparent\" style=\"padding:10px;\">\n                                R\u00e9f\u00e9rence                            <\/h2>\n        <\/div>\n                <div class=\"clearfix ul-element-text \">\n            \n<p><a href=\"https:\/\/references.modernisation.gouv.fr\/rgaa-accessibilite\" target=\"_blank\" title=\"https:\/\/references.modernisation.gouv.fr\/rgaa-accessibilite\">https:\/\/references.modernisation.gouv.fr\/rgaa-accessibilite<\/a><\/p>\n<\/p>\n        <\/div>\n        \n        \n        <div class=\"ul-element-header text-left  \">\n\n            <h2 class=\"ul-bold  transparent\" style=\"padding:10px;\">\n                                R\u00e8gles mises en place                            <\/h2>\n        <\/div>\n                <div class=\"clearfix ul-element-text \">\n            \n<p>Ce site web se veut aussi accessible que possible mais n&rsquo;est pas parfait, beaucoup de travail reste &agrave; faire. N&rsquo;h&eacute;siter pas &agrave; nous envoyer vos remarques et vos suggestions &agrave; <a href=\"mailto:webmaster@unilim.fr\">webmaster@unilim.fr<\/a>. Respect des standards : ce site respecte les standards du <a href=\"http:\/\/www.w3.org\/\" rel=\"external\">W3C<\/a> en terme de d&eacute;veloppement de pages web. Seules les pages principales (accueil, contacts, plan du site, moteur de recherche, &hellip; et quelques pages de contenus) ont &eacute;t&eacute; test&eacute;es. Les tailles des blocs composant la page (menus, contenu &hellip;) sont exprim&eacute;es en unit&eacute; relative, leurs dimensions s&rsquo;adaptent donc au contenu. Les tailles des caract&egrave;res sont d&eacute;finies avec des unit&eacute;s proportionnelles, c&rsquo;est-&agrave;-dire que vous pouvez modifier la taille des carat&egrave;res &agrave; votre convenance en utilisant les fonctionnalit&eacute;s de votre navigateur :<\/p>\n<ul>\n<li>dans la plupart des navigateurs : Ctrl + &laquo; molette de la souris &raquo; fonctionne correctement,<\/li>\n<li>Internet Explorer : menu &laquo; Affichage &raquo; -&gt; &laquo; Taille du texte &raquo; et choisissez la taille qui vous convient,<\/li>\n<li>Mozilla, Firefox ou Netscape : faites Ctrl + + pour agrandir le texte et Ctrl + &#8211; pour le diminuer,<\/li>\n<li>Opera : appuyez sur les touches + ou &#8211; du pav&eacute; num&eacute;rique, allez dans dans le menu &laquo; Affichage &raquo; -&gt; &laquo; Zoom &raquo; et choisir le niveau de zoom qui vous convient.<\/li>\n<\/ul>\n<p><strong>Liens d&rsquo;acc&egrave;s direct<\/strong> : une barre de navigation est mise en place en haut de chaque page, elle comporte les liens suivant :<\/p>\n<ul>\n<li>&laquo; Politique d&rsquo;accessibilit&eacute; &raquo; : aller &agrave; la page de la politique d&rsquo;accessibilit&eacute;,<\/li>\n<li>&laquo; Aller au menu &raquo; : place le focus sur la premi&egrave;re entr&eacute;e du menu,<\/li>\n<li>&laquo; Aller au contenu &raquo; : place le focus sur le contenu du corps de la page,<\/li>\n<li>&laquo; Plan du site &raquo; : affiche le plan du site.<\/li>\n<\/ul>\n<p><strong>Des raccourcis clavier<\/strong> sont mis en place pour faciliter la navigation, ils sont bas&eacute;s sur les recommandations du RGAA (cf les sites de r&eacute;f&eacute;rence ci-dessus) :<\/p>\n<ul>\n<li>&laquo; s &raquo; : aller au contenu,<\/li>\n<li>&laquo; 1 &raquo; : aller &agrave; la page d&rsquo;accueil du site,<\/li>\n<li>&laquo; 3 &raquo; : aller au plan du site,<\/li>\n<li>&laquo; 7 &raquo; : aller &agrave; la page des contacts,<\/li>\n<li>&laquo; 0 &raquo; : aller &agrave; la page de la politique d&rsquo;accessibilit&eacute;.<\/li>\n<\/ul>\n<p>L&rsquo;utilisation de ces raccourcis clavier d&eacute;pend de votre navigateur et de votre syst&egrave;me d&rsquo;exploitation : Pour Windows :<\/p>\n<ul>\n<li>Goocle Chrome, Mozilla Firefox, Safari, Netscape : Alt + Shift, puis &laquo; Raccourci clavier &raquo;<\/li>\n<li>Internet Explorer : Alt + &laquo; Raccourci clavier &raquo;, puis Entr&eacute;e<\/li>\n<li>Opera : Esc (&eacute;chappement) + Shift (majuscule), puis &laquo; Raccourci clavier &raquo;<\/li>\n<\/ul>\n<p>Pour Macintosh :<\/p>\n<ul>\n<li>Mozilla, Netscape : Ctrl + &laquo; Raccourci clavier &raquo;<\/li>\n<li>Internet Explorer, Safari : Ctrl + &laquo; Raccourci clavier &raquo;, puis Entr&eacute;e<\/li>\n<li>Opera : Esc (&eacute;chappement) + Shift (majuscule), puis &laquo; Raccourci clavier<\/li>\n<\/ul>\n<p>Pour Linux :<\/p>\n<ul>\n<li>Mozilla Firefox : Alt + &laquo; Raccourci clavier &raquo;<\/li>\n<li>Konqueror (3.3 ou +) : Ctrl, puis &laquo; Raccourci clavier &raquo;<\/li>\n<li>Opera 7 : Esc (&eacute;chappement) + Shift (majuscule), puis &laquo; Raccourci clavier &raquo;<\/li>\n<\/ul>\n        <\/div>\n                <\/div>\n        <\/div>\n            <\/div>\n                  <\/div>\n        \n","protected":false},"excerpt":{"rendered":"","protected":false},"author":1,"featured_media":0,"parent":0,"menu_order":0,"comment_status":"open","ping_status":"open","template":"page-le.php","meta":{"footnotes":""},"class_list":["post-6","page","type-page","status-publish","hentry"],"yoast_head":"<!-- This site is optimized with the Yoast SEO plugin v26.5 - https:\/\/yoast.com\/wordpress\/plugins\/seo\/ -->\n<title>Politique d&#039;accessibilit\u00e9 - Laboratoire d&#039;Excellence \u2211-LIM<\/title>\n<meta name=\"robots\" content=\"index, follow, max-snippet:-1, max-image-preview:large, max-video-preview:-1\" \/>\n<link rel=\"canonical\" href=\"https:\/\/www.unilim.fr\/labex_sigmalim\/politique-daccessibilite\/\" \/>\n<meta property=\"og:locale\" content=\"fr_FR\" \/>\n<meta property=\"og:type\" content=\"article\" \/>\n<meta property=\"og:title\" content=\"Politique d&#039;accessibilit\u00e9 - Laboratoire d&#039;Excellence \u2211-LIM\" \/>\n<meta property=\"og:url\" content=\"https:\/\/www.unilim.fr\/labex_sigmalim\/politique-daccessibilite\/\" \/>\n<meta property=\"og:site_name\" content=\"Laboratoire d&#039;Excellence \u2211-LIM\" \/>\n<meta property=\"article:modified_time\" content=\"2014-12-19T07:10:40+00:00\" \/>\n<meta name=\"twitter:card\" content=\"summary_large_image\" \/>\n<meta name=\"twitter:label1\" content=\"Dur\u00e9e de lecture estim\u00e9e\" \/>\n\t<meta name=\"twitter:data1\" content=\"4 minutes\" \/>\n<script type=\"application\/ld+json\" class=\"yoast-schema-graph\">{\"@context\":\"https:\/\/schema.org\",\"@graph\":[{\"@type\":\"WebPage\",\"@id\":\"https:\/\/www.unilim.fr\/labex_sigmalim\/politique-daccessibilite\/\",\"url\":\"https:\/\/www.unilim.fr\/labex_sigmalim\/politique-daccessibilite\/\",\"name\":\"Politique d'accessibilit\u00e9 - Laboratoire d&#039;Excellence \u2211-LIM\",\"isPartOf\":{\"@id\":\"https:\/\/www.unilim.fr\/labex_sigmalim\/#website\"},\"datePublished\":\"1970-01-01T00:00:00+00:00\",\"dateModified\":\"2014-12-19T07:10:40+00:00\",\"breadcrumb\":{\"@id\":\"https:\/\/www.unilim.fr\/labex_sigmalim\/politique-daccessibilite\/#breadcrumb\"},\"inLanguage\":\"fr-FR\",\"potentialAction\":[{\"@type\":\"ReadAction\",\"target\":[\"https:\/\/www.unilim.fr\/labex_sigmalim\/politique-daccessibilite\/\"]}]},{\"@type\":\"BreadcrumbList\",\"@id\":\"https:\/\/www.unilim.fr\/labex_sigmalim\/politique-daccessibilite\/#breadcrumb\",\"itemListElement\":[{\"@type\":\"ListItem\",\"position\":1,\"name\":\"Accueil\",\"item\":\"https:\/\/www.unilim.fr\/labex_sigmalim\/\"},{\"@type\":\"ListItem\",\"position\":2,\"name\":\"Politique d&rsquo;accessibilit\u00e9\"}]},{\"@type\":\"WebSite\",\"@id\":\"https:\/\/www.unilim.fr\/labex_sigmalim\/#website\",\"url\":\"https:\/\/www.unilim.fr\/labex_sigmalim\/\",\"name\":\"Laboratoire d&#039;Excellence \u2211-LIM\",\"description\":\"Des mat\u00e9riaux et composants c\u00e9ramiques sp\u00e9cifiques aux syst\u00e8mes communicants int\u00e9gr\u00e9s, s\u00e9curis\u00e9s, et intelligents \",\"potentialAction\":[{\"@type\":\"SearchAction\",\"target\":{\"@type\":\"EntryPoint\",\"urlTemplate\":\"https:\/\/www.unilim.fr\/labex_sigmalim\/?s={search_term_string}\"},\"query-input\":{\"@type\":\"PropertyValueSpecification\",\"valueRequired\":true,\"valueName\":\"search_term_string\"}}],\"inLanguage\":\"fr-FR\"}]}<\/script>\n<!-- \/ Yoast SEO plugin. -->","yoast_head_json":{"title":"Politique d'accessibilit\u00e9 - Laboratoire d&#039;Excellence \u2211-LIM","robots":{"index":"index","follow":"follow","max-snippet":"max-snippet:-1","max-image-preview":"max-image-preview:large","max-video-preview":"max-video-preview:-1"},"canonical":"https:\/\/www.unilim.fr\/labex_sigmalim\/politique-daccessibilite\/","og_locale":"fr_FR","og_type":"article","og_title":"Politique d'accessibilit\u00e9 - Laboratoire d&#039;Excellence \u2211-LIM","og_url":"https:\/\/www.unilim.fr\/labex_sigmalim\/politique-daccessibilite\/","og_site_name":"Laboratoire d&#039;Excellence \u2211-LIM","article_modified_time":"2014-12-19T07:10:40+00:00","twitter_card":"summary_large_image","twitter_misc":{"Dur\u00e9e de lecture estim\u00e9e":"4 minutes"},"schema":{"@context":"https:\/\/schema.org","@graph":[{"@type":"WebPage","@id":"https:\/\/www.unilim.fr\/labex_sigmalim\/politique-daccessibilite\/","url":"https:\/\/www.unilim.fr\/labex_sigmalim\/politique-daccessibilite\/","name":"Politique d'accessibilit\u00e9 - Laboratoire d&#039;Excellence \u2211-LIM","isPartOf":{"@id":"https:\/\/www.unilim.fr\/labex_sigmalim\/#website"},"datePublished":"1970-01-01T00:00:00+00:00","dateModified":"2014-12-19T07:10:40+00:00","breadcrumb":{"@id":"https:\/\/www.unilim.fr\/labex_sigmalim\/politique-daccessibilite\/#breadcrumb"},"inLanguage":"fr-FR","potentialAction":[{"@type":"ReadAction","target":["https:\/\/www.unilim.fr\/labex_sigmalim\/politique-daccessibilite\/"]}]},{"@type":"BreadcrumbList","@id":"https:\/\/www.unilim.fr\/labex_sigmalim\/politique-daccessibilite\/#breadcrumb","itemListElement":[{"@type":"ListItem","position":1,"name":"Accueil","item":"https:\/\/www.unilim.fr\/labex_sigmalim\/"},{"@type":"ListItem","position":2,"name":"Politique d&rsquo;accessibilit\u00e9"}]},{"@type":"WebSite","@id":"https:\/\/www.unilim.fr\/labex_sigmalim\/#website","url":"https:\/\/www.unilim.fr\/labex_sigmalim\/","name":"Laboratoire d&#039;Excellence \u2211-LIM","description":"Des mat\u00e9riaux et composants c\u00e9ramiques sp\u00e9cifiques aux syst\u00e8mes communicants int\u00e9gr\u00e9s, s\u00e9curis\u00e9s, et intelligents ","potentialAction":[{"@type":"SearchAction","target":{"@type":"EntryPoint","urlTemplate":"https:\/\/www.unilim.fr\/labex_sigmalim\/?s={search_term_string}"},"query-input":{"@type":"PropertyValueSpecification","valueRequired":true,"valueName":"search_term_string"}}],"inLanguage":"fr-FR"}]}},"_links":{"self":[{"href":"https:\/\/www.unilim.fr\/labex_sigmalim\/wp-json\/wp\/v2\/pages\/6","targetHints":{"allow":["GET"]}}],"collection":[{"href":"https:\/\/www.unilim.fr\/labex_sigmalim\/wp-json\/wp\/v2\/pages"}],"about":[{"href":"https:\/\/www.unilim.fr\/labex_sigmalim\/wp-json\/wp\/v2\/types\/page"}],"author":[{"embeddable":true,"href":"https:\/\/www.unilim.fr\/labex_sigmalim\/wp-json\/wp\/v2\/users\/1"}],"replies":[{"embeddable":true,"href":"https:\/\/www.unilim.fr\/labex_sigmalim\/wp-json\/wp\/v2\/comments?post=6"}],"version-history":[{"count":0,"href":"https:\/\/www.unilim.fr\/labex_sigmalim\/wp-json\/wp\/v2\/pages\/6\/revisions"}],"wp:attachment":[{"href":"https:\/\/www.unilim.fr\/labex_sigmalim\/wp-json\/wp\/v2\/media?parent=6"}],"curies":[{"name":"wp","href":"https:\/\/api.w.org\/{rel}","templated":true}]}}