{"id":592,"date":"2023-02-02T23:00:00","date_gmt":"2021-01-25T16:45:49","guid":{"rendered":"http:\/\/www.unilim.fr\/labex_sigmalim\/?page_id=592"},"modified":"2023-02-03T13:45:23","modified_gmt":"2023-02-03T13:45:23","slug":"valorisation","status":"publish","type":"page","link":"https:\/\/www.unilim.fr\/labex_sigmalim\/valorisation\/","title":{"rendered":"Valorisation"},"content":{"rendered":"        <div class=\"container-fluid  \" style=\"\">\n                      <div class=\"container\">\n                <div class=\"row \" style=\"margin-top: 30px;margin-bottom: 30px\">        <div class=\"col-sm-12 clearfix \">\n            \n        \n        <div class=\"ul-element-header text-left  \">\n\n            <h2 class=\"ul-bold  \" style=\"\">\n                                Valorisation                            <\/h2>\n        <\/div>\n                <div class=\"clearfix ul-element-text \">\n            \n<p style=\"text-align: justify\">&nbsp;<\/p>\n<p style=\"text-align: justify\">La politique de valorisation du LABEX s&rsquo;articule autour de 2 axes : la promotion scientifique (publications, conf\u00e9rences, brevets, etc.) et la promotion \u00e9conomique : cr\u00e9ation ou renforcement de start-ups et de centres de transfert, cr\u00e9ation (ou p\u00e9rennisation) de laboratoires communs avec nos partenaires industriels.<\/p>\n<p style=\"text-align: justify\">Le LABEX b\u00e9n\u00e9ficie d\u2019une forte culture de valorisation au travers de ses deux laboratoires partenaires&nbsp;: XLIM et IRCER qui sont fortement impliqu\u00e9s dans le transfert de technologies et orient\u00e9s vers l\u2019industrie. Cela s\u2019illustre notamment par&nbsp;:<\/p>\n<p style=\"text-align: justify\">En d\u00e9cembre 2021, le LABEX a lanc\u00e9 un <a href=\"https:\/\/www.unilim.fr\/labex_sigmalim\/appels-a-candidatures\/\">programme de pr\u00e9-maturation en partenariat avec l&rsquo;AVRUL (Ali\u00e9nor Transfert et l&rsquo;Universit\u00e9 de Limoges) et le CNRS<\/a>.<\/p>\n        <\/div>\n                <\/div>\n        <\/div>\n            <\/div>\n                  <\/div>\n                <div class=\"container-fluid bg-primary \" style=\"\">\n                      <div class=\"container\">\n                <div class=\"row \" style=\"margin-top: 30px;margin-bottom: 30px\">        <div class=\"col-sm-12 clearfix \">\n                    <div class=\"clearfix ul-element-text \">\n            \n<p style=\"text-align: center\"><a href=\"https:\/\/www.unilim.fr\/labex_sigmalim\/wp-content\/uploads\/sites\/8\/2023\/02\/12@300x.png\" class=\"\"><img loading=\"lazy\" decoding=\"async\" alt=\"\" src=\"https:\/\/www.unilim.fr\/labex_sigmalim\/wp-content\/uploads\/sites\/8\/2023\/02\/12@300x.png\" class=\"aligncenter wp-image-1755\" width=\"48\" height=\"41\"><\/a>laboratoires communs avec des entreprises<\/p>\n        <\/div>\n                <div class=\"clearfix ul-element-text \">\n            \n<p style=\"text-align: center\"><a href=\"https:\/\/www.unilim.fr\/labex_sigmalim\/wp-content\/uploads\/sites\/8\/2023\/02\/32@300x-1.png\" class=\"\"><img loading=\"lazy\" decoding=\"async\" alt=\"\" src=\"https:\/\/www.unilim.fr\/labex_sigmalim\/wp-content\/uploads\/sites\/8\/2023\/02\/32@300x-1.png\" class=\"aligncenter wp-image-1757\" width=\"55\" height=\"39\"><\/a>cr\u00e9ations de startups depuis 2001<br \/>(<a href=\"https:\/\/3dceram.com\">3D Ceram<\/a>, <a href=\"http:\/\/www.ceradrop.com\/\">Ceradrop<\/a>, GST, <a href=\"https:\/\/www.ferlim.fr\/\">Ferlim<\/a>, <a href=\"https:\/\/www.amcad-engineering.com\/\">AMCAD Engineering<\/a>, <a href=\"https:\/\/www.idline.fr\/devopsys\/\">Devopsys<\/a>, <a href=\"https:\/\/www.pearl-sas.com\/\">Pearl<\/a>, <a href=\"https:\/\/www.leukos-laser.com\/\">Leukos<\/a>, Horus Laser, Wytek, Novae, <a href=\"https:\/\/www.glophotonics.fr\/\">Glophotonics<\/a>, <a href=\"https:\/\/www.airmems.com\/\">Airmems<\/a>, TCM, <a href=\"http:\/\/kamax-innovative.com\/\">KAMAX Innovative System<\/a>, <a href=\"http:\/\/dyameo.com\/\">Dyameo<\/a>, <a href=\"https:\/\/www.addidream.com\/\">Addidream<\/a>, 3D Minerals, GAT, <a href=\"https:\/\/www.naiobee.fr\/\">NAIoBEE<\/a>, Cogniscan, etc.)<\/p>\n        <\/div>\n                <div class=\"clearfix ul-element-text \">\n            \n<p style=\"text-align: center\"><a href=\"https:\/\/www.unilim.fr\/labex_sigmalim\/wp-content\/uploads\/sites\/8\/2023\/02\/77@300x.png\" class=\"\"><img loading=\"lazy\" decoding=\"async\" alt=\"\" src=\"https:\/\/www.unilim.fr\/labex_sigmalim\/wp-content\/uploads\/sites\/8\/2023\/02\/77@300x.png\" class=\"aligncenter wp-image-1751\" width=\"55\" height=\"39\"><\/a>brevets et 24 licences actifs<\/p>\n        <\/div>\n                <\/div>\n        <\/div>\n            <\/div>\n                  <\/div>\n                <div class=\"container-fluid  \" style=\"\">\n                      <div class=\"container\">\n                <div class=\"row \" style=\"margin-top: 30px;margin-bottom: 30px\">        <div class=\"col-sm-12 clearfix \">\n                    <div class=\"clearfix ul-element-text \">\n            \n<p style=\"text-align: justify\">Les activit\u00e9s de XLIM et de l\u2019IRCER se caract\u00e9risent par un impact socio-\u00e9conomique important dans les secteurs de l&rsquo;environnement, de l&rsquo;\u00e9nergie, des t\u00e9l\u00e9communications, de l&rsquo;espace, de la s\u00e9curit\u00e9, de l&rsquo;instrumentation, de la sant\u00e9, des biens de consommation et du contenu num\u00e9rique sp\u00e9cialis\u00e9.<\/p>\n<p style=\"text-align: justify\">\u03a3-LIM s&rsquo;appuie \u00e9galement sur des structures dont l&rsquo;efficacit\u00e9 en mati\u00e8re de d\u00e9tection des projets, de maturation des projets de start-ups et de soutien aux brevets est d\u00e9montr\u00e9e depuis plusieurs ann\u00e9es : p\u00f4les de comp\u00e9titivit\u00e9 (Ceramic et Alpha-RLH), centres de transfert (CISTEME, CTTC, CITRA), AVRUL (Valorisation Universitaire), SPV (Valorisation CNRS), R\u00e9gion Nouvelle Aquitaine.<\/p>\n<p style=\"text-align: justify\">L&rsquo;AVRUL, en particulier, a un r\u00f4le cl\u00e9 dans la promotion locale pour XLIM et IRCER. Elle soutient les laboratoires pour la d\u00e9tection des projets innovants, leur maturation et va jusqu&rsquo;\u00e0 accompagner les \u00ab\u00a0porteurs\u00a0\u00bb dans leur cr\u00e9ation d&rsquo;entreprises en R\u00e9gion, tant au niveau l\u00e9gislatif, que financier et administratif. Gr\u00e2ce \u00e0 cette structure, l&rsquo;Universit\u00e9 de Limoges est class\u00e9e en 2019, 1\u00e8re nationale pour le nombre de contrats de propri\u00e9t\u00e9 industrielle sign\u00e9s et 4\u1d49 pour le nombre de cr\u00e9ations d&rsquo;entreprises.&nbsp;&nbsp;<\/p>\n<p style=\"text-align: center\"><\/p>\n<table class=\"tinymce-table-class\" style=\"height: 85px;margin-left: auto;margin-right: auto\" width=\"924\">\n<tbody>\n<tr>\n<td><a href=\"https:\/\/www.cerameurop.com\"><img loading=\"lazy\" decoding=\"async\" alt=\"\" src=\"https:\/\/www.unilim.fr\/labex_sigmalim\/wp-content\/uploads\/sites\/8\/2016\/05\/pec.jpg\" class=\"aligncenter wp-image-425\" width=\"148\" height=\"48\" srcset=\"https:\/\/www.unilim.fr\/labex_sigmalim\/wp-content\/uploads\/sites\/8\/2016\/05\/pec.jpg 394w, https:\/\/www.unilim.fr\/labex_sigmalim\/wp-content\/uploads\/sites\/8\/2016\/05\/pec-300x97.jpg 300w\" sizes=\"auto, (max-width: 148px) 100vw, 148px\" \/><\/a><\/td>\n<td><a href=\"https:\/\/www.alpha-rlh.com\"><img loading=\"lazy\" decoding=\"async\" alt=\"\" src=\"https:\/\/www.unilim.fr\/labex_sigmalim\/wp-content\/uploads\/sites\/8\/2017\/07\/RLH_QUADRI.jpg\" class=\"aligncenter wp-image-514\" width=\"115\" height=\"39\" srcset=\"https:\/\/www.unilim.fr\/labex_sigmalim\/wp-content\/uploads\/sites\/8\/2017\/07\/RLH_QUADRI.jpg 1955w, https:\/\/www.unilim.fr\/labex_sigmalim\/wp-content\/uploads\/sites\/8\/2017\/07\/RLH_QUADRI-300x102.jpg 300w, https:\/\/www.unilim.fr\/labex_sigmalim\/wp-content\/uploads\/sites\/8\/2017\/07\/RLH_QUADRI-768x260.jpg 768w, https:\/\/www.unilim.fr\/labex_sigmalim\/wp-content\/uploads\/sites\/8\/2017\/07\/RLH_QUADRI-1024x347.jpg 1024w, https:\/\/www.unilim.fr\/labex_sigmalim\/wp-content\/uploads\/sites\/8\/2017\/07\/RLH_QUADRI-1200x400.jpg 1200w\" sizes=\"auto, (max-width: 115px) 100vw, 115px\" \/><\/a><\/td>\n<td><a href=\"https:\/\/cisteme.net\/\"><img loading=\"lazy\" decoding=\"async\" alt=\"\" src=\"https:\/\/www.unilim.fr\/labex_sigmalim\/wp-content\/uploads\/sites\/8\/2016\/05\/CISTEME.jpg\" class=\"aligncenter wp-image-429\" width=\"138\" height=\"38\" srcset=\"https:\/\/www.unilim.fr\/labex_sigmalim\/wp-content\/uploads\/sites\/8\/2016\/05\/CISTEME.jpg 422w, https:\/\/www.unilim.fr\/labex_sigmalim\/wp-content\/uploads\/sites\/8\/2016\/05\/CISTEME-300x82.jpg 300w\" sizes=\"auto, (max-width: 138px) 100vw, 138px\" \/><\/a><\/td>\n<td><a href=\"https:\/\/www.citra-limousin.com\/\"><img loading=\"lazy\" decoding=\"async\" alt=\"\" src=\"https:\/\/www.unilim.fr\/labex_sigmalim\/wp-content\/uploads\/sites\/8\/2021\/02\/LogoCITRA.png\" class=\"aligncenter wp-image-852\" width=\"103\" height=\"42\" srcset=\"https:\/\/www.unilim.fr\/labex_sigmalim\/wp-content\/uploads\/sites\/8\/2021\/02\/LogoCITRA.png 1360w, https:\/\/www.unilim.fr\/labex_sigmalim\/wp-content\/uploads\/sites\/8\/2021\/02\/LogoCITRA-300x123.png 300w, https:\/\/www.unilim.fr\/labex_sigmalim\/wp-content\/uploads\/sites\/8\/2021\/02\/LogoCITRA-768x315.png 768w, https:\/\/www.unilim.fr\/labex_sigmalim\/wp-content\/uploads\/sites\/8\/2021\/02\/LogoCITRA-1024x420.png 1024w\" sizes=\"auto, (max-width: 103px) 100vw, 103px\" \/><\/a><\/td>\n<td><a href=\"https:\/\/www.cttc.fr\/\"><img loading=\"lazy\" decoding=\"async\" alt=\"\" src=\"https:\/\/www.unilim.fr\/labex_sigmalim\/wp-content\/uploads\/sites\/8\/2016\/05\/cttc.jpg\" class=\"aligncenter wp-image-432\" width=\"114\" height=\"29\" srcset=\"https:\/\/www.unilim.fr\/labex_sigmalim\/wp-content\/uploads\/sites\/8\/2016\/05\/cttc.jpg 447w, https:\/\/www.unilim.fr\/labex_sigmalim\/wp-content\/uploads\/sites\/8\/2016\/05\/cttc-300x76.jpg 300w\" sizes=\"auto, (max-width: 114px) 100vw, 114px\" \/><\/a><\/td>\n<td><a href=\"https:\/\/www.avrul.fr\/\"><img loading=\"lazy\" decoding=\"async\" alt=\"\" src=\"https:\/\/www.unilim.fr\/labex_sigmalim\/wp-content\/uploads\/sites\/8\/2021\/02\/LogoAVRUL-1.png\" class=\"aligncenter wp-image-861\" width=\"107\" height=\"48\"><\/a><\/td>\n<td><a href=\"https:\/\/www.cnrsinnovation.com\/\"><img loading=\"lazy\" decoding=\"async\" alt=\"\" src=\"https:\/\/www.unilim.fr\/labex_sigmalim\/wp-content\/uploads\/sites\/8\/2021\/02\/LogoCNRSVal-1-e1616113687754.png\" class=\"aligncenter wp-image-939\" width=\"55\" height=\"57\"><\/a><\/td>\n<\/tr>\n<\/tbody>\n<\/table>\n<p><\/p>\n        <\/div>\n                <\/div>\n        <\/div>\n            <\/div>\n                  <\/div>\n        \n","protected":false},"excerpt":{"rendered":"","protected":false},"author":194,"featured_media":0,"parent":0,"menu_order":0,"comment_status":"closed","ping_status":"closed","template":"page-le.php","meta":{"footnotes":""},"class_list":["post-592","page","type-page","status-publish","hentry"],"yoast_head":"<!-- This site is optimized with the Yoast SEO plugin v26.5 - https:\/\/yoast.com\/wordpress\/plugins\/seo\/ -->\n<title>Valorisation - Laboratoire d&#039;Excellence \u2211-LIM<\/title>\n<meta name=\"robots\" content=\"index, follow, max-snippet:-1, max-image-preview:large, max-video-preview:-1\" \/>\n<link rel=\"canonical\" href=\"https:\/\/www.unilim.fr\/labex_sigmalim\/valorisation\/\" \/>\n<meta property=\"og:locale\" content=\"fr_FR\" \/>\n<meta property=\"og:type\" content=\"article\" \/>\n<meta property=\"og:title\" content=\"Valorisation - Laboratoire d&#039;Excellence \u2211-LIM\" \/>\n<meta property=\"og:url\" content=\"https:\/\/www.unilim.fr\/labex_sigmalim\/valorisation\/\" \/>\n<meta property=\"og:site_name\" content=\"Laboratoire d&#039;Excellence \u2211-LIM\" \/>\n<meta property=\"article:modified_time\" content=\"2023-02-03T13:45:23+00:00\" \/>\n<meta property=\"og:image\" content=\"https:\/\/www.unilim.fr\/labex_sigmalim\/wp-content\/uploads\/sites\/8\/2023\/02\/12@300x.png\" \/>\n\t<meta property=\"og:image:width\" content=\"237\" \/>\n\t<meta property=\"og:image:height\" content=\"201\" \/>\n\t<meta property=\"og:image:type\" content=\"image\/png\" \/>\n<meta name=\"twitter:card\" content=\"summary_large_image\" \/>\n<meta name=\"twitter:label1\" content=\"Dur\u00e9e de lecture estim\u00e9e\" \/>\n\t<meta name=\"twitter:data1\" content=\"2 minutes\" \/>\n<script type=\"application\/ld+json\" class=\"yoast-schema-graph\">{\"@context\":\"https:\/\/schema.org\",\"@graph\":[{\"@type\":\"WebPage\",\"@id\":\"https:\/\/www.unilim.fr\/labex_sigmalim\/valorisation\/\",\"url\":\"https:\/\/www.unilim.fr\/labex_sigmalim\/valorisation\/\",\"name\":\"Valorisation - Laboratoire d&#039;Excellence \u2211-LIM\",\"isPartOf\":{\"@id\":\"https:\/\/www.unilim.fr\/labex_sigmalim\/#website\"},\"primaryImageOfPage\":{\"@id\":\"https:\/\/www.unilim.fr\/labex_sigmalim\/valorisation\/#primaryimage\"},\"image\":{\"@id\":\"https:\/\/www.unilim.fr\/labex_sigmalim\/valorisation\/#primaryimage\"},\"thumbnailUrl\":\"https:\/\/www.unilim.fr\/labex_sigmalim\/wp-content\/uploads\/sites\/8\/2023\/02\/12@300x.png\",\"datePublished\":\"2021-01-25T16:45:49+00:00\",\"dateModified\":\"2023-02-03T13:45:23+00:00\",\"breadcrumb\":{\"@id\":\"https:\/\/www.unilim.fr\/labex_sigmalim\/valorisation\/#breadcrumb\"},\"inLanguage\":\"fr-FR\",\"potentialAction\":[{\"@type\":\"ReadAction\",\"target\":[\"https:\/\/www.unilim.fr\/labex_sigmalim\/valorisation\/\"]}]},{\"@type\":\"ImageObject\",\"inLanguage\":\"fr-FR\",\"@id\":\"https:\/\/www.unilim.fr\/labex_sigmalim\/valorisation\/#primaryimage\",\"url\":\"https:\/\/www.unilim.fr\/labex_sigmalim\/wp-content\/uploads\/sites\/8\/2023\/02\/12@300x.png\",\"contentUrl\":\"https:\/\/www.unilim.fr\/labex_sigmalim\/wp-content\/uploads\/sites\/8\/2023\/02\/12@300x.png\"},{\"@type\":\"BreadcrumbList\",\"@id\":\"https:\/\/www.unilim.fr\/labex_sigmalim\/valorisation\/#breadcrumb\",\"itemListElement\":[{\"@type\":\"ListItem\",\"position\":1,\"name\":\"Accueil\",\"item\":\"https:\/\/www.unilim.fr\/labex_sigmalim\/\"},{\"@type\":\"ListItem\",\"position\":2,\"name\":\"Valorisation\"}]},{\"@type\":\"WebSite\",\"@id\":\"https:\/\/www.unilim.fr\/labex_sigmalim\/#website\",\"url\":\"https:\/\/www.unilim.fr\/labex_sigmalim\/\",\"name\":\"Laboratoire d&#039;Excellence \u2211-LIM\",\"description\":\"Des mat\u00e9riaux et composants c\u00e9ramiques sp\u00e9cifiques aux syst\u00e8mes communicants int\u00e9gr\u00e9s, s\u00e9curis\u00e9s, et intelligents \",\"potentialAction\":[{\"@type\":\"SearchAction\",\"target\":{\"@type\":\"EntryPoint\",\"urlTemplate\":\"https:\/\/www.unilim.fr\/labex_sigmalim\/?s={search_term_string}\"},\"query-input\":{\"@type\":\"PropertyValueSpecification\",\"valueRequired\":true,\"valueName\":\"search_term_string\"}}],\"inLanguage\":\"fr-FR\"}]}<\/script>\n<!-- \/ Yoast SEO plugin. -->","yoast_head_json":{"title":"Valorisation - Laboratoire d&#039;Excellence \u2211-LIM","robots":{"index":"index","follow":"follow","max-snippet":"max-snippet:-1","max-image-preview":"max-image-preview:large","max-video-preview":"max-video-preview:-1"},"canonical":"https:\/\/www.unilim.fr\/labex_sigmalim\/valorisation\/","og_locale":"fr_FR","og_type":"article","og_title":"Valorisation - Laboratoire d&#039;Excellence \u2211-LIM","og_url":"https:\/\/www.unilim.fr\/labex_sigmalim\/valorisation\/","og_site_name":"Laboratoire d&#039;Excellence \u2211-LIM","article_modified_time":"2023-02-03T13:45:23+00:00","og_image":[{"width":237,"height":201,"url":"https:\/\/www.unilim.fr\/labex_sigmalim\/wp-content\/uploads\/sites\/8\/2023\/02\/12@300x.png","type":"image\/png"}],"twitter_card":"summary_large_image","twitter_misc":{"Dur\u00e9e de lecture estim\u00e9e":"2 minutes"},"schema":{"@context":"https:\/\/schema.org","@graph":[{"@type":"WebPage","@id":"https:\/\/www.unilim.fr\/labex_sigmalim\/valorisation\/","url":"https:\/\/www.unilim.fr\/labex_sigmalim\/valorisation\/","name":"Valorisation - Laboratoire d&#039;Excellence \u2211-LIM","isPartOf":{"@id":"https:\/\/www.unilim.fr\/labex_sigmalim\/#website"},"primaryImageOfPage":{"@id":"https:\/\/www.unilim.fr\/labex_sigmalim\/valorisation\/#primaryimage"},"image":{"@id":"https:\/\/www.unilim.fr\/labex_sigmalim\/valorisation\/#primaryimage"},"thumbnailUrl":"https:\/\/www.unilim.fr\/labex_sigmalim\/wp-content\/uploads\/sites\/8\/2023\/02\/12@300x.png","datePublished":"2021-01-25T16:45:49+00:00","dateModified":"2023-02-03T13:45:23+00:00","breadcrumb":{"@id":"https:\/\/www.unilim.fr\/labex_sigmalim\/valorisation\/#breadcrumb"},"inLanguage":"fr-FR","potentialAction":[{"@type":"ReadAction","target":["https:\/\/www.unilim.fr\/labex_sigmalim\/valorisation\/"]}]},{"@type":"ImageObject","inLanguage":"fr-FR","@id":"https:\/\/www.unilim.fr\/labex_sigmalim\/valorisation\/#primaryimage","url":"https:\/\/www.unilim.fr\/labex_sigmalim\/wp-content\/uploads\/sites\/8\/2023\/02\/12@300x.png","contentUrl":"https:\/\/www.unilim.fr\/labex_sigmalim\/wp-content\/uploads\/sites\/8\/2023\/02\/12@300x.png"},{"@type":"BreadcrumbList","@id":"https:\/\/www.unilim.fr\/labex_sigmalim\/valorisation\/#breadcrumb","itemListElement":[{"@type":"ListItem","position":1,"name":"Accueil","item":"https:\/\/www.unilim.fr\/labex_sigmalim\/"},{"@type":"ListItem","position":2,"name":"Valorisation"}]},{"@type":"WebSite","@id":"https:\/\/www.unilim.fr\/labex_sigmalim\/#website","url":"https:\/\/www.unilim.fr\/labex_sigmalim\/","name":"Laboratoire d&#039;Excellence \u2211-LIM","description":"Des mat\u00e9riaux et composants c\u00e9ramiques sp\u00e9cifiques aux syst\u00e8mes communicants int\u00e9gr\u00e9s, s\u00e9curis\u00e9s, et intelligents ","potentialAction":[{"@type":"SearchAction","target":{"@type":"EntryPoint","urlTemplate":"https:\/\/www.unilim.fr\/labex_sigmalim\/?s={search_term_string}"},"query-input":{"@type":"PropertyValueSpecification","valueRequired":true,"valueName":"search_term_string"}}],"inLanguage":"fr-FR"}]}},"_links":{"self":[{"href":"https:\/\/www.unilim.fr\/labex_sigmalim\/wp-json\/wp\/v2\/pages\/592","targetHints":{"allow":["GET"]}}],"collection":[{"href":"https:\/\/www.unilim.fr\/labex_sigmalim\/wp-json\/wp\/v2\/pages"}],"about":[{"href":"https:\/\/www.unilim.fr\/labex_sigmalim\/wp-json\/wp\/v2\/types\/page"}],"author":[{"embeddable":true,"href":"https:\/\/www.unilim.fr\/labex_sigmalim\/wp-json\/wp\/v2\/users\/194"}],"replies":[{"embeddable":true,"href":"https:\/\/www.unilim.fr\/labex_sigmalim\/wp-json\/wp\/v2\/comments?post=592"}],"version-history":[{"count":0,"href":"https:\/\/www.unilim.fr\/labex_sigmalim\/wp-json\/wp\/v2\/pages\/592\/revisions"}],"wp:attachment":[{"href":"https:\/\/www.unilim.fr\/labex_sigmalim\/wp-json\/wp\/v2\/media?parent=592"}],"curies":[{"name":"wp","href":"https:\/\/api.w.org\/{rel}","templated":true}]}}