{"id":583,"date":"2023-05-03T22:00:00","date_gmt":"2021-01-25T16:44:50","guid":{"rendered":"http:\/\/www.unilim.fr\/labex_sigmalim\/?page_id=583"},"modified":"2024-11-21T15:43:32","modified_gmt":"2024-11-21T15:43:32","slug":"documentation","status":"publish","type":"page","link":"https:\/\/www.unilim.fr\/labex_sigmalim\/documentation\/","title":{"rendered":"Documentation"},"content":{"rendered":"        <div class=\"container-fluid  \" style=\"\">\n                      <div class=\"container\">\n                <div class=\"row \" style=\"margin-top: 30px;margin-bottom: 30px\">        <div class=\"col-sm-8 clearfix \">\n            <div style=\"padding:10px 30px;\" class=\"bg-white\">\n        \n        <div class=\"ul-element-header text-left  \">\n\n            <h2 class=\"ul-bold  \" style=\"\">\n                                    <i class=\"fa fa-fw fa-angle-right\"><\/i>\n                                Publications                            <\/h2>\n        <\/div>\n                <div class=\"clearfix ul-element-text \">\n            \n        <\/div>\n                <div class=\"\">\n                        <div class=\"panel panel-default\">\n                              <div class=\"panel-heading\">\n                    <h3 class=\"panel-title\"><i class=\"fa fa-fw fa-arrow-right\"><\/i>S\u00e9lection 2023<\/h3>\n                <\/div>\n                              <div class=\"panel-body\">\n                  \n<ul>\n<li><a href=\"https:\/\/doi.org\/10.1038\/s41377-023-01345-6\">Zhu S. <em>et al.<\/em>, Label-free biosensing with singular-phase-enhanced lateral position shift based on atomically thin plasmonic nanomaterials &#8211; <strong>Light: Science and Applications<\/strong>, accepted2023, 13 (1),2. <\/a><\/li>\n<li><a href=\"https:\/\/doi.org\/10.1021\/acsnano.2c09741\">D. Nelli, EL Koraychy, M. Cerbelaud, B. Crespin, A. Videcoq, A. Giacomello, R. Ferrando, Two-Steps Versus One-Step Solidification Pathways of Binary Metallic Nanodroplets &#8211; <strong>ACS Nano<\/strong>, 17(1), pp. 587-596 (2023), <\/a><\/li>\n<li><a href=\"https:\/\/doi.org\/10.1002\/solr.202200756\">I Zamkoy\u00e9, J. Boucl\u00e9, Leclerc N., Lucas B., Vedraine S., Silver Nanowire Electrodes Integrated in Organic Solar Cells with Thick Active Layer Based on a Low-Cost Donor Polymer &#8211; <strong>Solar RRL<\/strong>, 7(2), 2200756, 2023,<\/a><\/li>\n<li><a href=\"http:\/\/Doi: 10.1016\/j.jobe.2023.107062\">El Khessaimi, Y., El Hafiane, Y., Smith, A., Peyratout, C., Tamine, K., Adly, S., &amp; Barkatou, M., \u201cMachine learning-based prediction of compressive strength for limestone calcined clay cements\u201d, <strong>Journal of Building Engineering<\/strong> (2023), 107062.<\/a><\/li>\n<li>C. Perri\u00e8re, R. Boulesteix, A. Ma\u00eetre, and A. Jalocha, Study of sintering mechanisms of Ca-doped yttrium aluminum garnet ceramics: From nanostructure to macroscopic behaviour &#8211; <strong>Journal of the European Ceramic Society<\/strong>, 43 [2], 565\u2013575 (2023).<\/li>\n<li><strong>\u00a0<\/strong>Goicoechea C., Billote T., Chafer M., Maurel M., Jouin J., Thomas P., Naik D., Gerome F., Debord B., Benabide F.: \u00ab Fabrication and characterization of iodine photonic microcell for sub-doppler spectroscopy and laser stabilization \u00bb &#8211; <strong>Optics Express<\/strong>, Vol. 31, No 10, pp. 15316-15325, (2023).<\/li>\n<li><a href=\"https:\/\/doi.org\/10.3390\/jfb14090460\">Usseglio J. <em>et al.<\/em>, Microporous Hydroxyapatite-Based Ceramics Alter the Physiology of Endothelial Cells through Physical and Chemical Cues &#8211; <strong>Journal of Functional Biomaterials<\/strong>, 2023, 14, 460<\/a><\/li>\n<li><a href=\"https:\/\/doi.org\/10.1002\/pssr.202200505\">Roginskii E.M., Raghvender R., Noguera O., Thomas P., Masson O., Bouzid A., Ab initio Study of the Raman Spectra of Amorphous Oxides: Insights into the Boson Peak Nature in Glassy TeO<sub>2 &#8211; <\/sub><strong>Physica Status Solidi, Rapid Research Letters<\/strong>, 17(4), 2200505, 2023,<\/a><\/li>\n<li><a href=\"https:\/\/doi.org\/10.1021\/acs.jpcb.2c07291\">Tanaka K. <em>et al.<\/em>, Label-free identification of spore-forming bacteria using ultrabroadband multiplex coherent anti-Stokes Raman scattering microspectroscopy &#8211; <strong>The Journal of Physical Chemistry B<\/strong>, 2023, 127, 9, 1940-1946.<\/a> <u><\/u><\/li>\n<li><a href=\"https:\/\/doi.org\/10.1016\/j.biosx.2023.100391\">Hedhly M. <em>et al.<\/em>, Ultra-sensitive real-time detection of cancer-derived exosomes directly from cell supernatants by a large Goos-H\u00e4nchen signal generation on plasmonic sensing interface, <strong>Biosensors and Bioelectronics: X<\/strong>, 5, 100391, 2023<\/a><\/li>\n<\/ul>\n<p>&nbsp;<\/p>\n                <\/div>\n                          <\/div>\n                    <\/div>\n                <div class=\"\">\n                        <div class=\"panel panel-default\">\n                              <div class=\"panel-heading\">\n                    <h3 class=\"panel-title\"><i class=\"fa fa-fw fa-arrow-right\"><\/i>S\u00e9lection 2022<\/h3>\n                <\/div>\n                              <div class=\"panel-body\">\n                  \n<ul>\n<li><a href=\"https:\/\/doi.org\/10.4028\/p-zn71xt\">Danty et al., \u201cProcessing by Laser Stereolithography and In Vitro Biological Evaluation of Hydroxyapatite Scaffolds Mimicking Human Trabecular Bone Architecture,\u201d Advanced Technologies in Solid-State Materials Research, Solid State Phenomena, 2022, Vol. 339, pp 103-108<\/a><\/li>\n<li><a href=\"https:\/\/doi.org\/10.3389\/fbiom.2022.942104\">Magnaudeix, \u201cReview article: Calcium phosphate bioceramics: From cell behavior to chemical-physical properties,\u201d Frontiers in Biomaterials Science, 2022<\/a><\/li>\n<li><a href=\"https:\/\/doi.org\/10.1117\/12.2626342\">Murakami et al., \u201cToward whole brain label-free molecular imaging with single-cell resolution using ultra-broadband multiplex CARS microspectroscopy,\u201d Proc. SPIE PC11973, Advanced Chemical Microscopy for Life Science and Translational Medicine, 2022<\/a><\/li>\n<li><a href=\"https:\/\/www.mdpi.com\/1996-1944\/15\/19\/6533\/htm\">C. Yildirim, F. Devoize, P.-M. Geffroy, F. Dumas-Bouchiat, J. Boucl\u00e9, S. Vedraine*, \u201cElectrical and optical properties of CaTi1-yFeyO3-\u03b4 perovskite films as interlayers for optoelectronic applications\u201d, Materials 15 (2022) 6533<\/a><\/li>\n<li><a href=\"https:\/\/www.mdpi.com\/1996-1944\/15\/22\/7992\">F. Bouihi, B. Schmaltz, F. Mathevet, D. Kreher, J. Faure-vincent, C. Yildirim, A. Elhakmoui, J. Boucl\u00e9, M. Akssira, M. Abarbri, F. Tran-Van, \u201cD-\u03c0-A-type pyrazolo[1,5-a]pyrimidine-based hole-transporting materials for perovskite solar cells: effect of the functionalization position\u201d, Materials 15 (2022) 7992<\/a><\/li>\n<li><a href=\"https:\/\/chemistry-europe.onlinelibrary.wiley.com\/doi\/abs\/10.1002\/ejic.202200490\">E. Breniaux, P. Dufour, S. Karthick, C. Yildirim, J. Boucl\u00e9, S. Vedraine, N. Ratel-Ramond, C. Tenailleau, \u201cPerovskite CsPbI2Br thin films prepared under nitrogen flow and black phase stabilization in the presence of a two-dimensional inorganic halide material and indium\u201d, European Journal of Inorganic Chemistry (2022) e202200490<\/a><\/li>\n<li><a href=\"https:\/\/doi.org\/10.1016\/j.ceramint.2022.01.354\">Feasibility of manufacturing of Al2O3\u2013Mo HTCC by hybrid additive process, M\u00e9gane Bernard, Vincent Pateloup, Damien Passerieux, Dominique Cros, Val\u00e9rie Madrangeas, Thierry Chartier Ceramics international, 48, 2022, pages 14993-15005 <\/a><\/li>\n<li><a href=\"https:\/\/doi.org\/10.1016\/j.tsf.2022.139461\">Structural and electrical properties of high-performance vanadium dioxide thin layers obtained by reactive magnetron sputtering. Eduard-Nicolae Sirjita, Alexandre Boulle, Jean-Christophe Orlianges, Richard Mayet, Aurelian Crunteanu. Thin Solid Films, Elsevier, 2022, 759,pp.139461.\u27e810.1016\/j.tsf.2022.139461\u27e9.\u27e8hal-03767719\u27e9 <\/a><\/li>\n<li><a href=\"https:\/\/doi.org\/10.1016\/j.apsusc.2022.152592\"> Adaptive metal-semiconductor periodic arrays for infrared optical modulation A.I. BERCEA, C. CHAMPEAUX, A. BOULLE, C. CONSTANTINESCU, J. CORNETTE, M. COLAS, S. VEDRAINE, F. DUMAS-BOUCHIAT, Applied Surface Science 585 7315 (2022) pp152595<\/a><\/li>\n<li><a href=\"https:\/\/doi.org\/10.1016\/j.jnoncrysol.2022.121953\">Marine Cholin, C\u00e9cile Genevois, Pierre Carles, Julie Cornette, S\u00e9bastien Chenu, Mathieu Allix, Ga\u00eblle Delaizir, Philippe Thomas, Vincent Couderc, Jean-Ren\u00e9 Ducl\u00e8re, Highly transparent bismuth borotellurite glass-ceramics: Comprehension of crystallization mechanisms, J. Non-Cryst. Solids, 598 (2022) 121953 <\/a><\/li>\n<li><a href=\"https:\/\/doi.org\/10.1016\/j.jeurceramsoc.2022.10.027\">C. Perri\u00e8re, R. Boulesteix, A. Ma\u00eetre, A. Jalocha, Study of sintering mechanisms of Ca-doped yttrium aluminum garnet ceramics: From nanostructure to macroscopic behaviour, Journal of the European Ceramic Society, 43 [2], 565\u2013575 (2022) https:\/\/doi.org\/10.1016\/j.jeurceramsoc.2022.10.027<\/a><\/li>\n<li>Mario Ferraro, Maria C Crocco, Fabio Mangini, Maxime Jonard, Francesco Sangiovanni, Mario Zitelli, Raffaele Filosa, Joseph J Beltrano, Antonio De Luca, Riccardo C Barberi, Raffaele G Agostino, Vincent Couderc, Stefan Wabnitz, Vincenzo Formoso, \u00abX-ray computed \u00b5-tomography for the characterization of optical fibers\u00bb, Optical Materials Express 12 (11), 4210-4222 (2022).<\/li>\n<\/ul>\n<p>&nbsp;<\/p>\n                <\/div>\n                          <\/div>\n                    <\/div>\n                <div class=\"\">\n                        <div class=\"panel panel-default\">\n                              <div class=\"panel-heading\">\n                    <h3 class=\"panel-title\"><i class=\"fa fa-fw fa-arrow-right\"><\/i>S\u00e9lection 2021<\/h3>\n                <\/div>\n                              <div class=\"panel-body\">\n                  \n<ul>\n<li>\n<p style=\"text-align: justify\"><a href=\"https:\/\/doi.org\/10.1016\/j.ceramint.2021.01.225\">Bazin et al., \u201cSintering and biocompatibility of copper-doped hydroxyapatite bioceramics,\u201d Ceramics International, 2021.<\/a><\/p>\n<\/li>\n<li style=\"text-align: justify\"><a href=\"https:\/\/doi.org\/10.1016\/j.msec.2020.111320\">De Araujo Bastos Santana et al., \u201cBioactivity in SBF versus trace element effects: The isolated role of Mg2+ and Zn2+ in osteoblast behavior,\u201d Materials Science and Engineering C 118, 111320, 2021. <\/a><\/li>\n<li>\n<p style=\"text-align: justify\"><a href=\"https:\/\/doi.org\/10.1016\/j.powtec.2021.02.004\">Schappo et al., \u201cScreening method for producing suitable spray-dried HA powder for SLS application,\u201d Powder Technology 384, 62, 2021. <\/a><\/p>\n<\/li>\n<li><a href=\"https:\/\/www.centre-limousin-poitou-charentes.cnrs.fr\/sites\/delegation_dr8\/files\/page\/2021-02\/Microscoop_WEB_Janvier%202021.pdf\">Magnaudeix, Champion, Leproux, Carr\u00e9, \u00ab\u00a0La transdisciplinarit\u00e9 au service de la conception d\u2019implants innovants \u00ab \u00e9ph\u00e9m\u00e8res \u00bb\u00a0\u00bb Microscoop janvier, 2021.<\/a><\/li>\n<\/ul>\n                <\/div>\n                          <\/div>\n                    <\/div>\n                <div class=\"\">\n                        <div class=\"panel panel-default\">\n                              <div class=\"panel-heading\">\n                    <h3 class=\"panel-title\"><i class=\"fa fa-fw fa-arrow-right\"><\/i>S\u00e9lection 2020<\/h3>\n                <\/div>\n                              <div class=\"panel-body\">\n                  \n<ul>\n<li>\n<p style=\"text-align: justify\"><a href=\"https:\/\/doi.org\/10.1016\/j.neurad.2020.03.005\">Bardet, S. M., Cortese, J., Blanc, R., Mounayer, C., &amp; Rouchaud, A. (2020). Multiphoton microscopy for pre-clinical evaluation of flow-diverter stents for treating aneurysms. Journal of Neuroradiology. <\/a><\/p>\n<\/li>\n<li style=\"text-align: justify\"><a href=\"https:\/\/doi.org\/10.1364\/OE.393251\">Beffara, F., Humbert, G., Auguste, J. L., Perumal, J., Dinish, U. S., &amp; Olivo, M. (2020). Optimization and performance analysis of SERS-active suspended core photonic crystal fibers. Optics Express, 28(16), 23609-23619.<\/a><\/li>\n<li style=\"text-align: justify\">\n<p style=\"text-align: justify\"><a href=\"http:\/\/dx.doi.org\/10.1039\/D0MA00204F\">Belchi, Rapha\u00eblle, et al. \u00ab\u00a0Electrodeposited ZnO nanoparticles on vertically aligned carbon nanotubes (VACNTs) as promising charge extracting electrodes for halide perovskite devices.\u00a0\u00bb Materials Advances 1.5 (2020): 1232-1240. <\/a><\/p>\n<\/li>\n<li style=\"text-align: justify\">\n<p style=\"text-align: justify\"><a href=\"https:\/\/doi.org\/10.1103\/PhysRevResearch.2.023025\">Beno\u00eet, A., Husakou, A., Beaudou, B., Debord, B., G\u00e9r\u00f4me, F., &amp; Benabid, F. (2020). Raman-Kerr comb generation based on parametric wave mixing in strongly driven Raman molecular gas medium. Physical Review Research, 2(2), 023025. <\/a><\/p>\n<\/li>\n<li style=\"text-align: justify\"><a href=\"https:\/\/doi.org\/10.1109\/ACCESS.2020.3000801\">Berland, Fabien, et al. \u00ab\u00a0Microwave Photonic MIMO Radar for Short-Range 3D Imaging.\u00a0\u00bb IEEE Access 8 (2020): 107326-107334. <\/a><\/li>\n<li style=\"text-align: justify\"><a href=\"https:\/\/doi.org\/10.3390\/molecules25010198\">Chevrier, Mich\u00e8le, et al. \u00ab\u00a0In Depth Analysis of Photovoltaic Performance of Chlorophyll Derivative-Based \u201cAll Solid-State\u201d Dye-Sensitized Solar Cells.\u00a0\u00bb Molecules 25.1 (2020): 198. <\/a><\/li>\n<li style=\"text-align: justify\">\n<p style=\"text-align: justify\"><a href=\"https:\/\/doi.org\/10.1038\/s41598-020-58229-7\">Cordier, Martin, et al. \u00ab\u00a0Raman-free fibered photon-pair source.\u00a0\u00bb Scientific reports 10.1 (2020). 1-8. <\/a><\/p>\n<\/li>\n<li style=\"text-align: justify\">\n<p style=\"text-align: justify\"><a href=\"https:\/\/doi.org\/10.4236\/jcc.2020.82003\">Crespin, B., Tran, C. T., Cerbelaud, M., Videcoq, A., &amp; Darles, E. (2020). Two-Dimensional Stochastic Rotation Dynamics for Fluid Simulation. Journal of Computer and Communications, 8(02), 27. <\/a><\/p>\n<\/li>\n<li style=\"text-align: justify\"><a href=\"https:\/\/doi.org\/10.1016\/j.jeurceramsoc.2020.04.005\">Dolhen, Morgane, et al. \u00ab\u00a0New KNbTeO6 transparent tellurate ceramics.\u00a0\u00bb Journal of the European Ceramic Society 40.12 (2020): 4164-4170. <\/a><\/li>\n<li style=\"text-align: justify\">\n<p style=\"text-align: justify\"><a href=\"https:\/\/doi.org\/10.1007\/s42452-020-2120-x\">Gudeika, D. Gudeika, A. Bundulis, S. Benhattab, M. Ben Manaa, N. Berton, J. Boucl\u00e9, F. Tran Van, B. Schmaltz, D. Volyniuk,M. Rutkis, J. V. Gra\u017eulevi\u010dius, \u00ab\u00a0Multifunctional derivatives of dimethoxy-substituted triphenylamine containing different acceptor moieties\u00a0\u00bb, SN Applied Sciences 2(2020)327 <\/a><\/p>\n<\/li>\n<li style=\"text-align: justify\"><a href=\"https:\/\/doi.org\/10.1038\/s41598-020-77505-0\">Fabert, M., S\u0103p\u00e2n\u021ban, M., Krupa, K., Tonello, A., Leventoux, Y., F\u00e9vrier, S., &#8230; &amp; Couderc, V. (2020). Coherent combining of self-cleaned multimode beams. Scientific reports, 10(1), 1-6. <\/a><\/li>\n<li style=\"text-align: justify\"><a href=\"https:\/\/doi.org\/10.1016\/j.solener.2020.05.041\">Karthick, S., S. Velumani, and Johann Boucl\u00e9. \u00ab\u00a0Experimental and SCAPS simulated formamidinium perovskite solar cells: A comparison of device performance.\u00a0\u00bb Solar Energy 205 (2020): 349-357. <\/a><\/li>\n<li style=\"text-align: justify\"><a href=\"https:\/\/doi.org\/10.1038\/s41598-020-64080-7\">Krupa, K., Fona, R., Tonello, A., Labruy\u00e8re, A., Shalaby, B. M., Wabnitz, S., &#8230; &amp; Couderc, V. (2020). Spatial Beam Self-Cleaning in Second-Harmonic Generation. Scientific reports, 10(1), 1-9. <\/a><\/li>\n<li>\n<p style=\"text-align: justify\"><a href=\"https:\/\/doi.org\/10.1364\/OE.392081\">Leventoux, Y., et al. \u00ab\u00a0Highly efficient few-mode spatial beam self-cleaning at 1.5 \u00b5m.\u00a0\u00bb Optics express 28.10 (2020): 14333-14344.<\/a><\/p>\n<\/li>\n<\/ul>\n                <\/div>\n                          <\/div>\n                    <\/div>\n        <\/div>        <\/div>\n                <div class=\"col-sm-4 clearfix \">\n            <div style=\"padding:10px 30px;\" class=\"bg-primary\">\n        \n        <div class=\"ul-element-header text-left  \">\n\n            <h2 class=\"ul-bold  \" style=\"\">\n                                    <i class=\"fa fa-fw fa-chevron-right\"><\/i>\n                                Supports de communication                            <\/h2>\n        <\/div>\n                <div class=\"clearfix ul-element-text \">\n            \n<p style=\"text-align: center\"><span style=\"text-decoration: underline\"><a href=\"https:\/\/www.unilim.fr\/labex_sigmalim\/wp-content\/uploads\/sites\/8\/2021\/04\/Plaquette_Labex_FR.pdf\"><img loading=\"lazy\" decoding=\"async\" class=\"aligncenter wp-image-1259\" src=\"https:\/\/www.unilim.fr\/labex_sigmalim\/wp-content\/uploads\/sites\/8\/2021\/04\/Capture2.png\" alt=\"\" width=\"123\" height=\"174\" srcset=\"https:\/\/www.unilim.fr\/labex_sigmalim\/wp-content\/uploads\/sites\/8\/2021\/04\/Capture2.png 451w, https:\/\/www.unilim.fr\/labex_sigmalim\/wp-content\/uploads\/sites\/8\/2021\/04\/Capture2-212x300.png 212w\" sizes=\"auto, (max-width: 123px) 100vw, 123px\" \/><\/a><\/span><\/p>\n<p style=\"text-align: center\"><span style=\"text-decoration: underline\"><a href=\"https:\/\/www.unilim.fr\/labex_sigmalim\/wp-content\/uploads\/sites\/8\/2021\/04\/Plaquette_Labex_FR.pdf\" target=\"_blank\" rel=\"noopener\">T\u00e9l\u00e9charger la plaquette<\/a><\/span><\/p>\n<p>&nbsp;<\/p>\n        <\/div>\n        \n        \n        <div class=\"ul-element-header text-left  \">\n\n            <h2 class=\"ul-bold  \" style=\"\">\n                                    <i class=\"fa fa-fw fa-chevron-right\"><\/i>\n                                Mobilit\u00e9s                            <\/h2>\n        <\/div>\n                <div class=\"clearfix ul-element-text \">\n            \n<p style=\"text-align: center\">Aide \u00e0 la mobilit\u00e9 sortante d\u2019enseignants\/chercheurs permanents des laboratoires XLIM et l\u2019IRCER<\/p>\n<p style=\"text-align: center\"><span style=\"text-decoration: underline\"><a href=\"https:\/\/www.unilim.fr\/labex_sigmalim\/wp-content\/uploads\/sites\/8\/2022\/01\/AAP_mobilite_internationale_permanents_LabEx2.docx\">T\u00e9l\u00e9charger le formulaire <\/a><\/span><\/p>\n        <\/div>\n        <\/div>        <\/div>\n        <\/div>\n            <\/div>\n                  <\/div>\n        \n","protected":false},"excerpt":{"rendered":"","protected":false},"author":194,"featured_media":0,"parent":0,"menu_order":0,"comment_status":"closed","ping_status":"closed","template":"page-le.php","meta":{"footnotes":""},"class_list":["post-583","page","type-page","status-publish","hentry"],"yoast_head":"<!-- This site is optimized with the Yoast SEO plugin v26.5 - https:\/\/yoast.com\/wordpress\/plugins\/seo\/ -->\n<title>Documentation - Laboratoire d&#039;Excellence \u2211-LIM<\/title>\n<meta name=\"robots\" content=\"index, follow, max-snippet:-1, max-image-preview:large, max-video-preview:-1\" \/>\n<link rel=\"canonical\" href=\"https:\/\/www.unilim.fr\/labex_sigmalim\/documentation\/\" \/>\n<meta property=\"og:locale\" content=\"fr_FR\" \/>\n<meta property=\"og:type\" content=\"article\" \/>\n<meta property=\"og:title\" content=\"Documentation - Laboratoire d&#039;Excellence \u2211-LIM\" \/>\n<meta property=\"og:url\" content=\"https:\/\/www.unilim.fr\/labex_sigmalim\/documentation\/\" \/>\n<meta property=\"og:site_name\" content=\"Laboratoire d&#039;Excellence \u2211-LIM\" \/>\n<meta property=\"article:modified_time\" content=\"2024-11-21T15:43:32+00:00\" \/>\n<meta property=\"og:image\" content=\"https:\/\/www.unilim.fr\/labex_sigmalim\/wp-content\/uploads\/sites\/8\/2021\/04\/Capture2.png\" \/>\n\t<meta property=\"og:image:width\" content=\"451\" \/>\n\t<meta property=\"og:image:height\" content=\"638\" \/>\n\t<meta property=\"og:image:type\" content=\"image\/png\" \/>\n<meta name=\"twitter:card\" content=\"summary_large_image\" \/>\n<meta name=\"twitter:label1\" content=\"Dur\u00e9e de lecture estim\u00e9e\" \/>\n\t<meta name=\"twitter:data1\" content=\"7 minutes\" \/>\n<script type=\"application\/ld+json\" class=\"yoast-schema-graph\">{\"@context\":\"https:\/\/schema.org\",\"@graph\":[{\"@type\":\"WebPage\",\"@id\":\"https:\/\/www.unilim.fr\/labex_sigmalim\/documentation\/\",\"url\":\"https:\/\/www.unilim.fr\/labex_sigmalim\/documentation\/\",\"name\":\"Documentation - Laboratoire d&#039;Excellence \u2211-LIM\",\"isPartOf\":{\"@id\":\"https:\/\/www.unilim.fr\/labex_sigmalim\/#website\"},\"primaryImageOfPage\":{\"@id\":\"https:\/\/www.unilim.fr\/labex_sigmalim\/documentation\/#primaryimage\"},\"image\":{\"@id\":\"https:\/\/www.unilim.fr\/labex_sigmalim\/documentation\/#primaryimage\"},\"thumbnailUrl\":\"https:\/\/www.unilim.fr\/labex_sigmalim\/wp-content\/uploads\/sites\/8\/2021\/04\/Capture2.png\",\"datePublished\":\"2021-01-25T16:44:50+00:00\",\"dateModified\":\"2024-11-21T15:43:32+00:00\",\"breadcrumb\":{\"@id\":\"https:\/\/www.unilim.fr\/labex_sigmalim\/documentation\/#breadcrumb\"},\"inLanguage\":\"fr-FR\",\"potentialAction\":[{\"@type\":\"ReadAction\",\"target\":[\"https:\/\/www.unilim.fr\/labex_sigmalim\/documentation\/\"]}]},{\"@type\":\"ImageObject\",\"inLanguage\":\"fr-FR\",\"@id\":\"https:\/\/www.unilim.fr\/labex_sigmalim\/documentation\/#primaryimage\",\"url\":\"https:\/\/www.unilim.fr\/labex_sigmalim\/wp-content\/uploads\/sites\/8\/2021\/04\/Capture2.png\",\"contentUrl\":\"https:\/\/www.unilim.fr\/labex_sigmalim\/wp-content\/uploads\/sites\/8\/2021\/04\/Capture2.png\"},{\"@type\":\"BreadcrumbList\",\"@id\":\"https:\/\/www.unilim.fr\/labex_sigmalim\/documentation\/#breadcrumb\",\"itemListElement\":[{\"@type\":\"ListItem\",\"position\":1,\"name\":\"Accueil\",\"item\":\"https:\/\/www.unilim.fr\/labex_sigmalim\/\"},{\"@type\":\"ListItem\",\"position\":2,\"name\":\"Documentation\"}]},{\"@type\":\"WebSite\",\"@id\":\"https:\/\/www.unilim.fr\/labex_sigmalim\/#website\",\"url\":\"https:\/\/www.unilim.fr\/labex_sigmalim\/\",\"name\":\"Laboratoire d&#039;Excellence \u2211-LIM\",\"description\":\"Des mat\u00e9riaux et composants c\u00e9ramiques sp\u00e9cifiques aux syst\u00e8mes communicants int\u00e9gr\u00e9s, s\u00e9curis\u00e9s, et intelligents \",\"potentialAction\":[{\"@type\":\"SearchAction\",\"target\":{\"@type\":\"EntryPoint\",\"urlTemplate\":\"https:\/\/www.unilim.fr\/labex_sigmalim\/?s={search_term_string}\"},\"query-input\":{\"@type\":\"PropertyValueSpecification\",\"valueRequired\":true,\"valueName\":\"search_term_string\"}}],\"inLanguage\":\"fr-FR\"}]}<\/script>\n<!-- \/ Yoast SEO plugin. -->","yoast_head_json":{"title":"Documentation - Laboratoire d&#039;Excellence \u2211-LIM","robots":{"index":"index","follow":"follow","max-snippet":"max-snippet:-1","max-image-preview":"max-image-preview:large","max-video-preview":"max-video-preview:-1"},"canonical":"https:\/\/www.unilim.fr\/labex_sigmalim\/documentation\/","og_locale":"fr_FR","og_type":"article","og_title":"Documentation - Laboratoire d&#039;Excellence \u2211-LIM","og_url":"https:\/\/www.unilim.fr\/labex_sigmalim\/documentation\/","og_site_name":"Laboratoire d&#039;Excellence \u2211-LIM","article_modified_time":"2024-11-21T15:43:32+00:00","og_image":[{"width":451,"height":638,"url":"https:\/\/www.unilim.fr\/labex_sigmalim\/wp-content\/uploads\/sites\/8\/2021\/04\/Capture2.png","type":"image\/png"}],"twitter_card":"summary_large_image","twitter_misc":{"Dur\u00e9e de lecture estim\u00e9e":"7 minutes"},"schema":{"@context":"https:\/\/schema.org","@graph":[{"@type":"WebPage","@id":"https:\/\/www.unilim.fr\/labex_sigmalim\/documentation\/","url":"https:\/\/www.unilim.fr\/labex_sigmalim\/documentation\/","name":"Documentation - Laboratoire d&#039;Excellence \u2211-LIM","isPartOf":{"@id":"https:\/\/www.unilim.fr\/labex_sigmalim\/#website"},"primaryImageOfPage":{"@id":"https:\/\/www.unilim.fr\/labex_sigmalim\/documentation\/#primaryimage"},"image":{"@id":"https:\/\/www.unilim.fr\/labex_sigmalim\/documentation\/#primaryimage"},"thumbnailUrl":"https:\/\/www.unilim.fr\/labex_sigmalim\/wp-content\/uploads\/sites\/8\/2021\/04\/Capture2.png","datePublished":"2021-01-25T16:44:50+00:00","dateModified":"2024-11-21T15:43:32+00:00","breadcrumb":{"@id":"https:\/\/www.unilim.fr\/labex_sigmalim\/documentation\/#breadcrumb"},"inLanguage":"fr-FR","potentialAction":[{"@type":"ReadAction","target":["https:\/\/www.unilim.fr\/labex_sigmalim\/documentation\/"]}]},{"@type":"ImageObject","inLanguage":"fr-FR","@id":"https:\/\/www.unilim.fr\/labex_sigmalim\/documentation\/#primaryimage","url":"https:\/\/www.unilim.fr\/labex_sigmalim\/wp-content\/uploads\/sites\/8\/2021\/04\/Capture2.png","contentUrl":"https:\/\/www.unilim.fr\/labex_sigmalim\/wp-content\/uploads\/sites\/8\/2021\/04\/Capture2.png"},{"@type":"BreadcrumbList","@id":"https:\/\/www.unilim.fr\/labex_sigmalim\/documentation\/#breadcrumb","itemListElement":[{"@type":"ListItem","position":1,"name":"Accueil","item":"https:\/\/www.unilim.fr\/labex_sigmalim\/"},{"@type":"ListItem","position":2,"name":"Documentation"}]},{"@type":"WebSite","@id":"https:\/\/www.unilim.fr\/labex_sigmalim\/#website","url":"https:\/\/www.unilim.fr\/labex_sigmalim\/","name":"Laboratoire d&#039;Excellence \u2211-LIM","description":"Des mat\u00e9riaux et composants c\u00e9ramiques sp\u00e9cifiques aux syst\u00e8mes communicants int\u00e9gr\u00e9s, s\u00e9curis\u00e9s, et intelligents ","potentialAction":[{"@type":"SearchAction","target":{"@type":"EntryPoint","urlTemplate":"https:\/\/www.unilim.fr\/labex_sigmalim\/?s={search_term_string}"},"query-input":{"@type":"PropertyValueSpecification","valueRequired":true,"valueName":"search_term_string"}}],"inLanguage":"fr-FR"}]}},"_links":{"self":[{"href":"https:\/\/www.unilim.fr\/labex_sigmalim\/wp-json\/wp\/v2\/pages\/583","targetHints":{"allow":["GET"]}}],"collection":[{"href":"https:\/\/www.unilim.fr\/labex_sigmalim\/wp-json\/wp\/v2\/pages"}],"about":[{"href":"https:\/\/www.unilim.fr\/labex_sigmalim\/wp-json\/wp\/v2\/types\/page"}],"author":[{"embeddable":true,"href":"https:\/\/www.unilim.fr\/labex_sigmalim\/wp-json\/wp\/v2\/users\/194"}],"replies":[{"embeddable":true,"href":"https:\/\/www.unilim.fr\/labex_sigmalim\/wp-json\/wp\/v2\/comments?post=583"}],"version-history":[{"count":0,"href":"https:\/\/www.unilim.fr\/labex_sigmalim\/wp-json\/wp\/v2\/pages\/583\/revisions"}],"wp:attachment":[{"href":"https:\/\/www.unilim.fr\/labex_sigmalim\/wp-json\/wp\/v2\/media?parent=583"}],"curies":[{"name":"wp","href":"https:\/\/api.w.org\/{rel}","templated":true}]}}