{"id":75,"date":"2016-11-08T23:00:00","date_gmt":"2014-03-21T14:15:21","guid":{"rendered":"http:\/\/www.unilim.fr\/havae\/?page_id=75"},"modified":"2020-01-09T09:52:35","modified_gmt":"2020-01-09T09:52:35","slug":"conferences","status":"publish","type":"page","link":"https:\/\/www.unilim.fr\/havae\/publications\/conferences\/","title":{"rendered":"Conf\u00e9rences"},"content":{"rendered":"                        <div class=\"container-fluid bg-grad-right-gray-lighter ul-element-page-header \">\n                            <div class=\"container\">\n                                <div class=\"row\">\n                                    <div class=\"col-xs-12 hidden-xs text-dark\">\n                                                                                            <div class=\"ul-element-breadcrumb hidden-xs \">\n            \n                                <ol class='breadcrumb'>\n                                    <li>\n                                        <a href='http:\/\/www.unilim.fr\/havae'><i class='fa fa-home fa-lg fa-fw'><\/i><\/a>\n                                    <\/li><\/ol>        <\/div>\n                                                                                    <\/div>\n                                    <div class=\"col-xs-3 hidden-xs\">\n                                                                                    <div class=\"ul-element-logo-signal hidden-xs\" style=\"display: inline-block; position: relative; width: 100% ; margin-top: 23px; padding-bottom: 11.9284%;vertical-align: top;\">\n                <svg preserveAspectRatio=\"xMinYMin meet\" viewBox=\"0 0 503 60\" style=\"display: block;position: absolute;top: 0;left: 0;width:100%;max-width:100%;height:100%\">\n                      <g>\n                          <rect  opacity=\"0.3\"  x=\"0\" y=\"0\" width=\"142px\" height=\"60\" rx=\"6\" class=\" bg-primary\"><\/rect>\n                          <rect opacity=\"0.5\"  x=\"106\" y=\"0\" width=\"119px\" height=\"60\" rx=\"6\" class=\"bg-primary\"><\/rect>\n                          <rect opacity=\"0.6\"  x=\"207\" y=\"0\" width=\"84px\" height=\"60\" rx=\"6\" class=\" bg-primary\"><\/rect>\n                          <rect opacity=\"0.7\"  x=\"308\" y=\"0\" width=\"61px\" height=\"60\" rx=\"6\" class=\" bg-primary\"><\/rect>\n                          <rect opacity=\"0.8\"  x=\"390\" y=\"0\" width=\"29px\" height=\"60\" rx=\"6\" class=\" bg-primary\"><\/rect>\n                          <rect x=\"446\" y=\"0\" width=\"15px\" height=\"60\" rx=\"4\" class=\"                bg-primary\"><\/rect>\n                          <rect x=\"495\" y=\"0\" width=\"8px\" height=\"60\" rx=\"2\" class=\"                 bg-primary\"><\/rect>\n                      <\/g>\n                <\/svg>\n        <\/div>                                                                            <\/div>\n\n                                                                            <div class=\"col-sm-9 text-dark\">\n\n                                                                                                    <h1 class=\"blog-title text-primary ul-bold\">Conf\u00e9rences                                                                                                            <\/h1>\n\n                                                    <br\/>\n                                                \n\n\n                                                \n                                                                                        <\/div>\n                                    \n                                <\/div>\n                            <\/div>\n                        <\/div>\n                                <div class=\"container-fluid  \" style=\"\">\n                      <div class=\"container\">\n                <div class=\"row \" style=\"margin-top: 30px;margin-bottom: 30px\">        <div class=\"col-md-12 \">\n                    <div class=\"clearfix ul-element-text \">\n            \n<p>Cette page vous pr\u00e9sente les cinq derni\u00e8res conf\u00e9rences r\u00e9alis\u00e9es par l&rsquo;un des membres&nbsp;de l\u2019\u00e9quipe HAVAE :<\/p>\n<p>&nbsp;<\/p>\n<p style=\"padding-left: 30px\">1.&nbsp;<strong>Maxence Compagnat<\/strong>&nbsp;&#8211; Conf\u00e9rence invit\u00e9e\/table ronde sur l&rsquo;\u00e9valuation actim\u00e9trique de la locomotion.&nbsp;<a href=\"http:\/\/nice2020.sofamea.org\/timetable\/event\/table-rondeevaluation-actimetrique-de-la-locomotionmoderateur-d-pradon\/\">Lien vers la page<\/a><\/p>\n<p style=\"padding-left: 60px\">XIX\u00e8me congr\u00e8s de la Soci\u00e9t\u00e9 Francophone d&rsquo;Analyse du Mouvement chez l&rsquo;Enfant et l&rsquo;Adulte (SOFEMEA)<\/p>\n<p style=\"padding-left: 60px\">22 -24 janvier 2020, Nice, France<\/p>\n<p style=\"padding-left: 30px\"><strong>&nbsp;<\/strong><\/p>\n<p style=\"padding-left: 30px\">2.&nbsp;<strong>Maxence Compagnat :&nbsp;<\/strong>\u00ab\u00a0D\u00e9pense \u00e9nerg\u00e9tique : estimer \u00e0 l&rsquo;aide des acc\u00e9l\u00e9rom\u00e8tres l&rsquo;\u00e9nergie d\u00e9pens\u00e9e par les personnes post-AVC lors d&rsquo;un d\u00e9placement\u00a0\u00bb.<strong><\/strong><\/p>\n<p style=\"padding-left: 60px\">Conf\u00e9rence invit\u00e9e \u00e0 l&rsquo;Institut Universitaire des Sciences de la R\u00e9adaptation (IUSR).<\/p>\n<p style=\"padding-left: 60px\">2 octobre 2019, Bordeaux, France<\/p>\n<p style=\"padding-left: 30px\"><strong>&nbsp;<\/strong><\/p>\n<p style=\"padding-left: 30px\">3.<strong> St\u00e9phane Mandigout<\/strong> : \u00ab\u00a0L&rsquo;activit\u00e9 physique alli\u00e9e \u00e0 la technologie, un enjeu pour notre sant\u00e9?\u00a0\u00bb.&nbsp;<a href=\"http:\/\/www.unilim.fr\/havae\/2016\/08\/22\/conference-grand-public\/\">Lien vers l&rsquo;article<\/a><\/p>\n<p style=\"padding-left: 60px\">Conf\u00e9rences Grand Public, organis\u00e9es par l&rsquo;Universit\u00e9 de Limoges et par la Fondation de l&rsquo;Universit\u00e9 de Limoges<\/p>\n<p style=\"padding-left: 60px\">Juin 2016, Limoges, France<\/p>\n<p style=\"padding-left: 60px\"><\/p>\n<p style=\"padding-left: 30px\">4. <strong>Anaick Perrochon<\/strong>&nbsp;: \u00ab\u00a0La place de l&rsquo;interf\u00e9rence cognitivo-motrice dans la d\u00e9tection et la prise en charge des troubles cognitifs de la personne \u00e2g\u00e9e\u00a0\u00bb.<\/p>\n<p style=\"padding-left: 60px\">Workshop MAAMI (Maladie d\u2019Alzheimer et Apprentissage Moteur Implicite)<\/p>\n<p style=\"padding-left: 60px\">23 mai 2016, Dijon, France<\/p>\n<p style=\"padding-left: 30px\">&nbsp;<\/p>\n<p style=\"padding-left: 30px\">5. <strong>Benoit Borel<\/strong> : \u00ab\u00a0L&rsquo;activit\u00e9 physique comme \u00ab\u00a0m\u00e9dicament\u00a0\u00bb : Quels outils pour quels enjeux?\u00a0\u00bb.&nbsp;<a href=\"http:\/\/www.pechakucha.org\/cities\/limoges\/presentations\/mesure-de-lactivite-physique-et-utilisation-des-donnees\" target=\"_blank\">Lien vers la pr\u00e9sentation<\/a><\/p>\n<p style=\"padding-left: 60px\">Pecha-Kucha #13, organis\u00e9 par l&rsquo;<a href=\"http:\/\/avec-limousin.fr\/\" target=\"_blank\">AVEC en Limousin<\/a>&nbsp;(Agence de Valorisation de l&rsquo;Economie de la Culture) en Limousin<\/p>\n<p style=\"padding-left: 60px\">Mars 2016, Limoges, France<\/p>\n<p style=\"padding-left: 30px\">&nbsp;&nbsp;<\/p>\n<p>Pour plus d\u2019informations et une liste plus exhaustive des publications de l\u2019\u00e9quipe HAVAE :&nbsp;<a href=\"https:\/\/hal.archives-ouvertes.fr\/HAVAE\/search\/index\/q\/producedDateY_i%3A%5B2005+TO+2015%5D\/submitType_s\/notice\/docType_s\/COMM\/sort\/producedDate_tdate+desc\/\" target=\"_blank\">lien HAL<\/a><\/p>\n        <\/div>\n                <\/div>\n        <\/div>\n            <\/div>\n                  <\/div>\n        \n","protected":false},"excerpt":{"rendered":"","protected":false},"author":1,"featured_media":0,"parent":69,"menu_order":0,"comment_status":"open","ping_status":"open","template":"page-le.php","meta":{"footnotes":""},"class_list":["post-75","page","type-page","status-publish","hentry"],"yoast_head":"<!-- This site is optimized with the Yoast SEO plugin v26.5 - https:\/\/yoast.com\/wordpress\/plugins\/seo\/ -->\n<title>Conf\u00e9rences - HAVAE<\/title>\n<meta name=\"robots\" content=\"index, follow, max-snippet:-1, max-image-preview:large, max-video-preview:-1\" \/>\n<link rel=\"canonical\" href=\"https:\/\/www.unilim.fr\/havae\/publications\/conferences\/\" \/>\n<meta property=\"og:locale\" content=\"fr_FR\" \/>\n<meta property=\"og:type\" content=\"article\" \/>\n<meta property=\"og:title\" content=\"Conf\u00e9rences - HAVAE\" \/>\n<meta property=\"og:url\" content=\"https:\/\/www.unilim.fr\/havae\/publications\/conferences\/\" \/>\n<meta property=\"og:site_name\" content=\"HAVAE\" \/>\n<meta property=\"article:modified_time\" content=\"2020-01-09T09:52:35+00:00\" \/>\n<meta name=\"twitter:label1\" content=\"Dur\u00e9e de lecture estim\u00e9e\" \/>\n\t<meta name=\"twitter:data1\" content=\"2 minutes\" \/>\n<script type=\"application\/ld+json\" class=\"yoast-schema-graph\">{\"@context\":\"https:\/\/schema.org\",\"@graph\":[{\"@type\":\"WebPage\",\"@id\":\"https:\/\/www.unilim.fr\/havae\/publications\/conferences\/\",\"url\":\"https:\/\/www.unilim.fr\/havae\/publications\/conferences\/\",\"name\":\"Conf\u00e9rences - HAVAE\",\"isPartOf\":{\"@id\":\"https:\/\/www.unilim.fr\/havae\/#website\"},\"datePublished\":\"2014-03-21T14:15:21+00:00\",\"dateModified\":\"2020-01-09T09:52:35+00:00\",\"breadcrumb\":{\"@id\":\"https:\/\/www.unilim.fr\/havae\/publications\/conferences\/#breadcrumb\"},\"inLanguage\":\"fr-FR\",\"potentialAction\":[{\"@type\":\"ReadAction\",\"target\":[\"https:\/\/www.unilim.fr\/havae\/publications\/conferences\/\"]}]},{\"@type\":\"BreadcrumbList\",\"@id\":\"https:\/\/www.unilim.fr\/havae\/publications\/conferences\/#breadcrumb\",\"itemListElement\":[{\"@type\":\"ListItem\",\"position\":1,\"name\":\"Accueil\",\"item\":\"https:\/\/www.unilim.fr\/havae\/\"},{\"@type\":\"ListItem\",\"position\":2,\"name\":\"Activit\u00e9s scientifiques\",\"item\":\"https:\/\/www.unilim.fr\/havae\/publications\/\"},{\"@type\":\"ListItem\",\"position\":3,\"name\":\"Conf\u00e9rences\"}]},{\"@type\":\"WebSite\",\"@id\":\"https:\/\/www.unilim.fr\/havae\/#website\",\"url\":\"https:\/\/www.unilim.fr\/havae\/\",\"name\":\"HAVAE\",\"description\":\"universit\u00e9 ouverte source de r\u00e9ussites\",\"potentialAction\":[{\"@type\":\"SearchAction\",\"target\":{\"@type\":\"EntryPoint\",\"urlTemplate\":\"https:\/\/www.unilim.fr\/havae\/?s={search_term_string}\"},\"query-input\":{\"@type\":\"PropertyValueSpecification\",\"valueRequired\":true,\"valueName\":\"search_term_string\"}}],\"inLanguage\":\"fr-FR\"}]}<\/script>\n<!-- \/ Yoast SEO plugin. -->","yoast_head_json":{"title":"Conf\u00e9rences - HAVAE","robots":{"index":"index","follow":"follow","max-snippet":"max-snippet:-1","max-image-preview":"max-image-preview:large","max-video-preview":"max-video-preview:-1"},"canonical":"https:\/\/www.unilim.fr\/havae\/publications\/conferences\/","og_locale":"fr_FR","og_type":"article","og_title":"Conf\u00e9rences - HAVAE","og_url":"https:\/\/www.unilim.fr\/havae\/publications\/conferences\/","og_site_name":"HAVAE","article_modified_time":"2020-01-09T09:52:35+00:00","twitter_misc":{"Dur\u00e9e de lecture estim\u00e9e":"2 minutes"},"schema":{"@context":"https:\/\/schema.org","@graph":[{"@type":"WebPage","@id":"https:\/\/www.unilim.fr\/havae\/publications\/conferences\/","url":"https:\/\/www.unilim.fr\/havae\/publications\/conferences\/","name":"Conf\u00e9rences - HAVAE","isPartOf":{"@id":"https:\/\/www.unilim.fr\/havae\/#website"},"datePublished":"2014-03-21T14:15:21+00:00","dateModified":"2020-01-09T09:52:35+00:00","breadcrumb":{"@id":"https:\/\/www.unilim.fr\/havae\/publications\/conferences\/#breadcrumb"},"inLanguage":"fr-FR","potentialAction":[{"@type":"ReadAction","target":["https:\/\/www.unilim.fr\/havae\/publications\/conferences\/"]}]},{"@type":"BreadcrumbList","@id":"https:\/\/www.unilim.fr\/havae\/publications\/conferences\/#breadcrumb","itemListElement":[{"@type":"ListItem","position":1,"name":"Accueil","item":"https:\/\/www.unilim.fr\/havae\/"},{"@type":"ListItem","position":2,"name":"Activit\u00e9s scientifiques","item":"https:\/\/www.unilim.fr\/havae\/publications\/"},{"@type":"ListItem","position":3,"name":"Conf\u00e9rences"}]},{"@type":"WebSite","@id":"https:\/\/www.unilim.fr\/havae\/#website","url":"https:\/\/www.unilim.fr\/havae\/","name":"HAVAE","description":"universit\u00e9 ouverte source de r\u00e9ussites","potentialAction":[{"@type":"SearchAction","target":{"@type":"EntryPoint","urlTemplate":"https:\/\/www.unilim.fr\/havae\/?s={search_term_string}"},"query-input":{"@type":"PropertyValueSpecification","valueRequired":true,"valueName":"search_term_string"}}],"inLanguage":"fr-FR"}]}},"publishpress_future_action":{"enabled":false,"date":"2026-04-10 18:46:38","action":"change-status","newStatus":"draft","terms":[],"taxonomy":"page_category","extraData":[]},"publishpress_future_workflow_manual_trigger":{"enabledWorkflows":[]},"_links":{"self":[{"href":"https:\/\/www.unilim.fr\/havae\/wp-json\/wp\/v2\/pages\/75","targetHints":{"allow":["GET"]}}],"collection":[{"href":"https:\/\/www.unilim.fr\/havae\/wp-json\/wp\/v2\/pages"}],"about":[{"href":"https:\/\/www.unilim.fr\/havae\/wp-json\/wp\/v2\/types\/page"}],"author":[{"embeddable":true,"href":"https:\/\/www.unilim.fr\/havae\/wp-json\/wp\/v2\/users\/1"}],"replies":[{"embeddable":true,"href":"https:\/\/www.unilim.fr\/havae\/wp-json\/wp\/v2\/comments?post=75"}],"version-history":[{"count":0,"href":"https:\/\/www.unilim.fr\/havae\/wp-json\/wp\/v2\/pages\/75\/revisions"}],"up":[{"embeddable":true,"href":"https:\/\/www.unilim.fr\/havae\/wp-json\/wp\/v2\/pages\/69"}],"wp:attachment":[{"href":"https:\/\/www.unilim.fr\/havae\/wp-json\/wp\/v2\/media?parent=75"}],"curies":[{"name":"wp","href":"https:\/\/api.w.org\/{rel}","templated":true}]}}