{"id":8410,"date":"2022-09-27T19:13:18","date_gmt":"2022-09-27T17:13:18","guid":{"rendered":"http:\/\/www.unilim.fr\/culture\/?page_id=8410"},"modified":"2022-09-27T19:13:42","modified_gmt":"2022-09-27T17:13:42","slug":"stages-photos","status":"publish","type":"page","link":"https:\/\/www.unilim.fr\/culture\/stages-photos\/","title":{"rendered":"Stages photos"},"content":{"rendered":"<p>Stages photos<\/p>\n<p>Pratique non validante<\/p>\n<p>Direction Cl\u00e9ment Descubes<\/p>\n<p>Atelier portrait photographique ax\u00e9 sur la pratique, la recherche personnelle et qui s&rsquo;appuiera sur des \u00e9changes simples, sinc\u00e8res, ouverts adapt\u00e9s \u00e0 chacun afin de trouver sa propre m\u00e9thode dans la r\u00e9alisation de portraits.<\/p>\n<p>Apprendre et am\u00e9liorer la prise de vue de portrait par l&rsquo;appr\u00e9hension de la relation au sujet photographi\u00e9, la confiance en soi et la cr\u00e9ation de portraits significatifs.<\/p>\n<p>Dates des stages :<\/p>\n<ul>\n<li>Samedi 15 octobre 2022 Campus de Tulle<\/li>\n<li>Samedi 10 d\u00e9cembre 2022 Campus d&rsquo;Egletons<\/li>\n<li>Samedi 11 f\u00e9vrier 2023 Campus de Tulle<\/li>\n<li>Samedi 1er Avril Campus d&rsquo;Egletons<\/li>\n<\/ul>\n<p>Inscriptions : serviceculturel@unilim.fr et clementdescubesphoto@gmail.com<\/p>\n<p>Renseignements : 0672915394<\/p>\n<p>Ateliers ouverts aux personnels et \u00e0\u00a0 tous publics.<\/p>\n<p>&nbsp;<\/p>\n<p>&nbsp;<\/p>\n","protected":false},"excerpt":{"rendered":"<p>Stages photos Pratique non validante Direction Cl\u00e9ment Descubes Atelier portrait photographique ax\u00e9 sur la pratique, la recherche personnelle et qui s&rsquo;appuiera sur des \u00e9changes simples, sinc\u00e8res, ouverts adapt\u00e9s \u00e0 chacun afin de trouver sa propre m\u00e9thode dans la r\u00e9alisation de portraits. Apprendre et am\u00e9liorer la prise de vue de portrait par l&rsquo;appr\u00e9hension de la relation [&hellip;]<\/p>\n","protected":false},"author":51,"featured_media":0,"parent":0,"menu_order":0,"comment_status":"closed","ping_status":"closed","template":"","meta":{"footnotes":""},"class_list":["post-8410","page","type-page","status-publish","hentry"],"_links":{"self":[{"href":"https:\/\/www.unilim.fr\/culture\/wp-json\/wp\/v2\/pages\/8410","targetHints":{"allow":["GET"]}}],"collection":[{"href":"https:\/\/www.unilim.fr\/culture\/wp-json\/wp\/v2\/pages"}],"about":[{"href":"https:\/\/www.unilim.fr\/culture\/wp-json\/wp\/v2\/types\/page"}],"author":[{"embeddable":true,"href":"https:\/\/www.unilim.fr\/culture\/wp-json\/wp\/v2\/users\/51"}],"replies":[{"embeddable":true,"href":"https:\/\/www.unilim.fr\/culture\/wp-json\/wp\/v2\/comments?post=8410"}],"version-history":[{"count":0,"href":"https:\/\/www.unilim.fr\/culture\/wp-json\/wp\/v2\/pages\/8410\/revisions"}],"wp:attachment":[{"href":"https:\/\/www.unilim.fr\/culture\/wp-json\/wp\/v2\/media?parent=8410"}],"curies":[{"name":"wp","href":"https:\/\/api.w.org\/{rel}","templated":true}]}}