{"id":8401,"date":"2022-09-27T18:42:17","date_gmt":"2022-09-27T16:42:17","guid":{"rendered":"http:\/\/www.unilim.fr\/culture\/?page_id=8401"},"modified":"2024-11-08T15:18:30","modified_gmt":"2024-11-08T14:18:30","slug":"atelier-fitness-dinfluence-zumba","status":"publish","type":"page","link":"https:\/\/www.unilim.fr\/culture\/atelier-fitness-dinfluence-zumba\/","title":{"rendered":"Atelier Th\u00e9\u00e2tre &amp; Danse"},"content":{"rendered":"<p>Atelier Th\u00e9\u00e2tre &amp; Danse<\/p>\n<p>Campus de Brive<\/p>\n<p>Jeudi de 18h \u00e0 20h<br \/>\nDirectrice Audrey Allafort<\/p>\n<div>\n<div class=\"elementToProof\">Danseuse \/ Chor\u00e9graphe<\/div>\n<div><\/div>\n<div>Impr\u00e9gn\u00e9e de la danse contemporaine, suite \u00e0 sa formation au conservatoire de Tours et \u00e0 l&rsquo;\u00e9cole ADAGE de Bordeaux, elle int\u00e8gre plusieurs projets artistiques : Collectif A.A.O, Fluo Company, Compagnie l&rsquo;Arche En Sel, Compagnie LNK, Compagnie JFB &amp; co.<\/div>\n<div>Elle d\u00e9couvre diff\u00e9rentes approches et styles de danse lors de ses nombreux stages. Elle navigue au gr\u00e9 de ses rencontres artistiques, de la danse au mime, du th\u00e9\u00e2tre \u00e0 la marionnette ainsi que l\u2019univers du feu. Suite \u00e0 sa rencontre avec deux danseuses, elle cr\u00e9e la compagnie O\u2019tresses et une pi\u00e8ce chor\u00e9graphique nomm\u00e9e \u00ab Jardin d\u2019ha\u00efkus \u00bb.<\/div>\n<div><\/div>\n<div>Depuis 2017, elle collabore avec le metteur en sc\u00e8ne Bruno Soulet de la compagnie Coyote Minute o\u00f9 elle affirme son univers th\u00e9\u00e2tral, en jouant dans une dizaine de pi\u00e8ces dont plusieurs en co-\u00e9criture.<\/div>\n<div>\u00ab I like smalltalk \u00bb, une pi\u00e8ce o\u00f9 elle d\u00e9couvre l&rsquo;univers des marionnettes avec Anny Leemann, ceci pose son envie d&rsquo;approfondir cet art en alliant la danse.<\/div>\n<div>Parall\u00e8lement, elle est intervenante artistique en milieu scolaire avec la Ligue de l\u2019enseignement de Tulle et l&rsquo;association EncoreDanse ainsi que pour des enfants en soutien scolaire et des personnes en situation de handicap.<\/div>\n<\/div>\n<div><\/div>\n<div><span style=\"font-family: arial, sans-serif\">Cet atelier s&rsquo;int\u00e9resse \u00e0 la recherche d&rsquo;\u00e9tats de corps se confrontant \u00e0 l&rsquo;\u00e9quilibre sensible du contr\u00f4le et du l\u00e2cher prise dans le mouvement chor\u00e9graphique. Suite \u00e0 l&rsquo;\u00e9chauffement, nous explorerons diff\u00e9rentes approches pour d\u00e9velopper une mati\u00e8re corporelle, <\/span>mettant en avant un enjeu o\u00f9 gestes, sons et intentions deviennent des \u00e9l\u00e9ments fondamentaux \u00e0 la cr\u00e9ation.\u00a0Corps et voix seront sollicit\u00e9s,\u00a0brisant les fronti\u00e8res de la danse et du th\u00e9\u00e2tre, posant la question de l&rsquo;interpr\u00e9tation juste et incarn\u00e9e du danseur.<\/div>\n<p>Inscriptions Campus de Brive : serviceculturel@unilim.fr et sur place marie.bourlois@unilim.fr<\/p>\n<p>Renseignements : 0672915394<\/p>\n<p>Les s\u00e9ances d\u00e9marreront d\u00e9but octobre 2024.<\/p>\n<p>&nbsp;<\/p>\n","protected":false},"excerpt":{"rendered":"<p>Atelier Th\u00e9\u00e2tre &amp; Danse Campus de Brive Jeudi de 18h \u00e0 20h Directrice Audrey Allafort Danseuse \/ Chor\u00e9graphe Impr\u00e9gn\u00e9e de la danse contemporaine, suite \u00e0 sa formation au conservatoire de Tours et \u00e0 l&rsquo;\u00e9cole ADAGE de Bordeaux, elle int\u00e8gre plusieurs projets artistiques : Collectif A.A.O, Fluo Company, Compagnie l&rsquo;Arche En Sel, Compagnie LNK, Compagnie JFB [&hellip;]<\/p>\n","protected":false},"author":51,"featured_media":0,"parent":0,"menu_order":0,"comment_status":"closed","ping_status":"closed","template":"","meta":{"footnotes":""},"class_list":["post-8401","page","type-page","status-publish","hentry"],"_links":{"self":[{"href":"https:\/\/www.unilim.fr\/culture\/wp-json\/wp\/v2\/pages\/8401","targetHints":{"allow":["GET"]}}],"collection":[{"href":"https:\/\/www.unilim.fr\/culture\/wp-json\/wp\/v2\/pages"}],"about":[{"href":"https:\/\/www.unilim.fr\/culture\/wp-json\/wp\/v2\/types\/page"}],"author":[{"embeddable":true,"href":"https:\/\/www.unilim.fr\/culture\/wp-json\/wp\/v2\/users\/51"}],"replies":[{"embeddable":true,"href":"https:\/\/www.unilim.fr\/culture\/wp-json\/wp\/v2\/comments?post=8401"}],"version-history":[{"count":4,"href":"https:\/\/www.unilim.fr\/culture\/wp-json\/wp\/v2\/pages\/8401\/revisions"}],"predecessor-version":[{"id":12834,"href":"https:\/\/www.unilim.fr\/culture\/wp-json\/wp\/v2\/pages\/8401\/revisions\/12834"}],"wp:attachment":[{"href":"https:\/\/www.unilim.fr\/culture\/wp-json\/wp\/v2\/media?parent=8401"}],"curies":[{"name":"wp","href":"https:\/\/api.w.org\/{rel}","templated":true}]}}