{"id":696,"date":"2023-07-31T22:00:00","date_gmt":"2016-02-04T14:53:56","guid":{"rendered":"http:\/\/www.unilim.fr\/culture\/?page_id=696"},"modified":"2024-08-27T00:13:39","modified_gmt":"2024-08-26T22:13:39","slug":"orchestre-universitaire-2","status":"publish","type":"page","link":"https:\/\/www.unilim.fr\/culture\/ateliers-culturels\/les-ateliers\/orchestre-universitaire-2\/","title":{"rendered":"Orchestre Universitaire"},"content":{"rendered":"        <div class=\"container-fluid  \" style=\"\">\n                      <div class=\"container\">\n                <div class=\"row \" style=\"margin-top: 30px;margin-bottom: 30px\">        <div class=\"col-md-12 \">\n                    <div class=\"row\">\n                    <div class=\"col-xs-6\">\n            \n        \n        <div class=\"ul-element-header text-left  \">\n\n            <h3 class=\"ul-bold  \" style=\"\">\n                                Orchestre Universitaire                            <\/h3>\n        <\/div>\n                <div class=\"clearfix ul-element-text \">\n            \n<p>Validant<\/p>\n<p style=\"text-align: justify\" data-mce-style=\"text-align: justify;\">Direction musicale&nbsp; Anne Maugard<\/p>\n<p>Cheffe d\u2019Orchestre\/ Mezzo-soprano<\/p>\n<p>P\u00e9dagogue&nbsp;<\/p>\n<p>Metteuse en sc\u00e8ne<\/p>\n<p>Pratique instrumentale au sein d&rsquo;un orchestre symphonique : entretien et d\u00e9veloppement du niveau instrumental personnel ; acquisition et d\u00e9veloppement de savoirs, savoir-faire et savoir-\u00eatre,<\/p>\n<p>inh\u00e9rents \u00e0 la pratique musicale en groupe ; enrichissement culturel par le travail de r\u00e9pertoires vari\u00e9s et la participation \u00e0 divers projets artistiques.<\/p>\n<p style=\"text-align: justify\" data-mce-style=\"text-align: justify;\">R\u00e9pertoire classique et contemporain adapt\u00e9 et revisit\u00e9.<\/p>\n<p style=\"text-align: justify\" data-mce-style=\"text-align: justify;\"><strong>Ma\u00eetrise de l&rsquo;instrument obligatoire pour l&rsquo;inscription \u00e0 l&rsquo;orchestre universitaire.<\/strong><\/p>\n<p>Lundi de 19h45 \u00e0 21h45<\/p>\n<p style=\"text-align: justify\" data-mce-style=\"text-align: justify;\">Maison de la Musique Rue de Ch\u00e2teauroux &#8211; Limoges.<\/p>\n<p style=\"text-align: justify\" data-mce-style=\"text-align: justify;\">D\u00e9but des cours la 1\u00e8re semaine d&rsquo;octobre 24<\/p>\n<hr>\n<p style=\"text-align: justify\" data-mce-style=\"text-align: justify;\">Pour y adh\u00e9rer Gratuit \u00e9tudiants<\/p>\n<p style=\"text-align: justify\" data-mce-style=\"text-align: justify;\">Personnes ext\u00e9rieures \u00e0 l&rsquo;Universit\u00e9, il faut s&rsquo;acquitter du Passeport culturel<\/p>\n<p style=\"text-align: justify;padding-left: 30px\" data-mce-style=\"text-align: justify; padding-left: 30px;\"><strong>Inscriptions<\/strong><\/p>\n<p style=\"text-align: justify;padding-left: 30px\" data-mce-style=\"text-align: justify; padding-left: 30px;\">T\u00e9l : 06 72 91 53 94<\/p>\n<p style=\"text-align: justify;padding-left: 30px\" data-mce-style=\"text-align: justify; padding-left: 30px;\">Mail : serviceculturel@unilim.fr<\/p>\n<p style=\"text-align: justify;padding-left: 30px\" data-mce-style=\"text-align: justify; padding-left: 30px;\">Ou aupr\u00e8s du bureau du Service Culturel.<\/p>\n        <\/div>\n                <\/div>\n                <div class=\"col-xs-6\">\n                    <div class=\"ul-element-image \">\n            <a href=\"http:\/\/www.unilim.fr\/culture\/wp-content\/uploads\/sites\/17\/2016\/01\/img01.png\" target=\"\"  rel=\"lightbox\">\n                <img decoding=\"async\" class=\"img-responsive\" src=\"http:\/\/www.unilim.fr\/culture\/wp-content\/uploads\/sites\/17\/2016\/01\/img01.png\"\/>\n            <\/a>\n        <\/div>\n                <\/div>\n                <\/div>\n                <\/div>\n        <\/div>\n            <\/div>\n                  <\/div>\n        \n","protected":false},"excerpt":{"rendered":"","protected":false},"author":51,"featured_media":188,"parent":64,"menu_order":0,"comment_status":"closed","ping_status":"closed","template":"page-le.php","meta":{"footnotes":""},"class_list":["post-696","page","type-page","status-publish","has-post-thumbnail","hentry"],"_links":{"self":[{"href":"https:\/\/www.unilim.fr\/culture\/wp-json\/wp\/v2\/pages\/696","targetHints":{"allow":["GET"]}}],"collection":[{"href":"https:\/\/www.unilim.fr\/culture\/wp-json\/wp\/v2\/pages"}],"about":[{"href":"https:\/\/www.unilim.fr\/culture\/wp-json\/wp\/v2\/types\/page"}],"author":[{"embeddable":true,"href":"https:\/\/www.unilim.fr\/culture\/wp-json\/wp\/v2\/users\/51"}],"replies":[{"embeddable":true,"href":"https:\/\/www.unilim.fr\/culture\/wp-json\/wp\/v2\/comments?post=696"}],"version-history":[{"count":1,"href":"https:\/\/www.unilim.fr\/culture\/wp-json\/wp\/v2\/pages\/696\/revisions"}],"predecessor-version":[{"id":12537,"href":"https:\/\/www.unilim.fr\/culture\/wp-json\/wp\/v2\/pages\/696\/revisions\/12537"}],"up":[{"embeddable":true,"href":"https:\/\/www.unilim.fr\/culture\/wp-json\/wp\/v2\/pages\/64"}],"wp:featuredmedia":[{"embeddable":true,"href":"https:\/\/www.unilim.fr\/culture\/wp-json\/wp\/v2\/media\/188"}],"wp:attachment":[{"href":"https:\/\/www.unilim.fr\/culture\/wp-json\/wp\/v2\/media?parent=696"}],"curies":[{"name":"wp","href":"https:\/\/api.w.org\/{rel}","templated":true}]}}