{"id":6502,"date":"2021-09-14T22:00:00","date_gmt":"2021-09-15T08:59:19","guid":{"rendered":"http:\/\/www.unilim.fr\/culture\/?page_id=6502"},"modified":"2022-09-15T14:50:32","modified_gmt":"2022-09-15T12:50:32","slug":"atelier-art-oratoire-2","status":"publish","type":"page","link":"https:\/\/www.unilim.fr\/culture\/atelier-art-oratoire-2\/","title":{"rendered":"Atelier Art Oratoire Brive"},"content":{"rendered":"        <div class=\"container-fluid  \" style=\"\">\n                      <div class=\"container\">\n                <div class=\"row \" style=\"margin-top: 30px;margin-bottom: 30px\">        <div class=\"col-sm-12 \">\n                    <div class=\"clearfix ul-element-text \">\n            \n<p>Atelier Art oratoire<\/p>\n<p>Validant<\/p>\n<p>Directeur : Philippe Labonne &amp; Marine Guitard<\/p>\n<p>Philippe Labonne est metteur en sc\u00e8ne, com\u00e9dien et directeur de la compagnie Le Th\u00e9\u00e2tre en Diagonale, fond\u00e9e \u00e0 Paris en 1988. Apr\u00e8s des \u00e9tudes de Droit et d\u2019Histoire, il rejoint les Ateliers du Centre Dramatique National de Saint Denis dirig\u00e9s alors par Daniel Mesguich et Philippe Duclos.<\/p>\n<p>D\u00e9couvrir des techniques li\u00e9es \u00e0 l\u2019expression orale.<\/p>\n<p>Clarifier et organiser la pens\u00e9e, ma\u00eetriser le corps (la voix, la gestique) et l\u2019image que l\u2019on donne de soi, par l\u2019exploration de m\u00e9thodes et d\u2019exercices pratiqu\u00e9es au th\u00e9\u00e2tre.<\/p>\n<p>R\u00e9aliser des travaux pratiques \u00e0 partir de th\u00e8mes pr\u00e9par\u00e9s puis pr\u00e9sent\u00e9s au groupe<\/p>\n<p>Ma\u00eetriser les fondements de la communication verbale et non verbale.<\/p>\n<p>Rep\u00e9rer les distorsions entre message \u00e9mis et re\u00e7u.<\/p>\n<p>Int\u00e9resser et convaincre : \u00eatre \u00e9cout\u00e9 au-del\u00e0 des mots<\/p>\n<p>R\u00e9ussir ses expos\u00e9s, ses interventions en public<\/p>\n<p>Acqu\u00e9rir une meilleure confiance en soi et de l\u2019aisance pour mobiliser ses id\u00e9es.<\/p>\n<p>Ma\u00eetriser et harmoniser les diff\u00e9rents niveaux de la communication orale (gestes, attitudes, voix)<\/p>\n<p>D\u00e9velopper et pratiquer l\u2019\u00e9coute, le questionnement et la reformulation.<\/p>\n<p>Pr\u00e9parer ses interventions, Identifier son auditoire, l\u2019objectif, structurer son intervention<\/p>\n<p>Ma\u00eetriser ses \u00e9motions dans la prise de parole et renforcer son potentiel d\u2019influence<\/p>\n<p>(Pr\u00e9paration d\u2019une soir\u00e9e en pr\u00e9sence d\u2019invit\u00e9s, journalistes, avocats, com\u00e9diens avec prise de parole des \u00e9tudiants sur un sujet travaill\u00e9. Soir\u00e9e organis\u00e9e en pr\u00e9sence des \u00e9tudiants de Brive)<\/p>\n<p>Stage d&rsquo;art oratoire : Date \u00e0 d\u00e9terminer<\/p>\n<p>Inscriptions :\u00a0<a href=\"mailto:serviceculturel@unilim.fr\">serviceculturel@unilim.fr<\/a><\/p>\n<p>Tel 0672915394<\/p>\n<p>Les personnels et personnes ext\u00e9rieures \u00e0 l\u2019Universit\u00e9 qui souhaitent s\u2019inscrire doivent s\u2019acquitter du Passeport culturel<\/p>\n        <\/div>\n                <\/div>\n        <\/div>\n            <\/div>\n                  <\/div>\n        \n","protected":false},"excerpt":{"rendered":"","protected":false},"author":51,"featured_media":0,"parent":0,"menu_order":0,"comment_status":"closed","ping_status":"closed","template":"page-le.php","meta":{"footnotes":""},"class_list":["post-6502","page","type-page","status-publish","hentry"],"_links":{"self":[{"href":"https:\/\/www.unilim.fr\/culture\/wp-json\/wp\/v2\/pages\/6502","targetHints":{"allow":["GET"]}}],"collection":[{"href":"https:\/\/www.unilim.fr\/culture\/wp-json\/wp\/v2\/pages"}],"about":[{"href":"https:\/\/www.unilim.fr\/culture\/wp-json\/wp\/v2\/types\/page"}],"author":[{"embeddable":true,"href":"https:\/\/www.unilim.fr\/culture\/wp-json\/wp\/v2\/users\/51"}],"replies":[{"embeddable":true,"href":"https:\/\/www.unilim.fr\/culture\/wp-json\/wp\/v2\/comments?post=6502"}],"version-history":[{"count":0,"href":"https:\/\/www.unilim.fr\/culture\/wp-json\/wp\/v2\/pages\/6502\/revisions"}],"wp:attachment":[{"href":"https:\/\/www.unilim.fr\/culture\/wp-json\/wp\/v2\/media?parent=6502"}],"curies":[{"name":"wp","href":"https:\/\/api.w.org\/{rel}","templated":true}]}}