{"id":6486,"date":"2021-09-14T22:41:02","date_gmt":"2021-09-14T20:41:02","guid":{"rendered":"http:\/\/www.unilim.fr\/culture\/?page_id=6486"},"modified":"2021-09-14T22:41:02","modified_gmt":"2021-09-14T20:41:02","slug":"percussion-uruguayenne-2","status":"publish","type":"page","link":"https:\/\/www.unilim.fr\/culture\/percussion-uruguayenne-2\/","title":{"rendered":"Percussion Uruguayenne"},"content":{"rendered":"<p><span style=\"color: #993300\"><strong>Atelier Percussion Uruguayenne<\/strong><\/span><\/p>\n<p>Validant<\/p>\n<p>Direction : Vicente Perez<\/p>\n<p>Musicien, artiste sp\u00e9cialis\u00e9 en ludop\u00e9dagogie<\/p>\n<p>Faire d\u00e9couvrir des sons et des traditions d\u2019une autre culture aux \u00e9tudiants tout en familiarisant leur apprenant des techniques musicales de percussion. Ils pourront tout au long de l\u2019atelier, s\u2019initier et se sp\u00e9cialiser sur les trois diff\u00e9rents types de tambours composant une \u00ab\u00a0cuerda\u00a0\u00bb de candombe (le \u00ab\u00a0chico\u00a0\u00bb, \u00ab\u00a0repique\u00a0\u00bb et \u00ab\u00a0piano\u00a0\u00bb) ainsi que leurs r\u00f4les sp\u00e9cifiques au sein de celle-ci.<\/p>\n<p><strong><span style=\"color: #993300\">Atelier le Jeudi de 18h \u00e0 20h Salle de cin\u00e9ma P\u00f4le Formation 88, rue du Pont St Martial<\/span><\/strong><\/p>\n<p>Inscriptions : serviceculturel@unilim.fr<br \/>\n0672915394<\/p>\n<p>Les personnels et les ext\u00e9rieures doivent s&rsquo;acquitter du pass de vie universitaire pour s&rsquo;inscrire.<\/p>\n","protected":false},"excerpt":{"rendered":"<p>Atelier Percussion Uruguayenne Validant Direction : Vicente Perez Musicien, artiste sp\u00e9cialis\u00e9 en ludop\u00e9dagogie Faire d\u00e9couvrir des sons et des traditions d\u2019une autre culture aux \u00e9tudiants tout en familiarisant leur apprenant des techniques musicales de percussion. Ils pourront tout au long de l\u2019atelier, s\u2019initier et se sp\u00e9cialiser sur les trois diff\u00e9rents types de tambours composant une [&hellip;]<\/p>\n","protected":false},"author":51,"featured_media":0,"parent":0,"menu_order":0,"comment_status":"closed","ping_status":"closed","template":"","meta":{"footnotes":""},"class_list":["post-6486","page","type-page","status-publish","hentry"],"_links":{"self":[{"href":"https:\/\/www.unilim.fr\/culture\/wp-json\/wp\/v2\/pages\/6486","targetHints":{"allow":["GET"]}}],"collection":[{"href":"https:\/\/www.unilim.fr\/culture\/wp-json\/wp\/v2\/pages"}],"about":[{"href":"https:\/\/www.unilim.fr\/culture\/wp-json\/wp\/v2\/types\/page"}],"author":[{"embeddable":true,"href":"https:\/\/www.unilim.fr\/culture\/wp-json\/wp\/v2\/users\/51"}],"replies":[{"embeddable":true,"href":"https:\/\/www.unilim.fr\/culture\/wp-json\/wp\/v2\/comments?post=6486"}],"version-history":[{"count":0,"href":"https:\/\/www.unilim.fr\/culture\/wp-json\/wp\/v2\/pages\/6486\/revisions"}],"wp:attachment":[{"href":"https:\/\/www.unilim.fr\/culture\/wp-json\/wp\/v2\/media?parent=6486"}],"curies":[{"name":"wp","href":"https:\/\/api.w.org\/{rel}","templated":true}]}}