{"id":636,"date":"2025-08-09T22:00:00","date_gmt":"2016-02-02T10:17:36","guid":{"rendered":"http:\/\/www.unilim.fr\/culture\/?page_id=636"},"modified":"2025-09-08T19:06:37","modified_gmt":"2025-09-08T17:06:37","slug":"danse-contemporaine-ecriture-choregraphiqye","status":"publish","type":"page","link":"https:\/\/www.unilim.fr\/culture\/ateliers-culturels\/les-ateliers\/danse-contemporaine-ecriture-choregraphiqye\/","title":{"rendered":"Danse Contemporaine"},"content":{"rendered":"        <div class=\"container-fluid  \" style=\"\">\n                      <div class=\"container\">\n                <div class=\"row \" style=\"margin-top: 30px;margin-bottom: 30px\">        <div class=\"col-md-12 \">\n                    <div class=\"row\">\n                    <div class=\"col-xs-6\">\n            \n        \n        <div class=\"ul-element-header text-left  \">\n\n            <h3 class=\"ul-bold  \" style=\"\">\n                                Atelier de danse contemporaine                            <\/h3>\n        <\/div>\n                <div class=\"clearfix ul-element-text \">\n            \n<p>Audrey Allafort<br \/> Danseuse \/ Chor\u00e9graphe<\/p>\n<p>Au gr\u00e9 de ses rencontres et de ses cr\u00e9ations, elle traverse la danse, le th\u00e9\u00e2tre et la marionnettes et nous invite \u00e0 la diversit\u00e9 des formes et des \u00e9motions. Form\u00e9e \u00e0 la danse contemporaine au conservatoire de Tours et au centre ADAGE de Bordeaux, Audrey affine son langage aupr\u00e8s du Collectif A.A.O., d\u2019H\u00e9l\u00e8ne Khayadjanian, de Fluo Company et de la Cie O\u2019tresses. Sa collaboration avec Bruno Soulet (Cie Coyote Minute) affirme son univers th\u00e9\u00e2tral, tandis qu\u2019avec Anny Leeman, elle d\u00e9couvre un go\u00fbt marqu\u00e9 pour la marionnette.<\/p>\n<p>En 2022, elle fonde le Collectif Melpo avec Juliet Pascaud, o\u00f9 se croisent pratiques et exp\u00e9rimentations&nbsp;pour cr\u00e9er des liens entre artistes et publics. Parall\u00e8lement, elle s&rsquo;investit dans l&rsquo;\u00e9ducation&nbsp;artistique, transmettant la pratique aux enfants, \u00e9tudiants et personnes en situation de handicap.<\/p>\n<p>Jeudi de 18h \u00e0 20h Suaps&nbsp;Limoges<\/p>\n<p>185 Avenue Albert Thomas Limoges.<\/p>\n<p><\/p>\n<p><\/p>\n        <\/div>\n                <\/div>\n                <div class=\"col-xs-6\">\n                    <div class=\"ul-element-image \">\n            <a href=\"http:\/\/www.unilim.fr\/culture\/wp-content\/uploads\/sites\/17\/2016\/01\/img03.png\" target=\"\"  rel=\"lightbox\">\n                <img decoding=\"async\" class=\"img-responsive\" src=\"http:\/\/www.unilim.fr\/culture\/wp-content\/uploads\/sites\/17\/2016\/01\/img03.png\"\/>\n            <\/a>\n        <\/div>\n                <div class=\"clearfix ul-element-text \">\n            \n<p>VALIDANT Direction Audrey Allafort&nbsp; Danse, Enseignement, Planification d\u2019\u00e9v\u00e8nements. Cr\u00e9ation du Coolectif Melto. Dipl\u00f4m\u00e9e d\u2019Etat en danse contemporaine Acquisition et d\u00e9veloppement d\u2019une conscience et d\u2019une aisance corporelle, en lien avec l\u2019espace et le temps (fondamentaux danse contemporaine) Capacit\u00e9 \u00e0 improviser Capacit\u00e9 \u00e0 travailler \u00e0 plusieurs (communication verbale et non verbale) Capacit\u00e9 \u00e0 participer \u00e0 une cr\u00e9ation artistique collective Acquisition d\u2019une culture chor\u00e9graphique &nbsp; Les&nbsp;jeudis de <strong>18h \u00e0 20h<\/strong> Salle de danse du Suaps 185, rue Albert Thomas &#8211; Limoges. D\u00e9but des cours 1\u00e8re semaine d&rsquo;octobre<\/p>\n<hr>\n<p style=\"text-align: justify\" data-mce-style=\"text-align: justify;\">Pour y adh\u00e9rer Gratuit \u00e9tudiants<\/p>\n<p style=\"text-align: justify\" data-mce-style=\"text-align: justify;\">Personnels et ext\u00e9rieurs, il faut s&rsquo;acquitter du&nbsp;Passeport Culturel<\/p>\n<p style=\"text-align: justify;padding-left: 30px\" data-mce-style=\"text-align: justify; padding-left: 30px;\"><strong>Inscriptions<\/strong><\/p>\n<p style=\"text-align: justify;padding-left: 30px\" data-mce-style=\"text-align: justify; padding-left: 30px;\">T\u00e9l : 06 72 91 53 94<\/p>\n<p style=\"text-align: justify;padding-left: 30px\" data-mce-style=\"text-align: justify; padding-left: 30px;\">Mail : serviceculturel@unilim.fr<\/p>\n<p style=\"text-align: justify;padding-left: 30px\" data-mce-style=\"text-align: justify; padding-left: 30px;\">Ou aupr\u00e8s du bureau du Service Culturel.<\/p>\n        <\/div>\n                <\/div>\n                <\/div>\n                <div class=\"clearfix ul-element-text \">\n            \n<p>Lorem ipsum dolor sit amet, consectetur adipiscing elit, sed do eiusmod tempor incididunt ut labore et dolore magna aliqua. Ut enim ad minim veniam, quis nostrud exercitation ullamco laboris nisi ut aliquip ex ea commodo consequat. Duis aute irure dolor in reprehenderit in voluptate velit esse cillum dolore eu fugiat nulla pariatur. Excepteur sint occaecat cupidatat non proident, sunt in culpa qui officia deserunt mollit anim id est laborum.<\/p>\n<p><\/p>\n        <\/div>\n                <\/div>\n        <\/div>\n            <\/div>\n                  <\/div>\n        \n","protected":false},"excerpt":{"rendered":"","protected":false},"author":51,"featured_media":190,"parent":64,"menu_order":0,"comment_status":"closed","ping_status":"closed","template":"page-le.php","meta":{"footnotes":""},"class_list":["post-636","page","type-page","status-publish","has-post-thumbnail","hentry"],"_links":{"self":[{"href":"https:\/\/www.unilim.fr\/culture\/wp-json\/wp\/v2\/pages\/636","targetHints":{"allow":["GET"]}}],"collection":[{"href":"https:\/\/www.unilim.fr\/culture\/wp-json\/wp\/v2\/pages"}],"about":[{"href":"https:\/\/www.unilim.fr\/culture\/wp-json\/wp\/v2\/types\/page"}],"author":[{"embeddable":true,"href":"https:\/\/www.unilim.fr\/culture\/wp-json\/wp\/v2\/users\/51"}],"replies":[{"embeddable":true,"href":"https:\/\/www.unilim.fr\/culture\/wp-json\/wp\/v2\/comments?post=636"}],"version-history":[{"count":5,"href":"https:\/\/www.unilim.fr\/culture\/wp-json\/wp\/v2\/pages\/636\/revisions"}],"predecessor-version":[{"id":14188,"href":"https:\/\/www.unilim.fr\/culture\/wp-json\/wp\/v2\/pages\/636\/revisions\/14188"}],"up":[{"embeddable":true,"href":"https:\/\/www.unilim.fr\/culture\/wp-json\/wp\/v2\/pages\/64"}],"wp:featuredmedia":[{"embeddable":true,"href":"https:\/\/www.unilim.fr\/culture\/wp-json\/wp\/v2\/media\/190"}],"wp:attachment":[{"href":"https:\/\/www.unilim.fr\/culture\/wp-json\/wp\/v2\/media?parent=636"}],"curies":[{"name":"wp","href":"https:\/\/api.w.org\/{rel}","templated":true}]}}