{"id":5534,"date":"2021-05-24T22:00:00","date_gmt":"2021-04-20T16:22:35","guid":{"rendered":"http:\/\/www.unilim.fr\/culture\/?page_id=5534"},"modified":"2021-06-07T15:38:21","modified_gmt":"2021-06-07T13:38:21","slug":"litterature","status":"publish","type":"page","link":"https:\/\/www.unilim.fr\/culture\/litterature\/","title":{"rendered":"LITTERATURE"},"content":{"rendered":"        <div class=\"container-fluid bg-warning \" style=\"\">\n                      <div class=\"container\">\n                <div class=\"row \" style=\"margin-top: 30px;margin-bottom: 30px\">        <div class=\"col-sm-6 \">\n            <div style=\"padding:10px 30px;\" class=\"bg-black\">\n        \n        <div class=\"ul-element-header text-center  \">\n\n            <h2 class=\"ul-bold  \" style=\"\">\n                                POEMES ET MUSIQUE                            <\/h2>\n        <\/div>\n                <div class=\"clearfix ul-element-text \">\n            \n<p style=\"text-align: justify\" data-mce-style=\"text-align: justify;\">En partenariat avec le Conseil d\u00e9partemental et le Conservatoire \u00e0 Rayonnement R\u00e9gional de Limoges.<\/p>\n<p style=\"text-align: justify\" data-mce-style=\"text-align: justify;\">&nbsp;\u00ab&nbsp;L\u2019\u0153il vitrail&nbsp;\u00bb recueil de po\u00e8mes \u00e9crits par Sacha-Cornuel-Merveille \u00e9tudiant de Sorbonne Universit\u00e9 originaire de Limoges.<\/p>\n<p style=\"text-align: justify\" data-mce-style=\"text-align: justify;\">L&rsquo;adolescence est un \u00e2ge tumultueux, pour le corps, pour le c\u0153ur et pour l&rsquo;\u00e2me.<\/p>\n<p style=\"text-align: justify\" data-mce-style=\"text-align: justify;\">Dans ce recueil aux allures d&rsquo;exutoire, Sacha Cornuel-Merveille cherche \u00e0 cristalliser ces moments de gr\u00e2ce qui font la beaut\u00e9 fragile de cette p\u00e9riode o\u00f9 tout est possible, o\u00f9 tout est terrible et fou&nbsp;: l&rsquo;amour, le monde qui nous entoure, l&rsquo;in\u00e9vitable fin.<\/p>\n<p style=\"text-align: justify\" data-mce-style=\"text-align: justify;\">En quelques mots seulement, parfois, il nous plonge dans un tourbillon nostalgique, \u00e0 la fois candide et grave, qui r\u00e9sonne en chacun de nous.<\/p>\n<p style=\"text-align: justify\" data-mce-style=\"text-align: justify;\">Vers chuchot\u00e9s ou cri\u00e9s, suppliques, billets d&rsquo;amour, l&rsquo;auteur nous invite, au rythme d&rsquo;une m\u00e9lodie ent\u00eatante, \u00e0 le suivre dans les vertiges de cette jeunesse \u00e9perdue.<\/p>\n<p style=\"text-align: justify\" data-mce-style=\"text-align: justify;\">Li\u00e9 au titre, \u00ab\u00a0l&rsquo;\u0153il vitrail\u00a0\u00bb fait r\u00e9f\u00e9rence \u00e0 l&rsquo;\u0153il int\u00e9rieur, un troisi\u00e8me \u0153il non-physique qui invite l&rsquo;homme \u00e0 l&rsquo;\u00e9l\u00e9vation et \u00e0 la transcendance.<\/p>\n<p style=\"text-align: justify\" data-mce-style=\"text-align: justify;\">Le somptueux d\u00e9cor&nbsp;de la chapelle de la visitation semble alors en harmonie \u00e0 l&rsquo;analogie de la transcendance divine et la lumi\u00e8re que r\u00e9v\u00e8le le vitrail.&nbsp;<\/p>\n<p style=\"text-align: justify\" data-mce-style=\"text-align: justify;\">Po\u00e8mes et musique de chambre ont altern\u00e9 avec les \u00e9l\u00e8ves de 3\u00e8me Cycle du Conservatoire \u00e0 Rayonnement R\u00e9gional de Limoges qui ont r\u00f4d\u00e9 leur programme musical de l\u2019ann\u00e9e en amont des examens de fin de cycle.<\/p>\n        <\/div>\n                <div class=\"ul-element-image \">\n            <a href=\"https:\/\/www.unilim.fr\/culture\/wp-content\/uploads\/sites\/17\/2021\/03\/JACES.jpg\" target=\"\"  rel=\"lightbox\">\n                <img decoding=\"async\" class=\"img-responsive\" src=\"https:\/\/www.unilim.fr\/culture\/wp-content\/uploads\/sites\/17\/2021\/03\/JACES.jpg\"\/>\n            <\/a>\n        <\/div>\n        <\/div>        <\/div>\n                <div class=\"col-sm-6 \">\n                    <div class=\"ul-element-image \">\n            <a href=\"https:\/\/www.unilim.fr\/culture\/wp-content\/uploads\/sites\/17\/2021\/05\/Sans-titre-2.jpg\" target=\"\"  rel=\"lightbox\">\n                <img decoding=\"async\" class=\"img-responsive\" src=\"https:\/\/www.unilim.fr\/culture\/wp-content\/uploads\/sites\/17\/2021\/05\/Sans-titre-2.jpg\"\/>\n            <\/a>\n        <\/div>\n        <div class=\"ul-element-videojs \">\t\t\r\n\t\t<!-- Begin Video.js Responsive Wrapper -->\r\n\t\t<div style='max-width:1600px'>\r\n\t\t\t<div class='video-wrapper' style='padding-bottom:56.25%;'>\r\n\t\t\t\t\r\n\t<!-- Begin Video.js -->\r\n\t<video id=\"example_video_id_13744451\" class=\"video-js vjs-default-skin embed-responsive embed-responsive-16by9\" width=\"1600\" height=\"900\" controls preload=\"none\" data-setup='{\"forceSSL\":\"true\",\"techOrder\":[\"youtube\"],\"src\":\"https:\/\/youtu.be\/Wz6c96sLr5U\"}'>\r\n\t\t\r\n\t\t\r\n\t\t\r\n\t<\/video>\r\n\t<!-- End Video.js -->\r\n\r\n\t\t\t<\/div>\r\n\t\t<\/div>\r\n\t\t<!-- End Video.js Responsive Wrapper -->\r\n\t\t<\/div>        <\/div>\n        <\/div>\n            <\/div>\n                  <\/div>\n                <div class=\"container-fluid bg-info \" style=\"\">\n                      <div class=\"container\">\n                <div class=\"row \" style=\"margin-top: 30px;margin-bottom: 30px\">        <div class=\"col-sm-6 \">\n            <div style=\"padding:10px 30px;\" class=\"bg-gray-lighter\">        <div class=\"row\">\n                    <div class=\"col-sm-6\">\n            \n        \n        <div class=\"ul-element-header text-center  \">\n\n            <h3 class=\"ul-bold  bg-gray-dark\" style=\"padding:10px;\">\n                                LECTURES DE MICROFICTIONS                            <\/h3>\n        <\/div>\n                <\/div>\n                <div class=\"col-sm-6\">\n                    <div class=\" text-center \">\n            <a role=\"button\" href=\"\" target=\"_self\" class=\"ul-btn-margin ul-bold btn btn-default btn-lg\">\n                                    <i class=\"fa fa-fw fa-graduation-cap\"><\/i>\n                                INITIATIVE ETUDIANTE            <\/a>\n        <\/div>\n                <\/div>\n                <\/div>\n                <div class=\"clearfix ul-element-text \">\n            \n<p style=\"text-align: justify\" data-mce-style=\"text-align: justify;\">L\u2019\u00e9criture fait sa sc\u00e8ne avec les \u00e9tudiants inscrits au Master Fabrique de la litt\u00e9rature de la Facult\u00e9 des Lettres et des Sciences Humaines sous la Direction de JM Devesa.<\/p>\n<p style=\"text-align: justify\" data-mce-style=\"text-align: justify;\">Ouvert depuis septembre 2020, le Master FABLI (Fabrique de la Litt\u00e9rature) s\u2019appuie sur l\u2019acception double du terme de \u00ab fabrique \u00bb.<\/p>\n<p style=\"text-align: justify\" data-mce-style=\"text-align: justify;\">Les \u00e9tudiants y \u00e9tudient l\u2019\u00e9criture litt\u00e9raire du point de vue de son histoire, de sa place dans le syst\u00e8me des arts et la soci\u00e9t\u00e9, de sa po\u00e9tique et de son esth\u00e9tique ainsi que de ses aires culturelles.<\/p>\n<p style=\"text-align: justify\" data-mce-style=\"text-align: justify;\">De plus \u2014 et c\u2019est l\u00e0 l\u2019originalit\u00e9 de la formation \u2014 les \u00e9tudiants s\u2019entra\u00eenent aux diverses pratiques de l\u2019\u00e9criture dans des ateliers consacr\u00e9s \u00e0 la fiction, la forme br\u00e8ve, l\u2019essai, l\u2019\u00e9criture th\u00e9\u00e2trale ainsi qu\u2019\u00e0 l\u2019art de l\u2019\u00e9loquence.<\/p>\n<p style=\"text-align: justify\" data-mce-style=\"text-align: justify;\">Les \u00e9tudiants auteurs et autrices se sont rendus \u00e0 la BFM le temps de lire leurs propres textes.<\/p>\n<p><\/p>\n<p>&nbsp;<\/p>\n        <\/div>\n        <\/div>        <\/div>\n                <div class=\"col-sm-6 \">\n                    <div class=\"ul-element-image \">\n            <a href=\"https:\/\/www.unilim.fr\/culture\/wp-content\/uploads\/sites\/17\/2021\/05\/REC.jpg\" target=\"\"  rel=\"lightbox\">\n                <img decoding=\"async\" class=\"img-responsive\" src=\"https:\/\/www.unilim.fr\/culture\/wp-content\/uploads\/sites\/17\/2021\/05\/REC.jpg\"\/>\n            <\/a>\n        <\/div>\n                <div class=\"clearfix ul-element-text \">\n            \n<p>Illustration Manon Clavaud<\/p>\n<p><\/p>\n        <\/div>\n                <div class=\"\">\n            <hr\/>\n        <\/div>\n        <div class=\"ul-element-videojs \">\t\t\r\n\t\t<!-- Begin Video.js Responsive Wrapper -->\r\n\t\t<div style='max-width:1600px'>\r\n\t\t\t<div class='video-wrapper' style='padding-bottom:56.25%;'>\r\n\t\t\t\t\r\n\t<!-- Begin Video.js -->\r\n\t<video id=\"example_video_id_1832744753\" class=\"video-js vjs-default-skin embed-responsive embed-responsive-16by9\" width=\"1600\" height=\"900\" controls preload=\"none\" data-setup='{\"forceSSL\":\"true\",\"techOrder\":[\"youtube\"],\"src\":\"https:\/\/youtu.be\/t7cd-aYIRdU\"}'>\r\n\t\t\r\n\t\t\r\n\t\t\r\n\t<\/video>\r\n\t<!-- End Video.js -->\r\n\r\n\t\t\t<\/div>\r\n\t\t<\/div>\r\n\t\t<!-- End Video.js Responsive Wrapper -->\r\n\t\t<\/div>        <div class=\"\">\n            <hr\/>\n        <\/div>\n        <div class=\"ul-element-videojs \">\t\t\r\n\t\t<!-- Begin Video.js Responsive Wrapper -->\r\n\t\t<div style='max-width:1600px'>\r\n\t\t\t<div class='video-wrapper' style='padding-bottom:56.25%;'>\r\n\t\t\t\t\r\n\t<!-- Begin Video.js -->\r\n\t<video id=\"example_video_id_2089432140\" class=\"video-js vjs-default-skin embed-responsive embed-responsive-16by9\" width=\"1600\" height=\"900\" controls preload=\"none\" data-setup='{\"forceSSL\":\"true\",\"techOrder\":[\"youtube\"],\"src\":\"https:\/\/www.youtube.com\/watch?v=zFt8Z4HUu-0\"}'>\r\n\t\t\r\n\t\t\r\n\t\t\r\n\t<\/video>\r\n\t<!-- End Video.js -->\r\n\r\n\t\t\t<\/div>\r\n\t\t<\/div>\r\n\t\t<!-- End Video.js Responsive Wrapper -->\r\n\t\t<\/div>        <\/div>\n        <\/div>\n            <\/div>\n                  <\/div>\n                <div class=\"container-fluid bg-success \" style=\"\">\n                      <div class=\"container\">\n                <div class=\"row \" style=\"margin-top: 30px;margin-bottom: 30px\">        <div class=\"col-sm-6 \">\n            <div style=\"padding:10px 30px;\" class=\"bg-primary\">        <div class=\"row\">\n                    <div class=\"col-sm-6\">\n            \n        \n        <div class=\"ul-element-header text-center  \">\n\n            <h2 class=\"ul-bold  bg-gray-dark\" style=\"padding:10px;\">\n                                ECRITURE SLAM                            <\/h2>\n        <\/div>\n                <\/div>\n                <div class=\"col-sm-6\">\n                    <div class=\" text-center \">\n            <a role=\"button\" href=\"\" target=\"_self\" class=\"ul-btn-margin ul-bold btn btn-default btn-lg\">\n                                    <i class=\"fa fa-fw fa-graduation-cap\"><\/i>\n                                INITIATIVE ETUDIANTE            <\/a>\n        <\/div>\n                <\/div>\n                <\/div>\n                <div class=\"clearfix ul-element-text \">\n            \n<p style=\"text-align: justify\" data-mce-style=\"text-align: justify;\">D\u00e9couvrez la restitution de l\u2019atelier \u00e9criture Slam dirig\u00e9 par Fabrice Garcia des \u00e9ditions Black-out.<\/p>\n<p style=\"text-align: justify\" data-mce-style=\"text-align: justify;\">D\u00e9clamations de textes d\u2019\u00e9tudiants in\u00e9dits autour du th\u00e8me :<\/p>\n<p style=\"text-align: justify\" data-mce-style=\"text-align: justify;\">\u00ab&nbsp;Permettez cet \u00e9garement o\u00f9 je serai sans filtre. Ce c\u0153ur ouvert donnera les mirages de l\u2019identit\u00e9&nbsp;\u00bb<\/p>\n<p style=\"text-align: justify\" data-mce-style=\"text-align: justify;\">Une s\u00e9rie de vid\u00e9os est propos\u00e9e sous la forme d\u2019un montage r\u00e9alis\u00e9 par les \u00e9tudiants et autres participants \u00e0 l\u2019atelier \u00e9criture slam.<\/p>\n<p style=\"text-align: justify\" data-mce-style=\"text-align: justify;\">Les diff\u00e9rents axes de travail abord\u00e9s cette ann\u00e9e \u00e9taient :<\/p>\n<p style=\"text-align: justify\" data-mce-style=\"text-align: justify;\">\u00ab\u00a0L&rsquo;identit\u00e9\u00a0\u00bb, \u00ab\u00a0L&rsquo;\u00e9garement\u00a0\u00bb, \u00ab\u00a0\u00c0 c\u0153ur ouvert\u00a0\u00bb et \u00ab\u00a0Sans filtre\u00a0\u00bb.<\/p>\n<p style=\"text-align: justify\" data-mce-style=\"text-align: justify;\">Chacun partagera avec ses propres sensibilit\u00e9s, une ou deux cr\u00e9ations, seul sous le regard implacable de la cam\u00e9ra.<\/p>\n<p style=\"text-align: justify\" data-mce-style=\"text-align: justify;\">Un recueil verra \u00e9galement le jour, en version num\u00e9rique et papier, sous le titre de \u00ab\u00a0Mirages\u00a0\u00bb.\u00a0\u00bb<\/p>\n        <\/div>\n        <\/div>        <\/div>\n                <div class=\"col-sm-6 \">\n                    <div class=\"ul-element-image \">\n            <a href=\"https:\/\/www.unilim.fr\/culture\/wp-content\/uploads\/sites\/17\/2021\/03\/unnamed-scaled.jpg\" target=\"\"  rel=\"lightbox\">\n                <img decoding=\"async\" class=\"img-responsive\" src=\"https:\/\/www.unilim.fr\/culture\/wp-content\/uploads\/sites\/17\/2021\/03\/unnamed-scaled.jpg\"\/>\n            <\/a>\n        <\/div>\n        <div class=\"ul-element-videojs \">\t\t\r\n\t\t<!-- Begin Video.js Responsive Wrapper -->\r\n\t\t<div style='max-width:1600px'>\r\n\t\t\t<div class='video-wrapper' style='padding-bottom:56.25%;'>\r\n\t\t\t\t\r\n\t<!-- Begin Video.js -->\r\n\t<video id=\"example_video_id_1909948768\" class=\"video-js vjs-default-skin embed-responsive embed-responsive-16by9\" width=\"1600\" height=\"900\" controls preload=\"none\" data-setup='{\"forceSSL\":\"true\",\"techOrder\":[\"youtube\"],\"src\":\"https:\/\/youtu.be\/DlSXSwXArsY\"}'>\r\n\t\t\r\n\t\t\r\n\t\t\r\n\t<\/video>\r\n\t<!-- End Video.js -->\r\n\r\n\t\t\t<\/div>\r\n\t\t<\/div>\r\n\t\t<!-- End Video.js Responsive Wrapper -->\r\n\t\t<\/div>        <\/div>\n        <\/div>\n            <\/div>\n                  <\/div>\n                <div class=\"container-fluid bg-gray-dark \" style=\"\">\n                      <div class=\"container\">\n                <div class=\"row \" style=\"margin-top: 30px;margin-bottom: 30px\">        <div class=\"col-sm-6 \">\n            <div style=\"padding:10px 30px;\" class=\"bg-warning\">\n        \n        <div class=\"ul-element-header text-center  \">\n\n            <h2 class=\"ul-bold  bg-gray-dark\" style=\"padding:10px;\">\n                                BANDE DESSINEE                <span><br\/><\/span><small> Storyboard de Patrick Trouillas<\/small>            <\/h2>\n        <\/div>\n                <div class=\"clearfix ul-element-text \">\n            \n<p>Storyboard sur la cr\u00e9ation d\u2019une bande dessin\u00e9e propos\u00e9 et anim\u00e9 par Patrick Trouillas Professeur \u00e0 la Facult\u00e9 de Pharmacie de Limoges<\/p>\n<p>Dans la continuit\u00e9 de sa carri\u00e8re scientifique dans le domaine de la mod\u00e9lisation mol\u00e9culaire, Patrick Trouillas a d\u00e9velopp\u00e9 des comp\u00e9tences artistiques qu\u2019il met \u00e0 profit pour construire des projets de diffusion et vulgarisation des sciences\u201d<\/p>\n<p>&nbsp;Galerie virtuelle de ses productions artistiques sur le th\u00e8me du monde marin<\/p>\n<p>Documentaire enregistr\u00e9 et diffus\u00e9 en streaming par le m\u00e9dialab de l\u2019universit\u00e9.<\/p>\n<p><\/p>\n        <\/div>\n        <\/div>        <\/div>\n                <div class=\"col-sm-6 \">\n            <div class=\"ul-element-videojs \">\t\t\r\n\t\t<!-- Begin Video.js Responsive Wrapper -->\r\n\t\t<div style='max-width:1600px'>\r\n\t\t\t<div class='video-wrapper' style='padding-bottom:56.25%;'>\r\n\t\t\t\t\r\n\t<!-- Begin Video.js -->\r\n\t<video id=\"example_video_id_1993359968\" class=\"video-js vjs-default-skin embed-responsive embed-responsive-16by9\" width=\"1600\" height=\"900\" controls preload=\"none\" data-setup='{\"forceSSL\":\"true\",\"techOrder\":[\"youtube\"],\"src\":\"https:\/\/www.youtube.com\/watch?v=EO3vREk50bU\"}'>\r\n\t\t\r\n\t\t\r\n\t\t\r\n\t<\/video>\r\n\t<!-- End Video.js -->\r\n\r\n\t\t\t<\/div>\r\n\t\t<\/div>\r\n\t\t<!-- End Video.js Responsive Wrapper -->\r\n\t\t<\/div>        <div class=\"\">\n            <hr\/>\n        <\/div>\n        <div class=\"ul-element-videojs \">\t\t\r\n\t\t<!-- Begin Video.js Responsive Wrapper -->\r\n\t\t<div style='max-width:1600px'>\r\n\t\t\t<div class='video-wrapper' style='padding-bottom:56.25%;'>\r\n\t\t\t\t\r\n\t<!-- Begin Video.js -->\r\n\t<video id=\"example_video_id_953534515\" class=\"video-js vjs-default-skin embed-responsive embed-responsive-16by9\" width=\"1600\" height=\"900\" controls preload=\"none\" data-setup='{\"forceSSL\":\"true\",\"techOrder\":[\"youtube\"],\"src\":\"https:\/\/www.youtube.com\/watch?v=WEgEVTsuuAQ\"}'>\r\n\t\t\r\n\t\t\r\n\t\t\r\n\t<\/video>\r\n\t<!-- End Video.js -->\r\n\r\n\t\t\t<\/div>\r\n\t\t<\/div>\r\n\t\t<!-- End Video.js Responsive Wrapper -->\r\n\t\t<\/div>        <div class=\"ul-element-image \">\n            <a href=\"https:\/\/www.unilim.fr\/culture\/wp-content\/uploads\/sites\/17\/2021\/03\/Litterature.png\" target=\"\"  rel=\"lightbox\">\n                <img decoding=\"async\" class=\"img-responsive\" src=\"https:\/\/www.unilim.fr\/culture\/wp-content\/uploads\/sites\/17\/2021\/03\/Litterature.png\"\/>\n            <\/a>\n        <\/div>\n                <\/div>\n        <\/div>\n            <\/div>\n                  <\/div>\n        \n","protected":false},"excerpt":{"rendered":"","protected":false},"author":51,"featured_media":0,"parent":0,"menu_order":0,"comment_status":"closed","ping_status":"closed","template":"page-le.php","meta":{"footnotes":""},"class_list":["post-5534","page","type-page","status-publish","hentry"],"_links":{"self":[{"href":"https:\/\/www.unilim.fr\/culture\/wp-json\/wp\/v2\/pages\/5534","targetHints":{"allow":["GET"]}}],"collection":[{"href":"https:\/\/www.unilim.fr\/culture\/wp-json\/wp\/v2\/pages"}],"about":[{"href":"https:\/\/www.unilim.fr\/culture\/wp-json\/wp\/v2\/types\/page"}],"author":[{"embeddable":true,"href":"https:\/\/www.unilim.fr\/culture\/wp-json\/wp\/v2\/users\/51"}],"replies":[{"embeddable":true,"href":"https:\/\/www.unilim.fr\/culture\/wp-json\/wp\/v2\/comments?post=5534"}],"version-history":[{"count":0,"href":"https:\/\/www.unilim.fr\/culture\/wp-json\/wp\/v2\/pages\/5534\/revisions"}],"wp:attachment":[{"href":"https:\/\/www.unilim.fr\/culture\/wp-json\/wp\/v2\/media?parent=5534"}],"curies":[{"name":"wp","href":"https:\/\/api.w.org\/{rel}","templated":true}]}}