{"id":424,"date":"2016-01-21T23:00:00","date_gmt":"2016-01-19T11:34:37","guid":{"rendered":"http:\/\/www.unilim.fr\/culture\/?page_id=424"},"modified":"2016-01-28T17:59:55","modified_gmt":"2016-01-28T16:59:55","slug":"presentation-de-la-saison-culturelle","status":"publish","type":"page","link":"https:\/\/www.unilim.fr\/culture\/saison-2015-2016\/presentation-de-la-saison-culturelle\/","title":{"rendered":"\u00c9dito"},"content":{"rendered":"        <div class=\"container-fluid  \" style=\"\">\n                      <div class=\"container\">\n                <div class=\"row \" style=\"margin-top: 30px;margin-bottom: 30px\">        <div class=\"col-sm-5 \">\n                    <div class=\"ul-element-image \">\n            <a href=\"http:\/\/www.unilim.fr\/culture\/wp-content\/uploads\/sites\/17\/2015\/11\/GC4-11-480x640.jpg\" target=\"\"  rel=\"lightbox\">\n                <img decoding=\"async\" class=\"img-responsive\" src=\"http:\/\/www.unilim.fr\/culture\/wp-content\/uploads\/sites\/17\/2015\/11\/GC4-11-480x640.jpg\"\/>\n            <\/a>\n        <\/div>\n                <\/div>\n                <div class=\"col-sm-1 \">\n                    <\/div>\n                <div class=\"col-sm-3 \">\n            \n        \n        <div class=\"ul-element-header text-left  \">\n\n            <h3 class=\"ul-bold  \" style=\"\">\n                                \u00c9dito                            <\/h3>\n        <\/div>\n                <div class=\"clearfix ul-element-text \">\n            \n<p style=\"text-align: justify\">Que l&rsquo;on soit \u00e9tudiant \u00e0 l&rsquo;Universit\u00e9 ou personnel de l&rsquo;\u00e9tablissement, rien n&#8217;emp\u00eache de se divertir ! L&rsquo;agenda culturel 2015-2016 offre ainsi une vari\u00e9t\u00e9 consid\u00e9rable de spectacles et de divertissements pour tous.<\/p>\n<p style=\"text-align: justify\">On retrouve bien entendu des rencontres d\u00e9sormais traditionnelles, comme le challenge musical, cinqui\u00e8me du nom (en octobre 2015), avec un invit\u00e9 de marque en la personne de Vladimir Cosma, le festival \u00e9tudiant, le troisi\u00e8me d\u00e9j\u00e0 ! en mars 2016, le concert du nouvel an en janvier ou celui de printemps en juin&#8230; Mais il y a aussi de nombreuses nouveaut\u00e9s et moments forts et chacun peut y trouver la culture qu&rsquo;il souhaite : la nuit europ\u00e9enne de la recherche et la venue de Juliette Gr\u00e9co, tous les go\u00fbts pourront \u00eatre satisfaits !<\/p>\n<p>&nbsp;<\/p>\n        <\/div>\n                <\/div>\n                <div class=\"col-sm-3 \">\n                    <div class=\"clearfix ul-element-text \">\n            \n<p style=\"text-align: justify\">La programmation pr\u00e9sent\u00e9e est un moyen de sensibiliser chacun et chacune \u00e0 la culture, \u00e0 toute culture. Le troisi\u00e8me festival \u00e9tudiant est \u00e9videmment un moment phare, pour inciter les \u00e9tudiants \u00e0 participer \u00e0 ces actions. Mais le service culturel de l&rsquo;Universit\u00e9 s&rsquo;appuie \u00e9galement beaucoup sur toutes les institutions locales et r\u00e9gionales et la programmation ne serait pas ce qu&rsquo;elle est aujourd&rsquo;hui si le partenariat entre toutes les structures au service de la culture ne s&rsquo;\u00e9tait pas d\u00e9velopp\u00e9, pour une offre diversifi\u00e9e et de qualit\u00e9.<\/p>\n        <\/div>\n                <div class=\"\">\n                        <div class=\"panel panel-default\">\n                              <div class=\"panel-body\">\n                  \n<p style=\"text-align: right\"><strong>H\u00e9l\u00e8ne Pauliat<\/strong><br \/>\n<strong>Pr\u00e9sidente<\/strong><br \/>\n<strong>de l\u2019Universit\u00e9 de Limoges<\/strong><\/p>\n                <\/div>\n                          <\/div>\n                    <\/div>\n                <\/div>\n        <\/div>\n            <\/div>\n                  <\/div>\n        \n","protected":false},"excerpt":{"rendered":"","protected":false},"author":51,"featured_media":421,"parent":42,"menu_order":0,"comment_status":"closed","ping_status":"closed","template":"page-le.php","meta":{"footnotes":""},"class_list":["post-424","page","type-page","status-publish","has-post-thumbnail","hentry"],"_links":{"self":[{"href":"https:\/\/www.unilim.fr\/culture\/wp-json\/wp\/v2\/pages\/424","targetHints":{"allow":["GET"]}}],"collection":[{"href":"https:\/\/www.unilim.fr\/culture\/wp-json\/wp\/v2\/pages"}],"about":[{"href":"https:\/\/www.unilim.fr\/culture\/wp-json\/wp\/v2\/types\/page"}],"author":[{"embeddable":true,"href":"https:\/\/www.unilim.fr\/culture\/wp-json\/wp\/v2\/users\/51"}],"replies":[{"embeddable":true,"href":"https:\/\/www.unilim.fr\/culture\/wp-json\/wp\/v2\/comments?post=424"}],"version-history":[{"count":0,"href":"https:\/\/www.unilim.fr\/culture\/wp-json\/wp\/v2\/pages\/424\/revisions"}],"up":[{"embeddable":true,"href":"https:\/\/www.unilim.fr\/culture\/wp-json\/wp\/v2\/pages\/42"}],"wp:featuredmedia":[{"embeddable":true,"href":"https:\/\/www.unilim.fr\/culture\/wp-json\/wp\/v2\/media\/421"}],"wp:attachment":[{"href":"https:\/\/www.unilim.fr\/culture\/wp-json\/wp\/v2\/media?parent=424"}],"curies":[{"name":"wp","href":"https:\/\/api.w.org\/{rel}","templated":true}]}}