{"id":10564,"date":"2024-08-26T22:00:00","date_gmt":"2023-09-04T22:28:14","guid":{"rendered":"http:\/\/www.unilim.fr\/culture\/?page_id=10564"},"modified":"2025-08-09T20:42:32","modified_gmt":"2025-08-09T18:42:32","slug":"saison-culturelle-universitaire-23-24","status":"publish","type":"page","link":"https:\/\/www.unilim.fr\/culture\/saison-culturelle-universitaire-23-24\/","title":{"rendered":"Saison Culturelle Universitaire 25-26"},"content":{"rendered":"        <div class=\"container-fluid  \" style=\"\">\n                      <div class=\"container\">\n                <div class=\"row \" style=\"margin-top: 30px;margin-bottom: 30px\">        <div class=\"col-md-12 \">\n                    <div class=\"clearfix ul-element-text \">\n            \n<p><strong>Ann\u00e9e 2025-2026<\/strong>\u00a01er Semestre<\/p>\n<ul>\n<li><span style=\"background-color: transparent\">Ouverture des inscriptions aux ateliers de pratiques culturelles saison 2025-2026.\u00a0<\/span><\/li>\n<li><span style=\"background-color: transparent\">F\u00eate du sport concert \u00e9tudiant 18 septembre 2025 \u00e0 18h30<\/span><\/li>\n<li>Ev\u00e8nement de rentr\u00e9e, Concert\u00a0de Carbonne en partenariat avec la\u00a0Ville de Panazol : 25 septembre 2025 \u00e0 20h &#8211; 1\u00e8re Partie Agathe<\/li>\n<li>Ev\u00e8nement de rentr\u00e9e, L&rsquo;EcranPop Cin\u00e9maKaraok\u00e9 Mamma Mia ! Op\u00e9ra de Limoges : 11 octobre 2025 \u00e0 20h<\/li>\n<li>Exposition \u00ab\u00a0Empreintes\u00a0\u00bb oeuvres de Hubert Antoine du 15 septembre au 10 novembre 2025 Facult\u00e9 de droit et des sciences \u00e9conomiques<\/li>\n<li>Toques et Porcelaine Exposition des cr\u00e9ations en c\u00e9ramique des \u00e9tudiants inscrits en 3 \u00e8me cycle \u00e0 l&rsquo;ENSIL-ENSCI du 19 au 21 septembre 2025 Pavillon du Verdurier<\/li>\n<li>Challenge Musical, 16 \u00e8me \u00e9dition, Pr\u00e9sid\u00e9 par Dominique A : 4 d\u00e9cembre 2025 \u00e0 20h Facult\u00e9 de Droit Amphi 600<\/li>\n<li>Rencontres litt\u00e9raires et artistiques \u00ab\u00a0La musique s&rsquo;\u00e9coute mais se raconte aussi\u00a0\u00bb Ev\u00e8nement Lire \u00e0 Limoges\u00a0BFM : 5 d\u00e9cembre 2025 \u00e0 partir de 10h30.\u00a0Programmation en cours<\/li>\n<li>Concert de Dominique A Espace Bayles Isle 5 d\u00e9cembre 2025 \u00e0 20h30<\/li>\n<li>10 \u00e8mes Rencontres Cin\u00e9matographiques de Limoges : Date en cours.\u00a0 Remise du prix du jury \u00e9tudiant.<\/li>\n<li>Concert de Noel coll\u00e9giale de St L\u00e9onard de Noblat en partenariat avec l&rsquo;InDoSile avec la participation du Choeur Universitaire.<\/li>\n<\/ul>\n<p><strong>Ann\u00e9e 2025-2026<\/strong>\u00a02\u00e8me Semestre<\/p>\n<ul>\n<li>Exposition des oeuvres de Claudine Bonnefoy artiste de Limoges du 15 janvier au 15 mars 2026<\/li>\n<li>Journ\u00e9es des Arts et de la Culture dans l&rsquo;Enseignement Sup\u00e9rieur\/Festival\u00a0Campus cr\u00e9atifs date en cours<\/li>\n<li>Th\u00e9\u00e2tre pi\u00e8ce de Fabrice Meltio 399 sec par les \u00e9tudiants du cour Florent Paris CCM J Gagnant 29 avril 2026 \u00e0 20h<\/li>\n<li>Concert de Stephan Eicher Op\u00e9ra de Limoges 30 mai 2026 \u00e0 20h<\/li>\n<li>L&rsquo;Ange \u00e0 la Fen\u00eatre d&rsquo;orient Cr\u00e9ation d&rsquo;Andr\u00e9 Manoukian et de Dafn\u00e9 Kritharas Ath\u00e8nes\u00a0 Projet culturel universitaire europ\u00e9en<\/li>\n<li>Projet de cr\u00e9ation participative en cours date restitution \u00e0 d\u00e9finir.<\/li>\n<\/ul>\n        <\/div>\n                <\/div>\n        <\/div>\n            <\/div>\n                  <\/div>\n        \n","protected":false},"excerpt":{"rendered":"","protected":false},"author":51,"featured_media":0,"parent":0,"menu_order":0,"comment_status":"closed","ping_status":"closed","template":"page-le.php","meta":{"footnotes":""},"class_list":["post-10564","page","type-page","status-publish","hentry"],"_links":{"self":[{"href":"https:\/\/www.unilim.fr\/culture\/wp-json\/wp\/v2\/pages\/10564","targetHints":{"allow":["GET"]}}],"collection":[{"href":"https:\/\/www.unilim.fr\/culture\/wp-json\/wp\/v2\/pages"}],"about":[{"href":"https:\/\/www.unilim.fr\/culture\/wp-json\/wp\/v2\/types\/page"}],"author":[{"embeddable":true,"href":"https:\/\/www.unilim.fr\/culture\/wp-json\/wp\/v2\/users\/51"}],"replies":[{"embeddable":true,"href":"https:\/\/www.unilim.fr\/culture\/wp-json\/wp\/v2\/comments?post=10564"}],"version-history":[{"count":6,"href":"https:\/\/www.unilim.fr\/culture\/wp-json\/wp\/v2\/pages\/10564\/revisions"}],"predecessor-version":[{"id":13993,"href":"https:\/\/www.unilim.fr\/culture\/wp-json\/wp\/v2\/pages\/10564\/revisions\/13993"}],"wp:attachment":[{"href":"https:\/\/www.unilim.fr\/culture\/wp-json\/wp\/v2\/media?parent=10564"}],"curies":[{"name":"wp","href":"https:\/\/api.w.org\/{rel}","templated":true}]}}