{"id":63,"date":"2020-01-26T23:00:00","date_gmt":"2017-09-24T20:00:00","guid":{"rendered":"http:\/\/www.unilim.fr\/carmalim-dev\/?page_id=63"},"modified":"2021-01-13T17:38:54","modified_gmt":"2021-01-13T16:38:54","slug":"ircer","status":"publish","type":"page","link":"https:\/\/www.unilim.fr\/carmalim\/?page_id=63","title":{"rendered":"IRCER"},"content":{"rendered":"                                <div class=\"ul-banner-parallax \" style=\"height:300px;\" >\n\n                                    <div class=\"ul-post-thumbnail\" style=\"height:300px; background-size: cover; background-image: url('http:\/\/www.unilim.fr\/carmalim\/wp-content\/uploads\/sites\/20\/2017\/07\/CEC-2400x800.jpeg')\"><!-- Image BG --><\/div>\n\n                                    <div class=\"ul-post-thumbnail-back\" style=\"margin-top:-300px; height:300px; opacity:.5;\"><!-- Texture --><\/div>\n\n                                    <div class=\"ul-layers\">\n                                        \n                                        <div class=\"ul-layer ul-slogan\" style=\"bottom:160px;right:20%;\">\n                                            <h4 class=\"text-light\"><em><br\/>\n                                            &nbsp;&nbsp;&nbsp;&nbsp;&nbsp;&nbsp;&nbsp;<\/em><\/h4>\n                                                                                    <\/div>\n\n                                    <\/div>\n\n                                <\/div>\n                                <script type=\"text\/javascript\">\n                                    \/\/\/\/\/\/\/\/\/\/\/\/\/\/\/\/\/\/\/\/\/\/\/\/\/\/\/\/\/\/\/\/\/\/\/\/\/\/\/\/\/\/\/\/\/\/\/\/\/\/\/\/\/\/\/\/\/\/\/\/\/\/\/\/\/\/\/\/\/\/\/\/\/\/\/\/\/\/\/\/\/\/\/\/\/\/\/\/\/\/\/\/\/\/\/\/\/\/\/\/\n                                    \/\/  PARALAX\n                                    \/\/\/\/\/\/\/\/\/\/\/\/\/\/\/\/\/\/\/\/\/\/\/\/\/\/\/\/\/\/\/\/\/\/\/\/\/\/\/\/\/\/\/\/\/\/\/\/\/\/\/\/\/\/\/\/\/\/\/\/\/\/\/\/\/\/\/\/\/\/\/\/\/\/\/\/\/\/\/\/\/\/\/\/\/\/\/\/\/\/\/\/\/\/\/\/\/\/\/\/\n                                    $( document ).ready(function() {\n                                        var bandeau = $('.ul-banner-parallax');\n                                        if (bandeau.length){\n                                            var imgpos = 50 - $( window ).scrollTop()\/20;\n                                            $('.ul-banner-parallax > .ul-post-thumbnail').css('background-position','50% '+imgpos+'%');\n                                            $( window ).scroll(function(){\n                                                imgpos = 50 - $( window ).scrollTop()\/10;\n                                                txtpos = 160 + $( window ).scrollTop()\/5;\n                                                frisepos = 125 + $( window ).scrollTop()\/10;\n                                                $('.ul-banner-parallax > .ul-post-thumbnail').css('background-position','50% '+imgpos+'%');\n                                                $('.ul-slogan').css('bottom',txtpos+'px');\n                                                $('.ul-frise-1').css('bottom',frisepos+'px');\n                                                \/\/$('.ul-texture').css('background-position',''+-frisepos+'%');\n                                            });\n                                        }\n                                    });\n                                <\/script>\n\n                                    <div class=\"container-fluid  \" style=\"\">\n                      <div class=\"container\">\n                <div class=\"row \" style=\"margin-top: 30px;margin-bottom: 30px\">        <div class=\"col-sm-5 \">\n                    <div class=\"ul-element-image \">\n            <a href=\"https:\/\/www.ircer.fr\/\" target=\"\"  rel=\"\">\n                <img decoding=\"async\" class=\"img-responsive\" src=\"http:\/\/www.unilim.fr\/carmalim\/wp-content\/uploads\/sites\/20\/2020\/01\/logo-ircer.png\"\/>\n            <\/a>\n        <\/div>\n                <\/div>\n                <div class=\"col-sm-7 \">\n                    <div class=\"clearfix ul-element-text \">\n            \n<h1 class=\"ul-bold\" style=\"padding-left: 30px\">Institut de Recherche sur les C\u00e9ramiques<\/h1>\n        <\/div>\n                <div class=\"\">\n            <hr\/>\n        <\/div>\n                <div class=\"clearfix ul-element-text \">\n            \n<h2 class=\"ul-bold\" style=\"text-align: left;padding-left: 30px\">De l\u2019atome aux proc\u00e9d\u00e9s<\/h2>\n<p>&nbsp;<\/p>\n        <\/div>\n                <\/div>\n        <\/div>\n            <\/div>\n                  <\/div>\n                <div class=\"container-fluid  \" style=\"\">\n                      <div class=\"container\">\n                <div class=\"row \" style=\"margin-top: 30px;margin-bottom: 30px\">        <div class=\"col-sm-12 \">\n                    <div class=\"clearfix ul-element-text \">\n            \n<h3 style=\"text-align: left\"><span style=\"color: #333300\">L&rsquo;<span style=\"color: #b51600\"><a style=\"color: #b51600\" href=\"https:\/\/www.ircer.fr\/\">IRCER <\/a><\/span>se structure autour de points forts qui constituent son c\u0153ur de m\u00e9tier et contribuent \u00e0 la visibilit\u00e9 du laboratoire : une approche pluridisciplinaire, le d\u00e9veloppement de c\u00e9ramiques innovantes, le d\u00e9veloppement de proc\u00e9d\u00e9s innovants, une logique \u00ab\u00a0mat\u00e9riaux + proc\u00e9d\u00e9 = produit\u00a0\u00bb. Le laboratoire <span style=\"color: #b51600\"><a style=\"color: #b51600\" href=\"https:\/\/www.ircer.fr\/\">IRCER <\/a><\/span>s&rsquo;appuie sur des moyens mat\u00e9riels importants, dont les principaux constituent la plateforme CARMALIM.<\/span><\/h3>\n<h3><span style=\"color: #333300\">L\u2019<span style=\"color: #b51600\"><a style=\"color: #b51600\" href=\"https:\/\/www.ircer.fr\/\">IRCER <\/a><\/span>\u00e9labore et ma\u00eetrise les propri\u00e9t\u00e9s des objets \/ d\u00e9p\u00f4ts \u00e0 base de c\u00e9ramiques avec des applications innovantes dans de nombreux domaines o\u00f9 l\u2019avanc\u00e9e technologique est strat\u00e9gique.<\/span><\/h3>\n<p>&nbsp;<\/p>\n        <\/div>\n                <\/div>\n        <\/div>\n            <\/div>\n                  <\/div>\n                <div class=\"container-fluid  \" style=\"\">\n                      <div class=\"container\">\n                <div class=\"row \" style=\"margin-top: 30px;margin-bottom: 30px\">        <div class=\"col-sm-6 \">\n                    <div class=\"clearfix ul-element-text \">\n            \n<div id=\"new-royalslider-3\" class=\"royalSlider new-royalslider-3 rsMinW rs-default-template\" style=\"width:100%;height:300px;;\" data-rs-options='{&quot;template&quot;:&quot;default&quot;,&quot;image_generation&quot;:{&quot;imageWidth&quot;:&quot;&quot;,&quot;imageHeight&quot;:&quot;&quot;,&quot;thumbImageWidth&quot;:&quot;&quot;,&quot;thumbImageHeight&quot;:&quot;&quot;},&quot;thumbs&quot;:{&quot;thumbWidth&quot;:96,&quot;thumbHeight&quot;:72},&quot;block&quot;:{&quot;moveOffset&quot;:20,&quot;speed&quot;:400,&quot;delay&quot;:200},&quot;width&quot;:&quot;100%&quot;,&quot;height&quot;:300,&quot;autoScaleSliderWidth&quot;:500,&quot;autoScaleSliderHeight&quot;:333,&quot;imageScaleMode&quot;:&quot;fill&quot;,&quot;loop&quot;:&quot;true&quot;}'>\n<div class=\"rsContent\">\n  <img decoding=\"async\" class=\"rsImg\" src=\"https:\/\/www.unilim.fr\/carmalim\/wp-content\/uploads\/sites\/20\/2020\/01\/tic.jpg\" alt=\"tic\"\/>\n  \n  \n  \n<\/div>\n<div class=\"rsContent\">\n  <img decoding=\"async\" class=\"rsImg\" src=\"https:\/\/www.unilim.fr\/carmalim\/wp-content\/uploads\/sites\/20\/2020\/01\/sante.jpeg\" alt=\"sant\u00e9\"\/>\n  \n  \n  \n<\/div>\n<div class=\"rsContent\">\n  <img decoding=\"async\" class=\"rsImg\" src=\"https:\/\/www.unilim.fr\/carmalim\/wp-content\/uploads\/sites\/20\/2020\/01\/axe1th3.jpeg\" alt=\"axe1th3\"\/>\n  \n  \n  \n<\/div>\n<div class=\"rsContent\">\n  <img decoding=\"async\" class=\"rsImg\" src=\"https:\/\/www.unilim.fr\/carmalim\/wp-content\/uploads\/sites\/20\/2020\/01\/energie-1.jpeg\" alt=\"energie\"\/>\n  \n  \n  \n<\/div>\n\n<\/div>\n\n        <\/div>\n                <\/div>\n                <div class=\"col-sm-6 \">\n                    <div class=\"clearfix ul-element-text \">\n            \n<h2 class=\"ul-bold\">Ecomat\u00e9riaux<\/h2>\n<h2 class=\"ul-bold\">\u00c9nergie et environnement<\/h2>\n<h2 class=\"ul-bold\">Sant\u00e9<\/h2>\n<h2 class=\"ul-bold\">TIC<\/h2>\n<p>&nbsp;<\/p>\n        <\/div>\n                <\/div>\n        <\/div>\n            <\/div>\n                  <\/div>\n                <div class=\"container-fluid  \" style=\"\">\n                      <div class=\"container\">\n                <div class=\"row \" style=\"margin-top: 0px;margin-bottom: 30px\">        <div class=\"col-sm-12 \">\n                    <div class=\"clearfix ul-element-text \">\n            \n<h4 class=\"ul-bold\" style=\"text-align: left\"><strong><span style=\"color: #333300\">L&rsquo;institut, c&rsquo;est environ 200 personnes sur un site de 8500 m\u00b2, \u00e0 Limoges Ester Technop\u00f4le. La recherche s&rsquo;y structure en quatre grands axes th\u00e9matiques.<\/span><\/strong><\/h4>\n        <\/div>\n                <\/div>\n        <\/div>\n            <\/div>\n                  <\/div>\n                <div class=\"container-fluid  \" style=\"\">\n                      <div class=\"container\">\n                <div class=\"row \" style=\"margin-top: 0px;margin-bottom: 30px\">        <div class=\"col-sm-12 \">\n                    <div class=\"\">\n            <hr\/>\n        <\/div>\n                <\/div>\n        <\/div>\n            <\/div>\n                  <\/div>\n                <div class=\"container-fluid  \" style=\"\">\n                      <div class=\"container\">\n                <div class=\"row \" style=\"margin-top: 10px;margin-bottom: 0px\">        <div class=\"col-sm-12 1\">\n            \n        \n        <div class=\"ul-element-header text-left  \">\n\n            <h2 class=\"ul-bold  \" style=\"\">\n                                Axe 1 - Proc\u00e9d\u00e9s C\u00e9ramiques                            <\/h2>\n        <\/div>\n                <\/div>\n        <\/div>\n            <\/div>\n                  <\/div>\n                <div class=\"container-fluid  \" style=\"\">\n                      <div class=\"container\">\n                <div class=\"row \" style=\"margin-top: 0px;margin-bottom: 30px\">        <div class=\"col-sm-4 \">\n                    <div class=\"ul-element-image \">\n            <a href=\"http:\/\/www.unilim.fr\/carmalim\/wp-content\/uploads\/sites\/20\/2020\/01\/axe1th1.jpeg\" target=\"\"  rel=\"lightbox\">\n                <img decoding=\"async\" class=\"img-responsive\" src=\"http:\/\/www.unilim.fr\/carmalim\/wp-content\/uploads\/sites\/20\/2020\/01\/axe1th1.jpeg\"\/>\n            <\/a>\n        <\/div>\n                <div class=\"clearfix ul-element-text \">\n            \n<h4 class=\"ul-bold\" style=\"text-align: center\"><span style=\"color: #b51600\">Synth\u00e8se, fonctionnalisation, formulation et structuration<\/span><\/h4>\n<h4 style=\"text-align: center\"><span style=\"color: #333300\">synth\u00e8se de poudres (mod\u00e8les), structuration des suspensions, \u00e9tudes rh\u00e9ologiques, mat\u00e9riaux biosourc\u00e9s<\/span><\/h4>\n        <\/div>\n                <\/div>\n                <div class=\"col-sm-4 \">\n                    <div class=\"ul-element-image \">\n            <a href=\"http:\/\/www.unilim.fr\/carmalim\/wp-content\/uploads\/sites\/20\/2020\/01\/axe1th2.jpeg\" target=\"\"  rel=\"lightbox\">\n                <img decoding=\"async\" class=\"img-responsive\" src=\"http:\/\/www.unilim.fr\/carmalim\/wp-content\/uploads\/sites\/20\/2020\/01\/axe1th2.jpeg\"\/>\n            <\/a>\n        <\/div>\n                <div class=\"clearfix ul-element-text \">\n            \n<h4 class=\"ul-bold\" style=\"text-align: center\"><span style=\"color: #b51600\">Proc\u00e9d\u00e9s standards et num\u00e9riques, approches top-down et bottom-up<\/span><\/h4>\n<h4 style=\"text-align: center\"><span style=\"color: #333300\">formulation de feedstocks, d\u00e9veloppement, optimisation et hybridation de proc\u00e9d\u00e9s, fabrication additive 2D\/3D, outils microfluidiques<\/span><\/h4>\n        <\/div>\n                <\/div>\n                <div class=\"col-sm-4 \">\n                    <div class=\"ul-element-image \">\n            <a href=\"http:\/\/www.unilim.fr\/carmalim\/wp-content\/uploads\/sites\/20\/2020\/01\/axe1th3-1-e1579700792339.jpeg\" target=\"\"  rel=\"lightbox\">\n                <img decoding=\"async\" class=\"img-responsive\" src=\"http:\/\/www.unilim.fr\/carmalim\/wp-content\/uploads\/sites\/20\/2020\/01\/axe1th3-1-e1579700792339.jpeg\"\/>\n            <\/a>\n        <\/div>\n                <div class=\"clearfix ul-element-text \">\n            \n<h4 class=\"ul-bold\" style=\"text-align: center\"><span style=\"color: #b51600\">Ph\u00e9nom\u00e8nes thermophysiques locaux intervenant avant l\u2019\u00e9tape de frittage<\/span><\/h4>\n<h4 style=\"text-align: center\"><span style=\"color: #333300\">\u00e9tude du s\u00e9chage et du d\u00e9liantage, relations microstructure\/propri\u00e9t\u00e9s m\u00e9caniques et thermiques, approches num\u00e9riques pour comprendre\/ma\u00eetriser\/piloter la consolidation<\/span><\/h4>\n        <\/div>\n                <\/div>\n        <\/div>\n            <\/div>\n                  <\/div>\n                <div class=\"container-fluid  \" style=\"\">\n                      <div class=\"container\">\n                <div class=\"row \" style=\"margin-top: 0px;margin-bottom: 20px\">        <div class=\"col-sm-12 \">\n                    <div class=\"\">\n            <hr\/>\n        <\/div>\n                <\/div>\n        <\/div>\n            <\/div>\n                  <\/div>\n                <div class=\"container-fluid  \" style=\"\">\n                      <div class=\"container\">\n                <div class=\"row \" style=\"margin-top: 20px;margin-bottom: 0px\">        <div class=\"col-sm-12 1\">\n            \n        \n        <div class=\"ul-element-header text-left  \">\n\n            <h2 class=\"ul-bold  \" style=\"\">\n                                Axe 2 - Proc\u00e9d\u00e9s Plasmas et Lasers                            <\/h2>\n        <\/div>\n                <\/div>\n        <\/div>\n            <\/div>\n                  <\/div>\n                <div class=\"container-fluid  \" style=\"\">\n                      <div class=\"container\">\n                <div class=\"row \" style=\"margin-top: 0px;margin-bottom: 30px\">        <div class=\"col-sm-4 \">\n                    <div class=\"ul-element-image \">\n            <a href=\"http:\/\/www.unilim.fr\/carmalim\/wp-content\/uploads\/sites\/20\/2020\/01\/axe2th1.png\" target=\"\"  rel=\"lightbox\">\n                <img decoding=\"async\" class=\"img-responsive\" src=\"http:\/\/www.unilim.fr\/carmalim\/wp-content\/uploads\/sites\/20\/2020\/01\/axe2th1.png\"\/>\n            <\/a>\n        <\/div>\n                <div class=\"clearfix ul-element-text \">\n            \n<h4 class=\"ul-bold\" style=\"text-align: center\"><span style=\"color: #b51600\">Sources et proc\u00e9d\u00e9s plasma<\/span><\/h4>\n<h4 style=\"text-align: center\"><span style=\"color: #333333\">simulation \/ mod\u00e9lisation des processus, caract\u00e9risations physico-chimiques des plasmas, \u00e9tude des interactions, pr\u00e9curseurs-plasma &#8211; mat\u00e9riau<\/span><\/h4>\n        <\/div>\n                <\/div>\n                <div class=\"col-sm-4 \">\n                    <div class=\"ul-element-image \">\n            <a href=\"http:\/\/www.unilim.fr\/carmalim\/wp-content\/uploads\/sites\/20\/2020\/01\/axe2th2.png\" target=\"\"  rel=\"lightbox\">\n                <img decoding=\"async\" class=\"img-responsive\" src=\"http:\/\/www.unilim.fr\/carmalim\/wp-content\/uploads\/sites\/20\/2020\/01\/axe2th2.png\"\/>\n            <\/a>\n        <\/div>\n                <div class=\"clearfix ul-element-text \">\n            \n<h4 class=\"ul-bold\" style=\"text-align: center\"><span style=\"color: #b51600\">Ing\u00e9nierie d&rsquo;assemblages c\u00e9ramique \/ m\u00e9tal et d\u00e9p\u00f4ts par projection thermique<\/span><\/h4>\n<h4 style=\"text-align: center\"><span style=\"color: #333333\">projection plasma de poudres, de suspensions, de solutions, assemblages par diffusion chimique, rev\u00eatements pour applications barri\u00e8res thermiques, tribologiques, biologiques, isolation \u00e9lectrique&#8230;<\/span><\/h4>\n        <\/div>\n                <\/div>\n                <div class=\"col-sm-4 \">\n                    <div class=\"ul-element-image \">\n            <a href=\"http:\/\/www.unilim.fr\/carmalim\/wp-content\/uploads\/sites\/20\/2020\/01\/axe2th3.png\" target=\"\"  rel=\"lightbox\">\n                <img decoding=\"async\" class=\"img-responsive\" src=\"http:\/\/www.unilim.fr\/carmalim\/wp-content\/uploads\/sites\/20\/2020\/01\/axe2th3.png\"\/>\n            <\/a>\n        <\/div>\n                <div class=\"clearfix ul-element-text \">\n            \n<h4 class=\"ul-bold\" style=\"text-align: center\"><span style=\"color: #b51600\">Films minces et nano-structures<\/span><\/h4>\n<h4 style=\"text-align: center\"><span style=\"color: #333333\">d\u00e9veloppement de films minces micro et nanostructur\u00e9s, proc\u00e9d\u00e9s de g\u00e9n\u00e9ration de nanoparticules en phase gazeuse, mat\u00e9riaux intelligents pour l\u2019\u00e9lectronique et la photonique, int\u00e9gration dans des composants microm\u00e9triques<\/span><\/h4>\n        <\/div>\n                <\/div>\n        <\/div>\n            <\/div>\n                  <\/div>\n                <div class=\"container-fluid  \" style=\"\">\n                      <div class=\"container\">\n                <div class=\"row \" style=\"margin-top: 0px;margin-bottom: 20px\">        <div class=\"col-sm-12 \">\n                    <div class=\"\">\n            <hr\/>\n        <\/div>\n                <\/div>\n        <\/div>\n            <\/div>\n                  <\/div>\n                <div class=\"container-fluid  \" style=\"\">\n                      <div class=\"container\">\n                <div class=\"row \" style=\"margin-top: 20px;margin-bottom: 0px\">        <div class=\"col-sm-12 1\">\n            \n        \n        <div class=\"ul-element-header text-left  \">\n\n            <h2 class=\"ul-bold  \" style=\"\">\n                                Axe 3 - Organisation Structurale Multi-\u00e9chelle des Mat\u00e9riaux                            <\/h2>\n        <\/div>\n                <\/div>\n        <\/div>\n            <\/div>\n                  <\/div>\n                <div class=\"container-fluid  \" style=\"\">\n                      <div class=\"container\">\n                <div class=\"row \" style=\"margin-top: 0px;margin-bottom: 30px\">        <div class=\"col-sm-6 \">\n                    <div class=\"ul-element-image \">\n            <a href=\"http:\/\/www.unilim.fr\/carmalim\/wp-content\/uploads\/sites\/20\/2020\/01\/axe3th1.jpg\" target=\"\"  rel=\"lightbox\">\n                <img decoding=\"async\" class=\"img-responsive\" src=\"http:\/\/www.unilim.fr\/carmalim\/wp-content\/uploads\/sites\/20\/2020\/01\/axe3th1.jpg\"\/>\n            <\/a>\n        <\/div>\n                <div class=\"clearfix ul-element-text \">\n            \n<h4 class=\"ul-bold\" style=\"text-align: center\"><span style=\"color: #b51600\">Structure et propri\u00e9t\u00e9s d&rsquo;oxydes complexes<\/span><\/h4>\n<h4 style=\"text-align: center\"><span style=\"color: #333333\">mat\u00e9riaux \u00e0 base d\u2019oxyde de tellure pour l\u2019optique non-lin\u00e9aire, nanoparticules d\u2019oxydes m\u00e9talliques, mat\u00e9riaux \u00e0 structure de type apatite pour pile \u00e0 combustible, m\u00e9canismes r\u00e9actionnels des carbures et oxycarbures<\/span><\/h4>\n        <\/div>\n                <\/div>\n                <div class=\"col-sm-6 \">\n                    <div class=\"ul-element-image \">\n            <a href=\"http:\/\/www.unilim.fr\/carmalim\/wp-content\/uploads\/sites\/20\/2020\/01\/axe3th2.jpg\" target=\"\"  rel=\"lightbox\">\n                <img decoding=\"async\" class=\"img-responsive\" src=\"http:\/\/www.unilim.fr\/carmalim\/wp-content\/uploads\/sites\/20\/2020\/01\/axe3th2.jpg\"\/>\n            <\/a>\n        <\/div>\n                <div class=\"clearfix ul-element-text \">\n            \n<h4 class=\"ul-bold\" style=\"text-align: center\"><span style=\"color: #b51600\">Mat\u00e9riaux \u00e0 micro et nanostructures contr\u00f4l\u00e9es<\/span><\/h4>\n<h4 style=\"text-align: center\"><span style=\"color: #333333\">oxydes pi\u00e9zo\u00e9lectriques &#8211; ferro\u00e9lectriques sans plomb \u00e0 structure p\u00e9rovskite, verres, vitroc\u00e9ramiques et c\u00e9ramiques pour les technologies de l\u2019information et des communications, mat\u00e9riaux \u00e0 porosit\u00e9 contr\u00f4l\u00e9e \u00e0 base de liants aluminosilicat\u00e9s ou d\u2019oxyde de terres rares, nanostructures et d\u00e9fauts<\/span><\/h4>\n        <\/div>\n                <\/div>\n        <\/div>\n            <\/div>\n                  <\/div>\n                <div class=\"container-fluid  \" style=\"\">\n                      <div class=\"container\">\n                <div class=\"row \" style=\"margin-top: 0px;margin-bottom: 20px\">        <div class=\"col-sm-12 \">\n                    <div class=\"\">\n            <hr\/>\n        <\/div>\n                <\/div>\n        <\/div>\n            <\/div>\n                  <\/div>\n                <div class=\"container-fluid  \" style=\"\">\n                      <div class=\"container\">\n                <div class=\"row \" style=\"margin-top: 20px;margin-bottom: 0px\">        <div class=\"col-sm-12 \">\n            \n        \n        <div class=\"ul-element-header text-left  \">\n\n            <h2 class=\"ul-bold  \" style=\"\">\n                                Axe 4 - C\u00e9ramiques Sous Contraintes Environnementales                            <\/h2>\n        <\/div>\n                <\/div>\n        <\/div>\n            <\/div>\n                  <\/div>\n                <div class=\"container-fluid  \" style=\"\">\n                      <div class=\"container\">\n                <div class=\"row \" style=\"margin-top: 0px;margin-bottom: 30px\">        <div class=\"col-sm-4 \">\n                    <div class=\"ul-element-image \">\n            <a href=\"http:\/\/www.unilim.fr\/carmalim\/wp-content\/uploads\/sites\/20\/2020\/01\/axe4th1.png\" target=\"\"  rel=\"lightbox\">\n                <img decoding=\"async\" class=\"img-responsive\" src=\"http:\/\/www.unilim.fr\/carmalim\/wp-content\/uploads\/sites\/20\/2020\/01\/axe4th1.png\"\/>\n            <\/a>\n        <\/div>\n                <div class=\"clearfix ul-element-text \">\n            \n<h4 class=\"ul-bold\" style=\"text-align: center\"><span style=\"color: #b51600\">Mat\u00e9riaux hautes performances<\/span><\/h4>\n<h4 style=\"text-align: center\"><span style=\"color: #333333\">synth\u00e8se de syst\u00e8mes non-oxydes nanostructur\u00e9s\/fonctionnalis\u00e9s, c\u00e9ramiques \u00e0 architecture complexe, mod\u00e9lisation num\u00e9rique multi-\u00e9chelle multi-physique du frittage<\/span><\/h4>\n        <\/div>\n                <\/div>\n                <div class=\"col-sm-4 \">\n                    <div class=\"ul-element-image \">\n            <a href=\"http:\/\/www.unilim.fr\/carmalim\/wp-content\/uploads\/sites\/20\/2020\/01\/axe4th2.png\" target=\"\"  rel=\"lightbox\">\n                <img decoding=\"async\" class=\"img-responsive\" src=\"http:\/\/www.unilim.fr\/carmalim\/wp-content\/uploads\/sites\/20\/2020\/01\/axe4th2.png\"\/>\n            <\/a>\n        <\/div>\n                <div class=\"clearfix ul-element-text \">\n            \n<h4 class=\"ul-bold\" style=\"text-align: center\"><span style=\"color: #b51600\">Thermo-m\u00e9canique des mat\u00e9riaux c\u00e9ramiques<\/span><\/h4>\n<h4 style=\"text-align: center\"><span style=\"color: #333333\">d\u00e9veloppement de caract\u00e9risations des comportements \u00e0 haute temp\u00e9rature, int\u00e9gration d\u2019une complexit\u00e9 croissante dans l\u2019\u00e9tude des mat\u00e9riaux mod\u00e8les, mod\u00e9lisation thermom\u00e9canique multi-\u00e9chelle des effets associ\u00e9s \u00e0 la microstructure du frittage<\/span><\/h4>\n        <\/div>\n                <\/div>\n                <div class=\"col-sm-4 \">\n                    <div class=\"ul-element-image \">\n            <a href=\"http:\/\/www.unilim.fr\/carmalim\/wp-content\/uploads\/sites\/20\/2020\/01\/axe4th3.png\" target=\"\"  rel=\"lightbox\">\n                <img decoding=\"async\" class=\"img-responsive\" src=\"http:\/\/www.unilim.fr\/carmalim\/wp-content\/uploads\/sites\/20\/2020\/01\/axe4th3.png\"\/>\n            <\/a>\n        <\/div>\n                <div class=\"clearfix ul-element-text \">\n            \n<h4 class=\"ul-bold\" style=\"text-align: center\"><span style=\"color: #b51600\">Bioc\u00e9ramiques<\/span><\/h4>\n<h4 style=\"text-align: center\"><span style=\"color: #333333\">d\u00e9veloppement d\u2019une nouvelle g\u00e9n\u00e9ration de bioc\u00e9ramiques pour l\u2019ing\u00e9nierie osseuse, renforcement de la capacit\u00e9 de compr\u00e9hension des ph\u00e9nom\u00e8nes \u00e0 l\u2019interface mat\u00e9riau\/vivant<\/span><\/h4>\n        <\/div>\n                <\/div>\n        <\/div>\n            <\/div>\n                  <\/div>\n        \n","protected":false},"excerpt":{"rendered":"","protected":false},"author":50,"featured_media":0,"parent":61,"menu_order":0,"comment_status":"closed","ping_status":"closed","template":"page-le.php","meta":{"footnotes":""},"class_list":["post-63","page","type-page","status-publish","hentry"],"_links":{"self":[{"href":"https:\/\/www.unilim.fr\/carmalim\/index.php?rest_route=\/wp\/v2\/pages\/63","targetHints":{"allow":["GET"]}}],"collection":[{"href":"https:\/\/www.unilim.fr\/carmalim\/index.php?rest_route=\/wp\/v2\/pages"}],"about":[{"href":"https:\/\/www.unilim.fr\/carmalim\/index.php?rest_route=\/wp\/v2\/types\/page"}],"author":[{"embeddable":true,"href":"https:\/\/www.unilim.fr\/carmalim\/index.php?rest_route=\/wp\/v2\/users\/50"}],"replies":[{"embeddable":true,"href":"https:\/\/www.unilim.fr\/carmalim\/index.php?rest_route=%2Fwp%2Fv2%2Fcomments&post=63"}],"version-history":[{"count":0,"href":"https:\/\/www.unilim.fr\/carmalim\/index.php?rest_route=\/wp\/v2\/pages\/63\/revisions"}],"up":[{"embeddable":true,"href":"https:\/\/www.unilim.fr\/carmalim\/index.php?rest_route=\/wp\/v2\/pages\/61"}],"wp:attachment":[{"href":"https:\/\/www.unilim.fr\/carmalim\/index.php?rest_route=%2Fwp%2Fv2%2Fmedia&parent=63"}],"curies":[{"name":"wp","href":"https:\/\/api.w.org\/{rel}","templated":true}]}}